{"id":32,"date":"2024-06-20T17:47:47","date_gmt":"2024-06-20T16:47:47","guid":{"rendered":"https:\/\/bs.xl.pt\/20-anos-beleza-real\/?post_type=attendants&#038;p=32"},"modified":"2024-06-27T19:14:01","modified_gmt":"2024-06-27T18:14:01","slug":"teresa-abecasis-burnay","status":"publish","type":"attendants","link":"https:\/\/bs.xl.pt\/20-anos-beleza-real\/attendants\/teresa-abecasis-burnay\/","title":{"rendered":"Teresa Burnay"},"content":{"rendered":"\n<p>Formada em Economia pela Universidade Nova de Lisboa, integra atualmente a Comiss\u00e3o Executiva da Unilever sendo&nbsp;<em>business unit director<\/em>&nbsp;de tr\u00eas das cinco unidades de neg\u00f3cio e tendo tamb\u00e9m a seu cargo o pelouro de <em>media<\/em> e o <em>consumer engagement centre<\/em> da companhia em Portugal. \u00c9 ainda diretora-geral executiva do Grupo Alian\u00e7a, presidente da Associa\u00e7\u00e3o Industrial de Cosm\u00e9tica, vice-presidente da APAN, membro da dire\u00e7\u00e3o da CAEM e do conselho editorial da Marketeer.<\/p>\n\n\n\n<p>Construiu o seu percurso assente na diversifica\u00e7\u00e3o de experi\u00eancias, tendo passado anteriormente pela Mars e pela Gillette Portugal, desempenhando ao longo da carreira fun\u00e7\u00f5es nas \u00e1reas comerciais e de marketing, por diversos canais de distribui\u00e7\u00e3o, em v\u00e1rias categorias e a n\u00edvel nacional e global, nos&nbsp;<em>headquarters<\/em>&nbsp;da Unilever em Londres.<\/p>\n\n\n\n<p>Teresa \u00e9 casada, tem seis filhas dos 8 aos 22 anos e valoriza, acima de tudo, o tempo e a disponibilidade mental para darmos um pouco mais de n\u00f3s ao pr\u00f3ximo e construirmos todos os dias um mundo melhor.<\/p>\n","protected":false},"featured_media":62,"template":"","meta":[],"categories":[2],"tags":[],"attendant_categories":[],"class_list":["post-32","attendants","type-attendants","status-publish","has-post-thumbnail","hentry","category-talk-1"],"_links":{"self":[{"href":"https:\/\/bs.xl.pt\/20-anos-beleza-real\/wp-json\/wp\/v2\/attendants\/32","targetHints":{"allow":["GET"]}}],"collection":[{"href":"https:\/\/bs.xl.pt\/20-anos-beleza-real\/wp-json\/wp\/v2\/attendants"}],"about":[{"href":"https:\/\/bs.xl.pt\/20-anos-beleza-real\/wp-json\/wp\/v2\/types\/attendants"}],"wp:featuredmedia":[{"embeddable":true,"href":"https:\/\/bs.xl.pt\/20-anos-beleza-real\/wp-json\/wp\/v2\/media\/62"}],"wp:attachment":[{"href":"https:\/\/bs.xl.pt\/20-anos-beleza-real\/wp-json\/wp\/v2\/media?parent=32"}],"wp:term":[{"taxonomy":"category","embeddable":true,"href":"https:\/\/bs.xl.pt\/20-anos-beleza-real\/wp-json\/wp\/v2\/categories?post=32"},{"taxonomy":"post_tag","embeddable":true,"href":"https:\/\/bs.xl.pt\/20-anos-beleza-real\/wp-json\/wp\/v2\/tags?post=32"},{"taxonomy":"attendant_categories","embeddable":true,"href":"https:\/\/bs.xl.pt\/20-anos-beleza-real\/wp-json\/wp\/v2\/attendant_categories?post=32"}],"curies":[{"name":"wp","href":"https:\/\/api.w.org\/{rel}","templated":true}]}}

<p>Formada em Economia pela Universidade Nova de Lisboa, integra atualmente a Comissão Executiva da Unilever sendo&nbsp;<em>business unit director</em>&nbsp;de três das cinco unidades de negócio e tendo também a seu cargo o pelouro de <em>media</em> e o <em>consumer engagement centre</em> da companhia em Portugal. É ainda diretora-geral executiva do Grupo Aliança, presidente da Associação Industrial de Cosmética, vice-presidente da APAN, membro da direção da CAEM e do conselho editorial da Marketeer.</p>



<p>Construiu o seu percurso assente na diversificação de experiências, tendo passado anteriormente pela Mars e pela Gillette Portugal, desempenhando ao longo da carreira funções nas áreas comerciais e de marketing, por diversos canais de distribuição, em várias categorias e a nível nacional e global, nos&nbsp;<em>headquarters</em>&nbsp;da Unilever em Londres.</p>



<p>Teresa é casada, tem seis filhas dos 8 aos 22 anos e valoriza, acima de tudo, o tempo e a disponibilidade mental para darmos um pouco mais de nós ao próximo e construirmos todos os dias um mundo melhor.</p>
