{"id":306,"date":"2025-09-30T13:57:19","date_gmt":"2025-09-30T12:57:19","guid":{"rendered":"https:\/\/bs.xl.pt\/bison-bank\/attendants\/stephan-morais\/"},"modified":"2025-10-14T11:16:35","modified_gmt":"2025-10-14T10:16:35","slug":"stephan-morais","status":"publish","type":"attendants","link":"https:\/\/bs.xl.pt\/bison-bank\/attendants\/stephan-morais\/?lang=pt-pt","title":{"rendered":"Stephan Morais"},"content":{"rendered":"\n<p>Stephan de Moraes (tamb\u00e9m conhecido como Stephan Morais) \u00e9 o fundador e s\u00f3cio-gerente da Indico Capital Partners <a href=\"https:\/\/www.indicocapital.com\/\" target=\"_blank\" rel=\"noreferrer noopener\">(www.indicocapital.com<\/a>), uma empresa l\u00edder em capital de risco com foco em tecnologia e sustentabilidade sediada em Portugal. Ele investiu em cinco unic\u00f3rnios na \u00faltima d\u00e9cada e \u00e9 o atual presidente da APCRI &#8211; Associa\u00e7\u00e3o Portuguesa de Capital de Risco e Investimento Privado.<\/p>\n\n<p>Com uma experi\u00eancia diversificada como banqueiro de investimento, consultor, empreendedor e CEO, viveu em oito pa\u00edses e quatro continentes nos \u00faltimos 27 anos. Stephan foi membro do Conselho Executivo da Caixa Capital, uma empresa de gest\u00e3o de fundos de capital privado e de risco. \u00c9 tamb\u00e9m ex-conselheiro do Comiss\u00e1rio Europeu para a Ci\u00eancia e Inova\u00e7\u00e3o, ex-presidente da European Venture Finance Network, ex-membro do Conselho da Invest Europe e membro do Conselho do International Venture Club. Foi e \u00e9 diretor n\u00e3o executivo e observador do Conselho em v\u00e1rias empresas.<\/p>\n\n<p>\u00c9 especialista em empreendedorismo e capital de risco na oNetwork da Sa\u00efd Business School, Universidade de Oxford, presidente da Associa\u00e7\u00e3o Portuguesa de Capital de Risco (APCRI) e membro do conselho consultivo da AMROP, Executive Search. \u00c9 ex-copresidente da YPO Portugal (Young Presidents Organization), membro do conselho consultivo do Portuguese American Leadership Council (PALCUS) e ex-presidente do Harvard Club of Portugal.<\/p>\n\n<p>Nomeado Jovem L\u00edder Global pelo F\u00f3rum Econ\u00f3mico Mundial em 2010, \u00e9 licenciado em Engenharia pelo Instituto Superior T\u00e9cnico (Lisboa) e possui um MBA pela Harvard Business School. Stephan \u00e9 fluente em portugu\u00eas, espanhol, ingl\u00eas e franc\u00eas.<\/p>\n","protected":false},"featured_media":288,"template":"","meta":[],"categories":[],"tags":[],"attendant_categories":[],"class_list":["post-306","attendants","type-attendants","status-publish","has-post-thumbnail","hentry"],"_links":{"self":[{"href":"https:\/\/bs.xl.pt\/bison-bank\/wp-json\/wp\/v2\/attendants\/306","targetHints":{"allow":["GET"]}}],"collection":[{"href":"https:\/\/bs.xl.pt\/bison-bank\/wp-json\/wp\/v2\/attendants"}],"about":[{"href":"https:\/\/bs.xl.pt\/bison-bank\/wp-json\/wp\/v2\/types\/attendants"}],"wp:featuredmedia":[{"embeddable":true,"href":"https:\/\/bs.xl.pt\/bison-bank\/wp-json\/wp\/v2\/media\/288"}],"wp:attachment":[{"href":"https:\/\/bs.xl.pt\/bison-bank\/wp-json\/wp\/v2\/media?parent=306"}],"wp:term":[{"taxonomy":"category","embeddable":true,"href":"https:\/\/bs.xl.pt\/bison-bank\/wp-json\/wp\/v2\/categories?post=306"},{"taxonomy":"post_tag","embeddable":true,"href":"https:\/\/bs.xl.pt\/bison-bank\/wp-json\/wp\/v2\/tags?post=306"},{"taxonomy":"attendant_categories","embeddable":true,"href":"https:\/\/bs.xl.pt\/bison-bank\/wp-json\/wp\/v2\/attendant_categories?post=306"}],"curies":[{"name":"wp","href":"https:\/\/api.w.org\/{rel}","templated":true}]}}

<p>Stephan de Moraes (também conhecido como Stephan Morais) é o fundador e sócio-gerente da Indico Capital Partners <a href="https://www.indicocapital.com/" target="_blank" rel="noreferrer noopener">(www.indicocapital.com</a>), uma empresa líder em capital de risco com foco em tecnologia e sustentabilidade sediada em Portugal. Ele investiu em cinco unicórnios na última década e é o atual presidente da APCRI &#8211; Associação Portuguesa de Capital de Risco e Investimento Privado.</p>

<p>Com uma experiência diversificada como banqueiro de investimento, consultor, empreendedor e CEO, viveu em oito países e quatro continentes nos últimos 27 anos. Stephan foi membro do Conselho Executivo da Caixa Capital, uma empresa de gestão de fundos de capital privado e de risco. É também ex-conselheiro do Comissário Europeu para a Ciência e Inovação, ex-presidente da European Venture Finance Network, ex-membro do Conselho da Invest Europe e membro do Conselho do International Venture Club. Foi e é diretor não executivo e observador do Conselho em várias empresas.</p>

<p>É especialista em empreendedorismo e capital de risco na oNetwork da Saïd Business School, Universidade de Oxford, presidente da Associação Portuguesa de Capital de Risco (APCRI) e membro do conselho consultivo da AMROP, Executive Search. É ex-copresidente da YPO Portugal (Young Presidents Organization), membro do conselho consultivo do Portuguese American Leadership Council (PALCUS) e ex-presidente do Harvard Club of Portugal.</p>

<p>Nomeado Jovem Líder Global pelo Fórum Económico Mundial em 2010, é licenciado em Engenharia pelo Instituto Superior Técnico (Lisboa) e possui um MBA pela Harvard Business School. Stephan é fluente em português, espanhol, inglês e francês.</p>
