{"id":312,"date":"2025-09-30T13:54:00","date_gmt":"2025-09-30T12:54:00","guid":{"rendered":"https:\/\/bs.xl.pt\/bison-bank\/attendants\/goncalo-regalado\/"},"modified":"2025-10-01T22:07:39","modified_gmt":"2025-10-01T21:07:39","slug":"goncalo-regalado","status":"publish","type":"attendants","link":"https:\/\/bs.xl.pt\/bison-bank\/attendants\/goncalo-regalado\/?lang=pt-pt","title":{"rendered":"Gon\u00e7alo Regalado"},"content":{"rendered":"\n<p>Gon\u00e7alo Regalado \u00e9 o Diretor Executivo do Banco Portugu\u00eas de Fomento, desde janeiro de 2025, com o objetivo de proporcionar um quadro financeiro sustent\u00e1vel para empresas e projetos estabelecidos em Portugal.<\/p>\n\n<p>Anteriormente, Gon\u00e7alo foi Diretor de Marketing para empresas e PME, respons\u00e1vel pela segmenta\u00e7\u00e3o de clientes, gest\u00e3o de produtos, financiamento da cadeia de abastecimento, programas de fundos europeus e solu\u00e7\u00f5es banc\u00e1rias personalizadas para clientes empresariais do Millennium bcp.<\/p>\n\n<p>Antes disso, apoiou clientes corporativos que se candidatavam a projetos de investimento financiados pela Uni\u00e3o Europeia (Portugal 2020, Horizonte 2020, Plano de Investimento Europeu) e definiu solu\u00e7\u00f5es comerciais para os setores econ\u00f3micos portugueses.<\/p>\n\n<p>Anteriormente, liderou o gabinete do Ministro dos Assuntos Internos portugu\u00eas. He was the Portuguese Executive Officer for Erasmus+ Youth in Action &#8211; an European Commission programme dedicated to Education, Training, Youth and Sport. Liderou uma equipa de 15 pessoas e geriu um or\u00e7amento global superior a 45 milh\u00f5es de euros.<\/p>\n\n<p>O seu percurso profissional inclui tamb\u00e9m uma experi\u00eancia de dois anos como consultor financeiro executivo na Portugal Telecom Inova\u00e7\u00e3o (ramo de I&amp;D da empresa l\u00edder em telecomunica\u00e7\u00f5es em Portugal), uma experi\u00eancia de tr\u00eas anos como consultor estrat\u00e9gico no Millennium bcp (o maior banco privado portugu\u00eas) e uma experi\u00eancia de um ano como Diretor Executivo Portugu\u00eas no Programa Juventude em A\u00e7\u00e3o (Comiss\u00e3o Europeia). Possui uma Forma\u00e7\u00e3o Executiva Avan\u00e7ada em Gest\u00e3o pela AESE-IESE (Portugal e Nova Iorque), um mestrado em Finan\u00e7as e Investimentos pela Universidade Erasmus (Rotterdam School of Management), um diploma de forma\u00e7\u00e3o executiva em Gest\u00e3o da Inova\u00e7\u00e3o pela Universidade Cat\u00f3lica Portuguesa (Faculdade de Economia e Gest\u00e3o) e uma licenciatura de cinco anos em Administra\u00e7\u00e3o de Empresas pela Universidade de Coimbra (Faculdade de Economia).<\/p>\n","protected":false},"featured_media":276,"template":"","meta":[],"categories":[],"tags":[],"attendant_categories":[],"class_list":["post-312","attendants","type-attendants","status-publish","has-post-thumbnail","hentry"],"_links":{"self":[{"href":"https:\/\/bs.xl.pt\/bison-bank\/wp-json\/wp\/v2\/attendants\/312","targetHints":{"allow":["GET"]}}],"collection":[{"href":"https:\/\/bs.xl.pt\/bison-bank\/wp-json\/wp\/v2\/attendants"}],"about":[{"href":"https:\/\/bs.xl.pt\/bison-bank\/wp-json\/wp\/v2\/types\/attendants"}],"wp:featuredmedia":[{"embeddable":true,"href":"https:\/\/bs.xl.pt\/bison-bank\/wp-json\/wp\/v2\/media\/276"}],"wp:attachment":[{"href":"https:\/\/bs.xl.pt\/bison-bank\/wp-json\/wp\/v2\/media?parent=312"}],"wp:term":[{"taxonomy":"category","embeddable":true,"href":"https:\/\/bs.xl.pt\/bison-bank\/wp-json\/wp\/v2\/categories?post=312"},{"taxonomy":"post_tag","embeddable":true,"href":"https:\/\/bs.xl.pt\/bison-bank\/wp-json\/wp\/v2\/tags?post=312"},{"taxonomy":"attendant_categories","embeddable":true,"href":"https:\/\/bs.xl.pt\/bison-bank\/wp-json\/wp\/v2\/attendant_categories?post=312"}],"curies":[{"name":"wp","href":"https:\/\/api.w.org\/{rel}","templated":true}]}}

Gonçalo Regalado

<p>Gonçalo Regalado é o Diretor Executivo do Banco Português de Fomento, desde janeiro de 2025, com o objetivo de proporcionar um quadro financeiro sustentável para empresas e projetos estabelecidos em Portugal.</p>

<p>Anteriormente, Gonçalo foi Diretor de Marketing para empresas e PME, responsável pela segmentação de clientes, gestão de produtos, financiamento da cadeia de abastecimento, programas de fundos europeus e soluções bancárias personalizadas para clientes empresariais do Millennium bcp.</p>

<p>Antes disso, apoiou clientes corporativos que se candidatavam a projetos de investimento financiados pela União Europeia (Portugal 2020, Horizonte 2020, Plano de Investimento Europeu) e definiu soluções comerciais para os setores económicos portugueses.</p>

<p>Anteriormente, liderou o gabinete do Ministro dos Assuntos Internos português. He was the Portuguese Executive Officer for Erasmus+ Youth in Action &#8211; an European Commission programme dedicated to Education, Training, Youth and Sport. Liderou uma equipa de 15 pessoas e geriu um orçamento global superior a 45 milhões de euros.</p>

<p>O seu percurso profissional inclui também uma experiência de dois anos como consultor financeiro executivo na Portugal Telecom Inovação (ramo de I&amp;D da empresa líder em telecomunicações em Portugal), uma experiência de três anos como consultor estratégico no Millennium bcp (o maior banco privado português) e uma experiência de um ano como Diretor Executivo Português no Programa Juventude em Ação (Comissão Europeia). Possui uma Formação Executiva Avançada em Gestão pela AESE-IESE (Portugal e Nova Iorque), um mestrado em Finanças e Investimentos pela Universidade Erasmus (Rotterdam School of Management), um diploma de formação executiva em Gestão da Inovação pela Universidade Católica Portuguesa (Faculdade de Economia e Gestão) e uma licenciatura de cinco anos em Administração de Empresas pela Universidade de Coimbra (Faculdade de Economia).</p>
