{"id":561,"date":"2025-10-15T10:39:41","date_gmt":"2025-10-15T09:39:41","guid":{"rendered":"https:\/\/bs.xl.pt\/bison-bank\/attendants\/paulo-portas\/"},"modified":"2025-10-22T12:24:22","modified_gmt":"2025-10-22T11:24:22","slug":"paulo-portas","status":"publish","type":"attendants","link":"https:\/\/bs.xl.pt\/bison-bank\/attendants\/paulo-portas\/?lang=pt-pt","title":{"rendered":"Paulo Portas"},"content":{"rendered":"\n<p>Paulo Portas \u00e9 formado em Direito pela Universidade Cat\u00f3lica Portuguesa. Foi co-fundador de O Independente.<\/p>\n\n<p>Foi Ministro de Estado e dos Neg\u00f3cios Estrangeiros e Vice-Primeiro Ministro entre 2011 e 2015 e Ministro de Estado e da Defesa Nacional entre 2002 e 2005. Liderou o CDS durante 16 anos, tornando-se num dos l\u00edderes partid\u00e1rios mais jovens e duradouros. Eleito Deputado em 7 legislaturas. <\/p>\n\n<p>Fundou a Vinciamo Consulting, consultoria estrat\u00e9gica, com atividades na Europa, Golfo, \u00c1frica e Am\u00e9rica Latina. \u00c9 Professor de Geo-Economics and International Relations na Nova SBE. Ensina tamb\u00e9m em Madrid, Abu Dhabi e Shanghai. <\/p>\n\n<p>\u00c9 Vice-Presidente da C\u00e2mara do Com\u00e9rcio e Ind\u00fastria (CCIP), empres\u00e1rio e consultor, membro do Conselho de Curadores da Funda\u00e7\u00e3o Champalimaud. \u00c9 tamb\u00e9m Administrador N\u00e3o Executivo da Mota-Engil (desde 2023) e \u201cMembre d\u2019Hounneur\u201d da Acad\u00e9mie du Royaume du Maroc (desde 2023). \u00c9 autor do programa televisivo Global. \u00c9 fluente (falado e escrito) em portugu\u00eas, ingl\u00eas, espanhol, franc\u00eas e italiano.<\/p>\n","protected":false},"featured_media":531,"template":"","meta":[],"categories":[],"tags":[],"attendant_categories":[],"class_list":["post-561","attendants","type-attendants","status-publish","has-post-thumbnail","hentry"],"_links":{"self":[{"href":"https:\/\/bs.xl.pt\/bison-bank\/wp-json\/wp\/v2\/attendants\/561","targetHints":{"allow":["GET"]}}],"collection":[{"href":"https:\/\/bs.xl.pt\/bison-bank\/wp-json\/wp\/v2\/attendants"}],"about":[{"href":"https:\/\/bs.xl.pt\/bison-bank\/wp-json\/wp\/v2\/types\/attendants"}],"wp:featuredmedia":[{"embeddable":true,"href":"https:\/\/bs.xl.pt\/bison-bank\/wp-json\/wp\/v2\/media\/531"}],"wp:attachment":[{"href":"https:\/\/bs.xl.pt\/bison-bank\/wp-json\/wp\/v2\/media?parent=561"}],"wp:term":[{"taxonomy":"category","embeddable":true,"href":"https:\/\/bs.xl.pt\/bison-bank\/wp-json\/wp\/v2\/categories?post=561"},{"taxonomy":"post_tag","embeddable":true,"href":"https:\/\/bs.xl.pt\/bison-bank\/wp-json\/wp\/v2\/tags?post=561"},{"taxonomy":"attendant_categories","embeddable":true,"href":"https:\/\/bs.xl.pt\/bison-bank\/wp-json\/wp\/v2\/attendant_categories?post=561"}],"curies":[{"name":"wp","href":"https:\/\/api.w.org\/{rel}","templated":true}]}}

<p>Paulo Portas é formado em Direito pela Universidade Católica Portuguesa. Foi co-fundador de O Independente.</p>

<p>Foi Ministro de Estado e dos Negócios Estrangeiros e Vice-Primeiro Ministro entre 2011 e 2015 e Ministro de Estado e da Defesa Nacional entre 2002 e 2005. Liderou o CDS durante 16 anos, tornando-se num dos líderes partidários mais jovens e duradouros. Eleito Deputado em 7 legislaturas. </p>

<p>Fundou a Vinciamo Consulting, consultoria estratégica, com atividades na Europa, Golfo, África e América Latina. É Professor de Geo-Economics and International Relations na Nova SBE. Ensina também em Madrid, Abu Dhabi e Shanghai. </p>

<p>É Vice-Presidente da Câmara do Comércio e Indústria (CCIP), empresário e consultor, membro do Conselho de Curadores da Fundação Champalimaud. É também Administrador Não Executivo da Mota-Engil (desde 2023) e “Membre d’Hounneur” da Académie du Royaume du Maroc (desde 2023). É autor do programa televisivo Global. É fluente (falado e escrito) em português, inglês, espanhol, francês e italiano.</p>
