{"id":597,"date":"2025-10-21T15:55:51","date_gmt":"2025-10-21T14:55:51","guid":{"rendered":"https:\/\/bs.xl.pt\/bison-bank\/attendants\/joao-rui-ferreira\/"},"modified":"2025-10-21T15:57:42","modified_gmt":"2025-10-21T14:57:42","slug":"joao-rui-ferreira","status":"publish","type":"attendants","link":"https:\/\/bs.xl.pt\/bison-bank\/attendants\/joao-rui-ferreira\/?lang=pt-pt","title":{"rendered":"Jo\u00e3o Rui Ferreira"},"content":{"rendered":"\n<p>Jo\u00e3o Rui Ferreira \u00e9, desde julho de 2025, Secret\u00e1rio de Estado da Economia do XXV Governo Constitucional, cargo que j\u00e1 havia desempenhado no XXIV Governo entre abril de 2024 e maio de 2025.<\/p>\n","protected":false},"featured_media":594,"template":"","meta":[],"categories":[],"tags":[],"attendant_categories":[],"class_list":["post-597","attendants","type-attendants","status-publish","has-post-thumbnail","hentry"],"_links":{"self":[{"href":"https:\/\/bs.xl.pt\/bison-bank\/wp-json\/wp\/v2\/attendants\/597","targetHints":{"allow":["GET"]}}],"collection":[{"href":"https:\/\/bs.xl.pt\/bison-bank\/wp-json\/wp\/v2\/attendants"}],"about":[{"href":"https:\/\/bs.xl.pt\/bison-bank\/wp-json\/wp\/v2\/types\/attendants"}],"wp:featuredmedia":[{"embeddable":true,"href":"https:\/\/bs.xl.pt\/bison-bank\/wp-json\/wp\/v2\/media\/594"}],"wp:attachment":[{"href":"https:\/\/bs.xl.pt\/bison-bank\/wp-json\/wp\/v2\/media?parent=597"}],"wp:term":[{"taxonomy":"category","embeddable":true,"href":"https:\/\/bs.xl.pt\/bison-bank\/wp-json\/wp\/v2\/categories?post=597"},{"taxonomy":"post_tag","embeddable":true,"href":"https:\/\/bs.xl.pt\/bison-bank\/wp-json\/wp\/v2\/tags?post=597"},{"taxonomy":"attendant_categories","embeddable":true,"href":"https:\/\/bs.xl.pt\/bison-bank\/wp-json\/wp\/v2\/attendant_categories?post=597"}],"curies":[{"name":"wp","href":"https:\/\/api.w.org\/{rel}","templated":true}]}}

João Rui Ferreira

<p>João Rui Ferreira é, desde julho de 2025, Secretário de Estado da Economia do XXV Governo Constitucional, cargo que já havia desempenhado no XXIV Governo entre abril de 2024 e maio de 2025.</p>
