{"id":304,"date":"2023-06-16T12:21:54","date_gmt":"2023-06-16T11:21:54","guid":{"rendered":"https:\/\/bs.xl.pt\/branded-content\/?post_type=attendants&#038;p=304"},"modified":"2023-07-14T18:58:10","modified_gmt":"2023-07-14T17:58:10","slug":"ines-pereira-da-costa","status":"publish","type":"attendants","link":"https:\/\/bs.xl.pt\/branded-content\/attendants\/ines-pereira-da-costa\/","title":{"rendered":"In\u00eas Pereira da Costa"},"content":{"rendered":"\n<p>Sou formada em Gest\u00e3o na Nova SBE, onde fiz a licenciatura em Gest\u00e3o e Mestrado em Gest\u00e3o com Major em Marketing. Em 2010, quando estava a fazer a tese, agarrei a oportunidade de fazer parte da equipa que estava a lan\u00e7ar a Pandora Jewelry em S\u00e3o Paulo e foi a\u00ed que a minha aventura no mundo do <em>marketing<\/em>, e do Brasil, come\u00e7ou. Passados 2 anos, ainda em S\u00e3o Paulo, tive a sorte de me juntar \u00e0 equipa de Marketing da Heineken. Foi aqui que aprendi muito do que sei hoje, n\u00e3o s\u00f3 por ter tido a oportunidade de trabalhar com marcas mainstream locais e a pr\u00f3pria marca Heineken e tudo o que envolve esses mundos desde inova\u00e7\u00e3o, comunica\u00e7\u00e3o e organiza\u00e7\u00e3o de grandes eventos como a F\u00f3rmula 1, mas tamb\u00e9m por ter tido a chance de o fazer no Brasil onde tive o primeiro contacto com Branded Content e Storytelling.<\/p>\n\n\n\n<p>Em 2017 decidi voltar para Portugal, onde me aventurei no mundo das <em>startups<\/em>. Juntei-me \u00e0 Uber, como Marketing Manager Iberia para Uber Rides, um grande desafio pela percep\u00e7\u00e3o de marca t\u00e3o diferente nos dois pa\u00edses, e depois como Marketing Manager Portugal para Uber Eats com o objectivo de expans\u00e3o e crescimento j\u00e1 que apenas o centro de Lisboa estava lan\u00e7ado. Em 2020 junto-me \u00e0 Kitch como VP de Marketing, um projeto criado pelas duas pessoas que lan\u00e7aram a Uber em Portugal, e em 2021 abra\u00e7o o desafio da <em>fintech <\/em>francesa Lydia como Country Manager e Head of Marketing para Portugal. Por fim, desde Mar\u00e7o deste ano que me juntei \u00e0 Sumol Compal como Innovation Manager. Entre estes desafios tenho o meu pr\u00f3prio projeto, sou s\u00f3cia da marca de swimwear portuguesa 38 GRAUS.&#8221;&nbsp;<\/p>\n","protected":false},"featured_media":307,"template":"","meta":[],"categories":[16],"tags":[],"attendant_categories":[],"class_list":["post-304","attendants","type-attendants","status-publish","has-post-thumbnail","hentry","category-noticias"],"_links":{"self":[{"href":"https:\/\/bs.xl.pt\/branded-content\/wp-json\/wp\/v2\/attendants\/304","targetHints":{"allow":["GET"]}}],"collection":[{"href":"https:\/\/bs.xl.pt\/branded-content\/wp-json\/wp\/v2\/attendants"}],"about":[{"href":"https:\/\/bs.xl.pt\/branded-content\/wp-json\/wp\/v2\/types\/attendants"}],"wp:featuredmedia":[{"embeddable":true,"href":"https:\/\/bs.xl.pt\/branded-content\/wp-json\/wp\/v2\/media\/307"}],"wp:attachment":[{"href":"https:\/\/bs.xl.pt\/branded-content\/wp-json\/wp\/v2\/media?parent=304"}],"wp:term":[{"taxonomy":"category","embeddable":true,"href":"https:\/\/bs.xl.pt\/branded-content\/wp-json\/wp\/v2\/categories?post=304"},{"taxonomy":"post_tag","embeddable":true,"href":"https:\/\/bs.xl.pt\/branded-content\/wp-json\/wp\/v2\/tags?post=304"},{"taxonomy":"attendant_categories","embeddable":true,"href":"https:\/\/bs.xl.pt\/branded-content\/wp-json\/wp\/v2\/attendant_categories?post=304"}],"curies":[{"name":"wp","href":"https:\/\/api.w.org\/{rel}","templated":true}]}}

Inês Pereira da Costa

<p>Sou formada em Gestão na Nova SBE, onde fiz a licenciatura em Gestão e Mestrado em Gestão com Major em Marketing. Em 2010, quando estava a fazer a tese, agarrei a oportunidade de fazer parte da equipa que estava a lançar a Pandora Jewelry em São Paulo e foi aí que a minha aventura no mundo do <em>marketing</em>, e do Brasil, começou. Passados 2 anos, ainda em São Paulo, tive a sorte de me juntar à equipa de Marketing da Heineken. Foi aqui que aprendi muito do que sei hoje, não só por ter tido a oportunidade de trabalhar com marcas mainstream locais e a própria marca Heineken e tudo o que envolve esses mundos desde inovação, comunicação e organização de grandes eventos como a Fórmula 1, mas também por ter tido a chance de o fazer no Brasil onde tive o primeiro contacto com Branded Content e Storytelling.</p>



<p>Em 2017 decidi voltar para Portugal, onde me aventurei no mundo das <em>startups</em>. Juntei-me à Uber, como Marketing Manager Iberia para Uber Rides, um grande desafio pela percepção de marca tão diferente nos dois países, e depois como Marketing Manager Portugal para Uber Eats com o objectivo de expansão e crescimento já que apenas o centro de Lisboa estava lançado. Em 2020 junto-me à Kitch como VP de Marketing, um projeto criado pelas duas pessoas que lançaram a Uber em Portugal, e em 2021 abraço o desafio da <em>fintech </em>francesa Lydia como Country Manager e Head of Marketing para Portugal. Por fim, desde Março deste ano que me juntei à Sumol Compal como Innovation Manager. Entre estes desafios tenho o meu próprio projeto, sou sócia da marca de swimwear portuguesa 38 GRAUS.&#8221;&nbsp;</p>
