{"id":97,"date":"2023-05-15T11:11:02","date_gmt":"2023-05-15T10:11:02","guid":{"rendered":"https:\/\/bs.xl.pt\/branded-content\/?post_type=attendants&#038;p=97"},"modified":"2024-08-27T11:21:31","modified_gmt":"2024-08-27T10:21:31","slug":"patricia-weiss","status":"publish","type":"attendants","link":"https:\/\/bs.xl.pt\/branded-content\/attendants\/patricia-weiss\/","title":{"rendered":"Patr\u00edcia Weiss"},"content":{"rendered":"\n<p>Founder, Chairwoman da Branded Content Marketing Association &#8211; BCMA Portugal e Brasil. Consultora estrat\u00e9gica global de Branded Content, Brand Storytelling, Brand Purpose &amp; Culture, Produtora Executiva de narrativas de marca; Head of Brand Storytelling e co-fundadora do coletivo internacional <a href=\"http:\/\/ASAS.br.com\">ASAS.br.com<\/a>, onde atuou na estrat\u00e9gia, cria\u00e7\u00e3o e produ\u00e7\u00e3o de cases de Brand Storytelling, document\u00e1rios, short films e s\u00e9ries para marcas como Heineken, Nestl\u00e9, Natura &amp; Co, Ita\u00fa, Instagram global e outros. Considerada uma das maiores refer\u00eancias do mundo em Branded Content e Brand Storytelling.<\/p>\n\n\n\n<p>Profissional estrat\u00e9gica com 36 anos de experi\u00eancia na ind\u00fastria de marketing e comunica\u00e7\u00e3o, iniciou a carreira no Marketing do McDonald\u2019s e do Citibank, trabalhou na lideran\u00e7a de grandes ag\u00eancias de publicidade como Ogilvy, Africa, DM9DDB, McCann, foi s\u00f3cia e co fundou a M&amp;C Saatchi no Brasil e Vice Presidente de Planejamento Estrat\u00e9gico Latin America na Leo Burnett. Advisory Board Member do <em>Women In Marketing UK<\/em> e do <em>IED Instituto Europeo di Design<\/em> de Mil\u00e3o, It\u00e1lia, onde tamb\u00e9m \u00e9 professora convidada de Brand Storytelling, Branded Entertainment &amp; Content, e formadora da Lisbon Digital School. Idealizadora, curadora e professora do primeiro Bootcamp do mundo de Brand Storytelling &amp; Branded Content, e do Curso de Screenwriting da Miami Ad School; da primeira P\u00f3s Gradua\u00e7\u00e3o de Branded Content, ministra workshops In-Company globalmente e sua Masterclass imersiva <em>Decode And Create Brand Storytelling h\u00e1 anos, em pa\u00edses como<\/em> Fran\u00e7a,It\u00e1lia, EUA, Portugal, M\u00e9xico, assim como na Africa e Am\u00e9rica Latina, e no Brasil, em sua 25\u00aa edi\u00e7\u00e3o. \u00c9 autora colaboradora do americano Branding Strategy Insider com ensaios e entrevistas publicados tamb\u00e9m nas revistas americanas Contently, MusebyClio, LIA Insider e em publica\u00e7\u00f5es latinas e brasileiras.<\/p>\n","protected":false},"featured_media":100,"template":"","meta":[],"categories":[7],"tags":[],"attendant_categories":[],"class_list":["post-97","attendants","type-attendants","status-publish","has-post-thumbnail","hentry","category-bc-talks"],"_links":{"self":[{"href":"https:\/\/bs.xl.pt\/branded-content\/wp-json\/wp\/v2\/attendants\/97","targetHints":{"allow":["GET"]}}],"collection":[{"href":"https:\/\/bs.xl.pt\/branded-content\/wp-json\/wp\/v2\/attendants"}],"about":[{"href":"https:\/\/bs.xl.pt\/branded-content\/wp-json\/wp\/v2\/types\/attendants"}],"wp:featuredmedia":[{"embeddable":true,"href":"https:\/\/bs.xl.pt\/branded-content\/wp-json\/wp\/v2\/media\/100"}],"wp:attachment":[{"href":"https:\/\/bs.xl.pt\/branded-content\/wp-json\/wp\/v2\/media?parent=97"}],"wp:term":[{"taxonomy":"category","embeddable":true,"href":"https:\/\/bs.xl.pt\/branded-content\/wp-json\/wp\/v2\/categories?post=97"},{"taxonomy":"post_tag","embeddable":true,"href":"https:\/\/bs.xl.pt\/branded-content\/wp-json\/wp\/v2\/tags?post=97"},{"taxonomy":"attendant_categories","embeddable":true,"href":"https:\/\/bs.xl.pt\/branded-content\/wp-json\/wp\/v2\/attendant_categories?post=97"}],"curies":[{"name":"wp","href":"https:\/\/api.w.org\/{rel}","templated":true}]}}

Patrícia Weiss

<p>Founder, Chairwoman da Branded Content Marketing Association &#8211; BCMA Portugal e Brasil. Consultora estratégica global de Branded Content, Brand Storytelling, Brand Purpose &amp; Culture, Produtora Executiva de narrativas de marca; Head of Brand Storytelling e co-fundadora do coletivo internacional <a href="http://ASAS.br.com">ASAS.br.com</a>, onde atuou na estratégia, criação e produção de cases de Brand Storytelling, documentários, short films e séries para marcas como Heineken, Nestlé, Natura &amp; Co, Itaú, Instagram global e outros. Considerada uma das maiores referências do mundo em Branded Content e Brand Storytelling.</p>



<p>Profissional estratégica com 36 anos de experiência na indústria de marketing e comunicação, iniciou a carreira no Marketing do McDonald’s e do Citibank, trabalhou na liderança de grandes agências de publicidade como Ogilvy, Africa, DM9DDB, McCann, foi sócia e co fundou a M&amp;C Saatchi no Brasil e Vice Presidente de Planejamento Estratégico Latin America na Leo Burnett. Advisory Board Member do <em>Women In Marketing UK</em> e do <em>IED Instituto Europeo di Design</em> de Milão, Itália, onde também é professora convidada de Brand Storytelling, Branded Entertainment &amp; Content, e formadora da Lisbon Digital School. Idealizadora, curadora e professora do primeiro Bootcamp do mundo de Brand Storytelling &amp; Branded Content, e do Curso de Screenwriting da Miami Ad School; da primeira Pós Graduação de Branded Content, ministra workshops In-Company globalmente e sua Masterclass imersiva <em>Decode And Create Brand Storytelling há anos, em países como</em> França,Itália, EUA, Portugal, México, assim como na Africa e América Latina, e no Brasil, em sua 25ª edição. É autora colaboradora do americano Branding Strategy Insider com ensaios e entrevistas publicados também nas revistas americanas Contently, MusebyClio, LIA Insider e em publicações latinas e brasileiras.</p>
