{"id":2004,"date":"2025-06-30T10:48:43","date_gmt":"2025-06-30T09:48:43","guid":{"rendered":"https:\/\/bs.xl.pt\/branded-content\/?page_id=2004"},"modified":"2025-07-01T15:31:51","modified_gmt":"2025-07-01T14:31:51","slug":"vencedores-2024","status":"publish","type":"page","link":"https:\/\/bs.xl.pt\/branded-content\/vencedores\/vencedores-2024\/","title":{"rendered":"Vencedores 2024"},"content":{"rendered":"\n<p>J\u00e1 s\u00e3o conhecidos os vencedores da 2\u00aa edi\u00e7\u00e3o dos Branded Content Awards. Foram atribu\u00eddos 22 pr\u00e9mios, ouro (3), prata (8), bronze (9) e duas men\u00e7\u00f5es honrosas, distribu\u00eddas por quatro grandes categorias: <strong>Comunica\u00e7\u00e3o Integrada<\/strong>,\u00a0<strong>Brand Experience<\/strong>,\u00a0<strong>Work For Good<\/strong>\u00a0e\u00a0<strong>Power of Storytelling<\/strong>, al\u00e9m do <strong>Grand Prix<\/strong>.<\/p>\n","protected":false},"excerpt":{"rendered":"<p>J\u00e1 s\u00e3o conhecidos os vencedores da 2\u00aa edi\u00e7\u00e3o dos Branded Content Awards. Foram atribu\u00eddos 22 pr\u00e9mios, ouro (3), prata (8), bronze (9) e duas men\u00e7\u00f5es honrosas, distribu\u00eddas por quatro grandes categorias: Comunica\u00e7\u00e3o Integrada,\u00a0Brand Experience,\u00a0Work For Good\u00a0e\u00a0Power of Storytelling, al\u00e9m do Grand Prix.<\/p>\n","protected":false},"author":29,"featured_media":0,"parent":1480,"menu_order":0,"comment_status":"closed","ping_status":"closed","template":"","meta":{"footnotes":""},"class_list":["post-2004","page","type-page","status-publish","hentry"],"_links":{"self":[{"href":"https:\/\/bs.xl.pt\/branded-content\/wp-json\/wp\/v2\/pages\/2004","targetHints":{"allow":["GET"]}}],"collection":[{"href":"https:\/\/bs.xl.pt\/branded-content\/wp-json\/wp\/v2\/pages"}],"about":[{"href":"https:\/\/bs.xl.pt\/branded-content\/wp-json\/wp\/v2\/types\/page"}],"author":[{"embeddable":true,"href":"https:\/\/bs.xl.pt\/branded-content\/wp-json\/wp\/v2\/users\/29"}],"replies":[{"embeddable":true,"href":"https:\/\/bs.xl.pt\/branded-content\/wp-json\/wp\/v2\/comments?post=2004"}],"version-history":[{"count":2,"href":"https:\/\/bs.xl.pt\/branded-content\/wp-json\/wp\/v2\/pages\/2004\/revisions"}],"predecessor-version":[{"id":2022,"href":"https:\/\/bs.xl.pt\/branded-content\/wp-json\/wp\/v2\/pages\/2004\/revisions\/2022"}],"up":[{"embeddable":true,"href":"https:\/\/bs.xl.pt\/branded-content\/wp-json\/wp\/v2\/pages\/1480"}],"wp:attachment":[{"href":"https:\/\/bs.xl.pt\/branded-content\/wp-json\/wp\/v2\/media?parent=2004"}],"curies":[{"name":"wp","href":"https:\/\/api.w.org\/{rel}","templated":true}]}}