{"id":187,"date":"2023-11-06T11:59:15","date_gmt":"2023-11-06T11:59:15","guid":{"rendered":"https:\/\/bs.xl.pt\/conferencia-do-poder\/?post_type=attendants&#038;p=187"},"modified":"2024-10-15T16:31:52","modified_gmt":"2024-10-15T16:31:52","slug":"mafalda-rebordao","status":"publish","type":"attendants","link":"https:\/\/bs.xl.pt\/conferencia-do-poder\/attendants\/mafalda-rebordao\/","title":{"rendered":"Mafalda Rebord\u00e3o"},"content":{"rendered":"\n<p>A Mafalda \u00e9 apaixonada por educa\u00e7\u00e3o, tecnologia e mentoria. Economista de forma\u00e7\u00e3o, foi Professora de C\u00e1lculo ensinando mais de 250 alunos da Nova School of Business and Economics, tendo sido convidada a integrar o Executive Board da Nova SBE onde d\u00e1 aconselhamento estrat\u00e9gico ao Dean sobre a internacionaliza\u00e7\u00e3o da Nova SBE.\u00a0Viveu em 5 pa\u00edses diferentes (Portugal, Canad\u00e1, Dinamarca, Irlanda e Reino Unido) tendo tamb\u00e9m estudado na HEC Montr\u00e9al e Copenhagen Business School. Det\u00e9m um Double Degree da Alian\u00e7a das melhores Business Schools a n\u00edvel mundial &#8211; CEMS Master in International Management. Atualmente, trabalha na \u00e1rea de Produto, Parcerias e Intelig\u00eancia Artificial na Google, em Londres, como Strategic Partnership Manager tendo ainda passado pelas \u00e1reas de Cloud e Grandes Clientes em Dublin e por outras empresas como a L&#8217;Or\u00e9al.\u00a0Foi escolhida pelo Presidente da Rep\u00fablica para integrar o seu Grupo de Reflex\u00e3o sobre o Futuro de Portugal e \u00e9 ainda Membro do Conselho Estrat\u00e9gico para atra\u00e7\u00e3o de investimento da CIP, a maior associa\u00e7\u00e3o de empres\u00e1rios em Portugal. \u00c9 co-fundadora do Ponto Zero, um podcast TOP 10% mais partilhado a n\u00edvel global no Spotify, e de uma Associa\u00e7\u00e3o sem Fins Lucrativos, a C-level Mentorship Academy que tem como objetivo fechar o gap na lideran\u00e7a de mais de 500 mulheres conectando-as com os l\u00edderes atuais. Foi a primeira portuguesa a ser distinguida pelo Financial Times e a primeira selecionada como L\u00edder Mundial promissora pelo St. Gallen Symposium. Bailarina de dan\u00e7a de sal\u00e3o nas horas vagas (e profissionalmente durante 16 anos), desenha a sua roupa e \u00e9 uma voz ativa para os jovens para que &#8220;os primeiros n\u00e3o sejam os \u00faltimos&#8221;.\u00a0<\/p>\n","protected":false},"featured_media":190,"template":"","meta":[],"categories":[],"tags":[10],"attendant_categories":[],"class_list":["post-187","attendants","type-attendants","status-publish","has-post-thumbnail","hentry","tag-negocios-23"],"_links":{"self":[{"href":"https:\/\/bs.xl.pt\/conferencia-do-poder\/wp-json\/wp\/v2\/attendants\/187","targetHints":{"allow":["GET"]}}],"collection":[{"href":"https:\/\/bs.xl.pt\/conferencia-do-poder\/wp-json\/wp\/v2\/attendants"}],"about":[{"href":"https:\/\/bs.xl.pt\/conferencia-do-poder\/wp-json\/wp\/v2\/types\/attendants"}],"wp:featuredmedia":[{"embeddable":true,"href":"https:\/\/bs.xl.pt\/conferencia-do-poder\/wp-json\/wp\/v2\/media\/190"}],"wp:attachment":[{"href":"https:\/\/bs.xl.pt\/conferencia-do-poder\/wp-json\/wp\/v2\/media?parent=187"}],"wp:term":[{"taxonomy":"category","embeddable":true,"href":"https:\/\/bs.xl.pt\/conferencia-do-poder\/wp-json\/wp\/v2\/categories?post=187"},{"taxonomy":"post_tag","embeddable":true,"href":"https:\/\/bs.xl.pt\/conferencia-do-poder\/wp-json\/wp\/v2\/tags?post=187"},{"taxonomy":"attendant_categories","embeddable":true,"href":"https:\/\/bs.xl.pt\/conferencia-do-poder\/wp-json\/wp\/v2\/attendant_categories?post=187"}],"curies":[{"name":"wp","href":"https:\/\/api.w.org\/{rel}","templated":true}]}}

Mafalda Rebordão

<p>A Mafalda é apaixonada por educação, tecnologia e mentoria. Economista de formação, foi Professora de Cálculo ensinando mais de 250 alunos da Nova School of Business and Economics, tendo sido convidada a integrar o Executive Board da Nova SBE onde dá aconselhamento estratégico ao Dean sobre a internacionalização da Nova SBE. Viveu em 5 países diferentes (Portugal, Canadá, Dinamarca, Irlanda e Reino Unido) tendo também estudado na HEC Montréal e Copenhagen Business School. Detém um Double Degree da Aliança das melhores Business Schools a nível mundial &#8211; CEMS Master in International Management. Atualmente, trabalha na área de Produto, Parcerias e Inteligência Artificial na Google, em Londres, como Strategic Partnership Manager tendo ainda passado pelas áreas de Cloud e Grandes Clientes em Dublin e por outras empresas como a L&#8217;Oréal. Foi escolhida pelo Presidente da República para integrar o seu Grupo de Reflexão sobre o Futuro de Portugal e é ainda Membro do Conselho Estratégico para atração de investimento da CIP, a maior associação de empresários em Portugal. É co-fundadora do Ponto Zero, um podcast TOP 10% mais partilhado a nível global no Spotify, e de uma Associação sem Fins Lucrativos, a C-level Mentorship Academy que tem como objetivo fechar o gap na liderança de mais de 500 mulheres conectando-as com os líderes atuais. Foi a primeira portuguesa a ser distinguida pelo Financial Times e a primeira selecionada como Líder Mundial promissora pelo St. Gallen Symposium. Bailarina de dança de salão nas horas vagas (e profissionalmente durante 16 anos), desenha a sua roupa e é uma voz ativa para os jovens para que &#8220;os primeiros não sejam os últimos&#8221;. </p>
