{"id":199,"date":"2023-11-06T12:13:47","date_gmt":"2023-11-06T12:13:47","guid":{"rendered":"https:\/\/bs.xl.pt\/conferencia-do-poder\/?post_type=attendants&#038;p=199"},"modified":"2024-10-15T16:31:33","modified_gmt":"2024-10-15T16:31:33","slug":"rita-faden","status":"publish","type":"attendants","link":"https:\/\/bs.xl.pt\/conferencia-do-poder\/attendants\/rita-faden\/","title":{"rendered":"Rita Faden"},"content":{"rendered":"\n<p>Presidente do Conselho de Administra\u00e7\u00e3o e do Conselho Executivo da FLAD &#8211; Funda\u00e7\u00e3o Luso-Americana para o Desenvolvimento desde janeiro de 2019. A FLAD promove o desenvolvimento de Portugal atrav\u00e9s da coopera\u00e7\u00e3o bilateral com os EUA e atua sobretudo em 4 \u00e1reas: ci\u00eancia, educa\u00e7\u00e3o, cultura e rela\u00e7\u00f5es transatl\u00e2nticas.<\/p>\n\n\n\n<p>Tem uma longa carreira na Administra\u00e7\u00e3o P\u00fablica portuguesa nas \u00e1reas nos neg\u00f3cios estrangeiros, assuntos europeus, justi\u00e7a, seguran\u00e7a e defesa.<\/p>\n\n\n\n<p>Exerceu v\u00e1rios cargos de chefia tendo sido Diretora-geral no Minist\u00e9rio dos Neg\u00f3cios Estrangeiros, no Minist\u00e9rio da Justi\u00e7a e no Minist\u00e9rio da Administra\u00e7\u00e3o Interna. Foi ainda membro do Conselho Diretivo do Instituto Nacional da Propriedade Industrial.<\/p>\n\n\n\n<p>Tem uma vasta experi\u00eancia de representa\u00e7\u00e3o do Estado portugu\u00eas e de negocia\u00e7\u00e3o internacional no quadro da Uni\u00e3o Europeia e das Na\u00e7\u00f5es Unidas.<\/p>\n\n\n\n<p>Foi Chefe de Gabinete do Primeiro Ministro entre 2015 e 2018.<\/p>\n\n\n\n<p>\u00c9 licenciada em Direito pela Faculdade de Direito da Universidade de Lisboa e p\u00f3s-graduada em Estudos Europeus pela Universidade Cat\u00f3lica Portuguesa.<\/p>\n","protected":false},"featured_media":202,"template":"","meta":[],"categories":[],"tags":[10],"attendant_categories":[],"class_list":["post-199","attendants","type-attendants","status-publish","has-post-thumbnail","hentry","tag-negocios-23"],"_links":{"self":[{"href":"https:\/\/bs.xl.pt\/conferencia-do-poder\/wp-json\/wp\/v2\/attendants\/199","targetHints":{"allow":["GET"]}}],"collection":[{"href":"https:\/\/bs.xl.pt\/conferencia-do-poder\/wp-json\/wp\/v2\/attendants"}],"about":[{"href":"https:\/\/bs.xl.pt\/conferencia-do-poder\/wp-json\/wp\/v2\/types\/attendants"}],"wp:featuredmedia":[{"embeddable":true,"href":"https:\/\/bs.xl.pt\/conferencia-do-poder\/wp-json\/wp\/v2\/media\/202"}],"wp:attachment":[{"href":"https:\/\/bs.xl.pt\/conferencia-do-poder\/wp-json\/wp\/v2\/media?parent=199"}],"wp:term":[{"taxonomy":"category","embeddable":true,"href":"https:\/\/bs.xl.pt\/conferencia-do-poder\/wp-json\/wp\/v2\/categories?post=199"},{"taxonomy":"post_tag","embeddable":true,"href":"https:\/\/bs.xl.pt\/conferencia-do-poder\/wp-json\/wp\/v2\/tags?post=199"},{"taxonomy":"attendant_categories","embeddable":true,"href":"https:\/\/bs.xl.pt\/conferencia-do-poder\/wp-json\/wp\/v2\/attendant_categories?post=199"}],"curies":[{"name":"wp","href":"https:\/\/api.w.org\/{rel}","templated":true}]}}

<p>Presidente do Conselho de Administração e do Conselho Executivo da FLAD &#8211; Fundação Luso-Americana para o Desenvolvimento desde janeiro de 2019. A FLAD promove o desenvolvimento de Portugal através da cooperação bilateral com os EUA e atua sobretudo em 4 áreas: ciência, educação, cultura e relações transatlânticas.</p>



<p>Tem uma longa carreira na Administração Pública portuguesa nas áreas nos negócios estrangeiros, assuntos europeus, justiça, segurança e defesa.</p>



<p>Exerceu vários cargos de chefia tendo sido Diretora-geral no Ministério dos Negócios Estrangeiros, no Ministério da Justiça e no Ministério da Administração Interna. Foi ainda membro do Conselho Diretivo do Instituto Nacional da Propriedade Industrial.</p>



<p>Tem uma vasta experiência de representação do Estado português e de negociação internacional no quadro da União Europeia e das Nações Unidas.</p>



<p>Foi Chefe de Gabinete do Primeiro Ministro entre 2015 e 2018.</p>



<p>É licenciada em Direito pela Faculdade de Direito da Universidade de Lisboa e pós-graduada em Estudos Europeus pela Universidade Católica Portuguesa.</p>
