{"id":265,"date":"2023-11-14T09:45:07","date_gmt":"2023-11-14T09:45:07","guid":{"rendered":"https:\/\/bs.xl.pt\/conferencia-do-poder\/?post_type=attendants&#038;p=265"},"modified":"2024-10-15T16:31:33","modified_gmt":"2024-10-15T16:31:33","slug":"agostinho-pereira-de-miranda","status":"publish","type":"attendants","link":"https:\/\/bs.xl.pt\/conferencia-do-poder\/attendants\/agostinho-pereira-de-miranda\/","title":{"rendered":"Agostinho Pereira de Miranda"},"content":{"rendered":"\n<p>Presidente da associa\u00e7\u00e3o ProP\u00fablica \u2013 Direito e Cidadania e S\u00f3cio Fundador da Miranda &amp; Associados, uma das maiores sociedades de advogados portuguesas. Foi agente do Minist\u00e9rio P\u00fablico, Inspector da Pol\u00edcia Judici\u00e1ria, docente universit\u00e1rio e membro de \u00f3rg\u00e3os sociais de v\u00e1rias empresas, incluindo Galp, REN, Zon e Cabinda Gulf Oil. Integra atualmente o quadro de v\u00e1rios organismos internacionais, como o Secretariado do Tratado da Carta da Energia (Bruxelas) e o ICSID, do Banco Mundial (Washington).\u00a0<\/p>\n\n\n\n<p>Viveu e trabalhou nos EUA, em Angola e no Reino Unido.\u00a0Foi autor de 3 livros e de centenas de artigos sobre mat\u00e9rias de Direito e de Energia.\u00a0Em 2015 foi distinguido com a Medalha de Honra da Ordem dos Advogados. \u00c9 presidente de 3 ONGs, e a Confedera\u00e7\u00e3o das Associa\u00e7\u00f5es de Defesa do Ambiente conferiu-lhe, em 2021, o Pr\u00e9mio Carreira.<\/p>\n\n\n\n<p>\u00c9 um \u00e1vido ciclista amador, tradutor de poesia de express\u00e3o inglesa e autor de letras de fados e de can\u00e7\u00f5es populares.<\/p>\n","protected":false},"featured_media":268,"template":"","meta":[],"categories":[],"tags":[10],"attendant_categories":[],"class_list":["post-265","attendants","type-attendants","status-publish","has-post-thumbnail","hentry","tag-negocios-23"],"_links":{"self":[{"href":"https:\/\/bs.xl.pt\/conferencia-do-poder\/wp-json\/wp\/v2\/attendants\/265","targetHints":{"allow":["GET"]}}],"collection":[{"href":"https:\/\/bs.xl.pt\/conferencia-do-poder\/wp-json\/wp\/v2\/attendants"}],"about":[{"href":"https:\/\/bs.xl.pt\/conferencia-do-poder\/wp-json\/wp\/v2\/types\/attendants"}],"wp:featuredmedia":[{"embeddable":true,"href":"https:\/\/bs.xl.pt\/conferencia-do-poder\/wp-json\/wp\/v2\/media\/268"}],"wp:attachment":[{"href":"https:\/\/bs.xl.pt\/conferencia-do-poder\/wp-json\/wp\/v2\/media?parent=265"}],"wp:term":[{"taxonomy":"category","embeddable":true,"href":"https:\/\/bs.xl.pt\/conferencia-do-poder\/wp-json\/wp\/v2\/categories?post=265"},{"taxonomy":"post_tag","embeddable":true,"href":"https:\/\/bs.xl.pt\/conferencia-do-poder\/wp-json\/wp\/v2\/tags?post=265"},{"taxonomy":"attendant_categories","embeddable":true,"href":"https:\/\/bs.xl.pt\/conferencia-do-poder\/wp-json\/wp\/v2\/attendant_categories?post=265"}],"curies":[{"name":"wp","href":"https:\/\/api.w.org\/{rel}","templated":true}]}}

<p>Presidente da associação ProPública – Direito e Cidadania e Sócio Fundador da Miranda &amp; Associados, uma das maiores sociedades de advogados portuguesas. Foi agente do Ministério Público, Inspector da Polícia Judiciária, docente universitário e membro de órgãos sociais de várias empresas, incluindo Galp, REN, Zon e Cabinda Gulf Oil. Integra atualmente o quadro de vários organismos internacionais, como o Secretariado do Tratado da Carta da Energia (Bruxelas) e o ICSID, do Banco Mundial (Washington). </p>



<p>Viveu e trabalhou nos EUA, em Angola e no Reino Unido. Foi autor de 3 livros e de centenas de artigos sobre matérias de Direito e de Energia. Em 2015 foi distinguido com a Medalha de Honra da Ordem dos Advogados. É presidente de 3 ONGs, e a Confederação das Associações de Defesa do Ambiente conferiu-lhe, em 2021, o Prémio Carreira.</p>



<p>É um ávido ciclista amador, tradutor de poesia de expressão inglesa e autor de letras de fados e de canções populares.</p>
