{"id":283,"date":"2023-11-15T12:03:34","date_gmt":"2023-11-15T12:03:34","guid":{"rendered":"https:\/\/bs.xl.pt\/conferencia-do-poder\/?post_type=attendants&#038;p=283"},"modified":"2024-10-15T16:31:32","modified_gmt":"2024-10-15T16:31:32","slug":"fernando-medina","status":"publish","type":"attendants","link":"https:\/\/bs.xl.pt\/conferencia-do-poder\/attendants\/fernando-medina\/","title":{"rendered":"Fernando Medina"},"content":{"rendered":"\n<p>Fernando Medina nasceu no Porto em 1973.<\/p>\n\n\n\n<p>\u00c9 economista, licenciado pela Faculdade de Economia do Porto e mestre em Sociologia Econ\u00f3mica (SSOAEcon\u00f3mica) pelo Instituto de Economia e Gest\u00e3o da Universidade de Lisboa.<\/p>\n\n\n\n<p>Foi Presidente da C\u00e2mara Municipal de Lisboa (2015-2021), Vice-Presidente da C\u00e2mara respons\u00e1vel pelas Finan\u00e7as (2013-2015) e Presidente da \u00c1rea Metropolitana de Lisboa (2017-2021).<\/p>\n\n\n\n<p>Foi deputado e vice-presidente do Grupo Parlamentar do Partido Socialista (2011-2013); fez parte da Comiss\u00e3o de Or\u00e7amento e Finan\u00e7as e da Comiss\u00e3o de Acompanhamento do Programa de Assist\u00eancia Econ\u00f3mica e Financeira.<\/p>\n\n\n\n<p>Foi Secret\u00e1rio de Estado da Ind\u00fastria e Desenvolvimento do Minist\u00e9rio da Economia (2009-2011) e Secret\u00e1rio de Estado do Emprego e Forma\u00e7\u00e3o Profissional do Minist\u00e9rio do Trabalho e Solidariedade Social (2005-2009).<\/p>\n\n\n\n<p>Foi Conselheiro para a Educa\u00e7\u00e3o e Conselheiro para os Assuntos Econ\u00f3micos do Primeiro-Ministro Ant\u00f3nio Guterres.<\/p>\n\n\n\n<p>Exerceu v\u00e1rios cargos em \u00f3rg\u00e3os e servi\u00e7os pertencentes ao Minist\u00e9rio do Trabalho, ao Minist\u00e9rio da Economia e \u00e9 atualmente quadro permanente da AICEP. \u00c9 membro do Secretariado do Partido Socialista.<\/p>\n","protected":false},"featured_media":286,"template":"","meta":[],"categories":[],"tags":[10],"attendant_categories":[],"class_list":["post-283","attendants","type-attendants","status-publish","has-post-thumbnail","hentry","tag-negocios-23"],"_links":{"self":[{"href":"https:\/\/bs.xl.pt\/conferencia-do-poder\/wp-json\/wp\/v2\/attendants\/283","targetHints":{"allow":["GET"]}}],"collection":[{"href":"https:\/\/bs.xl.pt\/conferencia-do-poder\/wp-json\/wp\/v2\/attendants"}],"about":[{"href":"https:\/\/bs.xl.pt\/conferencia-do-poder\/wp-json\/wp\/v2\/types\/attendants"}],"wp:featuredmedia":[{"embeddable":true,"href":"https:\/\/bs.xl.pt\/conferencia-do-poder\/wp-json\/wp\/v2\/media\/286"}],"wp:attachment":[{"href":"https:\/\/bs.xl.pt\/conferencia-do-poder\/wp-json\/wp\/v2\/media?parent=283"}],"wp:term":[{"taxonomy":"category","embeddable":true,"href":"https:\/\/bs.xl.pt\/conferencia-do-poder\/wp-json\/wp\/v2\/categories?post=283"},{"taxonomy":"post_tag","embeddable":true,"href":"https:\/\/bs.xl.pt\/conferencia-do-poder\/wp-json\/wp\/v2\/tags?post=283"},{"taxonomy":"attendant_categories","embeddable":true,"href":"https:\/\/bs.xl.pt\/conferencia-do-poder\/wp-json\/wp\/v2\/attendant_categories?post=283"}],"curies":[{"name":"wp","href":"https:\/\/api.w.org\/{rel}","templated":true}]}}

<p>Fernando Medina nasceu no Porto em 1973.</p>



<p>É economista, licenciado pela Faculdade de Economia do Porto e mestre em Sociologia Económica (SSOAEconómica) pelo Instituto de Economia e Gestão da Universidade de Lisboa.</p>



<p>Foi Presidente da Câmara Municipal de Lisboa (2015-2021), Vice-Presidente da Câmara responsável pelas Finanças (2013-2015) e Presidente da Área Metropolitana de Lisboa (2017-2021).</p>



<p>Foi deputado e vice-presidente do Grupo Parlamentar do Partido Socialista (2011-2013); fez parte da Comissão de Orçamento e Finanças e da Comissão de Acompanhamento do Programa de Assistência Económica e Financeira.</p>



<p>Foi Secretário de Estado da Indústria e Desenvolvimento do Ministério da Economia (2009-2011) e Secretário de Estado do Emprego e Formação Profissional do Ministério do Trabalho e Solidariedade Social (2005-2009).</p>



<p>Foi Conselheiro para a Educação e Conselheiro para os Assuntos Económicos do Primeiro-Ministro António Guterres.</p>



<p>Exerceu vários cargos em órgãos e serviços pertencentes ao Ministério do Trabalho, ao Ministério da Economia e é atualmente quadro permanente da AICEP. É membro do Secretariado do Partido Socialista.</p>
