{"id":289,"date":"2023-11-15T12:07:02","date_gmt":"2023-11-15T12:07:02","guid":{"rendered":"https:\/\/bs.xl.pt\/conferencia-do-poder\/?post_type=attendants&#038;p=289"},"modified":"2024-10-16T16:12:18","modified_gmt":"2024-10-16T16:12:18","slug":"joana-mendonca","status":"publish","type":"attendants","link":"https:\/\/bs.xl.pt\/conferencia-do-poder\/attendants\/joana-mendonca\/","title":{"rendered":"Joana Mendon\u00e7a"},"content":{"rendered":"\n<p>\u00c9 Prof. Associada no Departamento de Engenharia e Gest\u00e3o do Instituto Superior T\u00e9cnico, onde d\u00e1 aulas de Gest\u00e3o de Inova\u00e7\u00e3o e&nbsp;<em>Design Thinking<\/em>,&nbsp;Empreendedorismo, Engenharia Econ\u00f3mica e disciplinas de Projeto. Desenvolve investiga\u00e7\u00e3o no Centro de Estudos em Inova\u00e7\u00e3o, Tecnologia e Pol\u00edticas de Desenvolvimento, IN+, onde dirige o Laborat\u00f3rio de Gest\u00e3o de Tecnol\u00f3gica e pol\u00edticas p\u00fablicas.<\/p>\n\n\n\n<p>A sua investiga\u00e7\u00e3o foca processos de comercializa\u00e7\u00e3o e ado\u00e7\u00e3o de novas tecnologias e o papel das compet\u00eancias e do capital humano nesses processos, e est\u00e1 publicada em revistas como a&nbsp;<em>Research Policy<\/em>,&nbsp;<em>Small Business Economics<\/em>&nbsp;e&nbsp;<em>Technological Forecasting and Social Change<\/em>. Foi co-coordenadora do programa de Mestrado em Engenharia e Gest\u00e3o de Inova\u00e7\u00e3o e Empreendedorismo e do programa Doutoral em Engenharia e Pol\u00edticas P\u00fablicas.<\/p>\n\n\n\n<p>Integra a dire\u00e7\u00e3o cient\u00edfica da parceria internacional&nbsp;<em>Carnegie Mellon<\/em>&nbsp;Portugal desde 2014 e \u00e9 coordenadora cient\u00edfica no CEiiA desde 2018.<\/p>\n\n\n\n<p>Foi assessora do Ministro da Economia para a Inova\u00e7\u00e3o, em 2016. Entre 2013 e 2015 foi investigadora no IN+, integrando a rede internacional IRGC, e professora convidada no IST. Entre 2010 e 2012 foi subdiretora da Dire\u00e7\u00e3o Geral de Estat\u00edsticas de Educa\u00e7\u00e3o e Ci\u00eancia. Em 2009 e 2010 foi assessora do Secret\u00e1rio de Estado da Ci\u00eancia, Tecnologia e Ensino Superior.<\/p>\n\n\n\n<p>Obteve o seu doutoramento em Engenharia e Gest\u00e3o Industrial no IST, Universidade de Lisboa, em 2009. Tem um mestrado em Engenharia e Gest\u00e3o de Tecnologia no IST e a licenciatura em Qu\u00edmica Tecnol\u00f3gica pela Faculdade de Ci\u00eancias da Universidade de Lisboa.<\/p>\n","protected":false},"featured_media":571,"template":"","meta":[],"categories":[],"tags":[10,13],"attendant_categories":[],"class_list":["post-289","attendants","type-attendants","status-publish","has-post-thumbnail","hentry","tag-negocios-23","tag-negocios-24"],"_links":{"self":[{"href":"https:\/\/bs.xl.pt\/conferencia-do-poder\/wp-json\/wp\/v2\/attendants\/289","targetHints":{"allow":["GET"]}}],"collection":[{"href":"https:\/\/bs.xl.pt\/conferencia-do-poder\/wp-json\/wp\/v2\/attendants"}],"about":[{"href":"https:\/\/bs.xl.pt\/conferencia-do-poder\/wp-json\/wp\/v2\/types\/attendants"}],"wp:featuredmedia":[{"embeddable":true,"href":"https:\/\/bs.xl.pt\/conferencia-do-poder\/wp-json\/wp\/v2\/media\/571"}],"wp:attachment":[{"href":"https:\/\/bs.xl.pt\/conferencia-do-poder\/wp-json\/wp\/v2\/media?parent=289"}],"wp:term":[{"taxonomy":"category","embeddable":true,"href":"https:\/\/bs.xl.pt\/conferencia-do-poder\/wp-json\/wp\/v2\/categories?post=289"},{"taxonomy":"post_tag","embeddable":true,"href":"https:\/\/bs.xl.pt\/conferencia-do-poder\/wp-json\/wp\/v2\/tags?post=289"},{"taxonomy":"attendant_categories","embeddable":true,"href":"https:\/\/bs.xl.pt\/conferencia-do-poder\/wp-json\/wp\/v2\/attendant_categories?post=289"}],"curies":[{"name":"wp","href":"https:\/\/api.w.org\/{rel}","templated":true}]}}

Joana Mendonça

<p>É Prof. Associada no Departamento de Engenharia e Gestão do Instituto Superior Técnico, onde dá aulas de Gestão de Inovação e&nbsp;<em>Design Thinking</em>,&nbsp;Empreendedorismo, Engenharia Económica e disciplinas de Projeto. Desenvolve investigação no Centro de Estudos em Inovação, Tecnologia e Políticas de Desenvolvimento, IN+, onde dirige o Laboratório de Gestão de Tecnológica e políticas públicas.</p>



<p>A sua investigação foca processos de comercialização e adoção de novas tecnologias e o papel das competências e do capital humano nesses processos, e está publicada em revistas como a&nbsp;<em>Research Policy</em>,&nbsp;<em>Small Business Economics</em>&nbsp;e&nbsp;<em>Technological Forecasting and Social Change</em>. Foi co-coordenadora do programa de Mestrado em Engenharia e Gestão de Inovação e Empreendedorismo e do programa Doutoral em Engenharia e Políticas Públicas.</p>



<p>Integra a direção científica da parceria internacional&nbsp;<em>Carnegie Mellon</em>&nbsp;Portugal desde 2014 e é coordenadora científica no CEiiA desde 2018.</p>



<p>Foi assessora do Ministro da Economia para a Inovação, em 2016. Entre 2013 e 2015 foi investigadora no IN+, integrando a rede internacional IRGC, e professora convidada no IST. Entre 2010 e 2012 foi subdiretora da Direção Geral de Estatísticas de Educação e Ciência. Em 2009 e 2010 foi assessora do Secretário de Estado da Ciência, Tecnologia e Ensino Superior.</p>



<p>Obteve o seu doutoramento em Engenharia e Gestão Industrial no IST, Universidade de Lisboa, em 2009. Tem um mestrado em Engenharia e Gestão de Tecnologia no IST e a licenciatura em Química Tecnológica pela Faculdade de Ciências da Universidade de Lisboa.</p>
