{"id":538,"date":"2024-10-16T10:32:18","date_gmt":"2024-10-16T10:32:18","guid":{"rendered":"https:\/\/bs.xl.pt\/conferencia-do-poder\/?post_type=attendants&#038;p=538"},"modified":"2024-10-16T10:32:18","modified_gmt":"2024-10-16T10:32:18","slug":"ricardo-mendes","status":"publish","type":"attendants","link":"https:\/\/bs.xl.pt\/conferencia-do-poder\/attendants\/ricardo-mendes\/","title":{"rendered":"Ricardo Mendes"},"content":{"rendered":"\n<p>Ricardo Mendes \u00e9 co-fundador e CEO do Grupo TEKEVER. Ele completou estudos de p\u00f3s-gradua\u00e7\u00e3o, mestrado e doutoramento em Engenharia de Software e Inform\u00e1tica no Instituto Superior T\u00e9cnico (em Lisboa, Portugal), onde se especializou nas \u00e1reas de Intelig\u00eancia Artificial e Sistemas de Informa\u00e7\u00e3o. O Sr. Mendes foi co-fundador da TEKEVER em 2001 e liderou a estrat\u00e9gia, desenvolvimento de produtos e neg\u00f3cios como COO at\u00e9 2018, e como CEO desde ent\u00e3o.<\/p>\n\n\n\n<p>Antes de co-fundar a TEKEVER, e durante os seus estudos de licenciatura, o Sr. Mendes trabalhou na SISCOG \u2013 uma das primeiras empresas de software global focadas em IA\/ML, centrando-se na otimiza\u00e7\u00e3o do transporte, onde foi respons\u00e1vel pelo desenho e implementa\u00e7\u00e3o de algoritmos avan\u00e7ados de machine learning e de agendamento. De 2001 a 2006, o Sr. Mendes lecionou v\u00e1rios cursos no Departamento de Engenharia de Software e Inform\u00e1tica do Instituto Superior T\u00e9cnico, incluindo an\u00e1lise e design de sistemas de informa\u00e7\u00e3o, integra\u00e7\u00e3o de sistemas e intelig\u00eancia artificial.<\/p>\n","protected":false},"featured_media":541,"template":"","meta":[],"categories":[],"tags":[13],"attendant_categories":[],"class_list":["post-538","attendants","type-attendants","status-publish","has-post-thumbnail","hentry","tag-negocios-24"],"_links":{"self":[{"href":"https:\/\/bs.xl.pt\/conferencia-do-poder\/wp-json\/wp\/v2\/attendants\/538","targetHints":{"allow":["GET"]}}],"collection":[{"href":"https:\/\/bs.xl.pt\/conferencia-do-poder\/wp-json\/wp\/v2\/attendants"}],"about":[{"href":"https:\/\/bs.xl.pt\/conferencia-do-poder\/wp-json\/wp\/v2\/types\/attendants"}],"wp:featuredmedia":[{"embeddable":true,"href":"https:\/\/bs.xl.pt\/conferencia-do-poder\/wp-json\/wp\/v2\/media\/541"}],"wp:attachment":[{"href":"https:\/\/bs.xl.pt\/conferencia-do-poder\/wp-json\/wp\/v2\/media?parent=538"}],"wp:term":[{"taxonomy":"category","embeddable":true,"href":"https:\/\/bs.xl.pt\/conferencia-do-poder\/wp-json\/wp\/v2\/categories?post=538"},{"taxonomy":"post_tag","embeddable":true,"href":"https:\/\/bs.xl.pt\/conferencia-do-poder\/wp-json\/wp\/v2\/tags?post=538"},{"taxonomy":"attendant_categories","embeddable":true,"href":"https:\/\/bs.xl.pt\/conferencia-do-poder\/wp-json\/wp\/v2\/attendant_categories?post=538"}],"curies":[{"name":"wp","href":"https:\/\/api.w.org\/{rel}","templated":true}]}}

<p>Ricardo Mendes é co-fundador e CEO do Grupo TEKEVER. Ele completou estudos de pós-graduação, mestrado e doutoramento em Engenharia de Software e Informática no Instituto Superior Técnico (em Lisboa, Portugal), onde se especializou nas áreas de Inteligência Artificial e Sistemas de Informação. O Sr. Mendes foi co-fundador da TEKEVER em 2001 e liderou a estratégia, desenvolvimento de produtos e negócios como COO até 2018, e como CEO desde então.</p>



<p>Antes de co-fundar a TEKEVER, e durante os seus estudos de licenciatura, o Sr. Mendes trabalhou na SISCOG – uma das primeiras empresas de software global focadas em IA/ML, centrando-se na otimização do transporte, onde foi responsável pelo desenho e implementação de algoritmos avançados de machine learning e de agendamento. De 2001 a 2006, o Sr. Mendes lecionou vários cursos no Departamento de Engenharia de Software e Informática do Instituto Superior Técnico, incluindo análise e design de sistemas de informação, integração de sistemas e inteligência artificial.</p>
