{"id":750,"date":"2025-09-25T09:25:41","date_gmt":"2025-09-25T09:25:41","guid":{"rendered":"https:\/\/bs.xl.pt\/conferencia-do-poder\/?post_type=attendants&#038;p=750"},"modified":"2025-10-20T13:53:25","modified_gmt":"2025-10-20T13:53:25","slug":"francisco-seixas-da-costa","status":"publish","type":"attendants","link":"https:\/\/bs.xl.pt\/conferencia-do-poder\/attendants\/francisco-seixas-da-costa\/","title":{"rendered":"Francisco Seixas da Costa"},"content":{"rendered":"\n<p>Francisco Seixas da Costa \u00e9 licenciado em Ci\u00eancias Sociais e Pol\u00edticas. Come\u00e7ou a sua atividade profissional na banca e numa empresa de publicidade. Foi diplomata durante cerca de quatro d\u00e9cadas, tendo sido, nomeadamente, embaixador nas Na\u00e7\u00f5es Unidas, na OSCE, no Brasil, em Fran\u00e7a e na Unesco. Foi secret\u00e1rio de Estado dos Assuntos Europeus, em dois governos. Chefiou o Centro Norte- Sul do Conselho da Europa. Desde 2013, \u00e9 consultor estrat\u00e9gico e membro dos corpos sociais de empresas no setor privado. Lecionou em universidades, foi colunista em \u00f3rg\u00e3os de imprensa di\u00e1ria e semanal, foi autor de livros e comentador televisivo regular sobre temas internacionais.<\/p>\n","protected":false},"featured_media":753,"template":"","meta":[],"categories":[],"tags":[15],"attendant_categories":[],"class_list":["post-750","attendants","type-attendants","status-publish","has-post-thumbnail","hentry","tag-negocios-25"],"_links":{"self":[{"href":"https:\/\/bs.xl.pt\/conferencia-do-poder\/wp-json\/wp\/v2\/attendants\/750","targetHints":{"allow":["GET"]}}],"collection":[{"href":"https:\/\/bs.xl.pt\/conferencia-do-poder\/wp-json\/wp\/v2\/attendants"}],"about":[{"href":"https:\/\/bs.xl.pt\/conferencia-do-poder\/wp-json\/wp\/v2\/types\/attendants"}],"wp:featuredmedia":[{"embeddable":true,"href":"https:\/\/bs.xl.pt\/conferencia-do-poder\/wp-json\/wp\/v2\/media\/753"}],"wp:attachment":[{"href":"https:\/\/bs.xl.pt\/conferencia-do-poder\/wp-json\/wp\/v2\/media?parent=750"}],"wp:term":[{"taxonomy":"category","embeddable":true,"href":"https:\/\/bs.xl.pt\/conferencia-do-poder\/wp-json\/wp\/v2\/categories?post=750"},{"taxonomy":"post_tag","embeddable":true,"href":"https:\/\/bs.xl.pt\/conferencia-do-poder\/wp-json\/wp\/v2\/tags?post=750"},{"taxonomy":"attendant_categories","embeddable":true,"href":"https:\/\/bs.xl.pt\/conferencia-do-poder\/wp-json\/wp\/v2\/attendant_categories?post=750"}],"curies":[{"name":"wp","href":"https:\/\/api.w.org\/{rel}","templated":true}]}}

<p>Francisco Seixas da Costa é licenciado em Ciências Sociais e Políticas. Começou a sua atividade profissional na banca e numa empresa de publicidade. Foi diplomata durante cerca de quatro décadas, tendo sido, nomeadamente, embaixador nas Nações Unidas, na OSCE, no Brasil, em França e na Unesco. Foi secretário de Estado dos Assuntos Europeus, em dois governos. Chefiou o Centro Norte- Sul do Conselho da Europa. Desde 2013, é consultor estratégico e membro dos corpos sociais de empresas no setor privado. Lecionou em universidades, foi colunista em órgãos de imprensa diária e semanal, foi autor de livros e comentador televisivo regular sobre temas internacionais.</p>
