{"id":837,"date":"2025-09-29T10:16:22","date_gmt":"2025-09-29T10:16:22","guid":{"rendered":"https:\/\/bs.xl.pt\/conferencia-do-poder\/?post_type=attendants&#038;p=837"},"modified":"2025-09-29T10:16:52","modified_gmt":"2025-09-29T10:16:52","slug":"carmen-fonseca","status":"publish","type":"attendants","link":"https:\/\/bs.xl.pt\/conferencia-do-poder\/attendants\/carmen-fonseca\/","title":{"rendered":"Carmen Fonseca"},"content":{"rendered":"\n<p>Professora Auxiliar, com Agrega\u00e7\u00e3o, no Departamento de Estudos Pol\u00edticos da NOVA-FCSH e Diretora do Instituto Portugu\u00eas de Rela\u00e7\u00f5es Internacionais da Universidade Nova de Lisboa (IPRI-NOVA). Doutorada em Rela\u00e7\u00f5es Internacionais (2014) pela NOVA-FCSH. Em 2023 foi Professora Visitante na Universidade Estadual do Rio de Janeiro e na Universidade de Bras\u00edlia e, em 2012, foi Investigadora Visitante na Funda\u00e7\u00e3o Get\u00falio Vargas. \u00c9 membro de v\u00e1rios projectos de investiga\u00e7\u00e3o com financiamento internacional e tem publicado sobre o tema da pol\u00edtica externa brasileira, as rela\u00e7\u00f5es Brasil-Uni\u00e3o Europeia e Portugal-Brasil. Foi editora da revista <em>Rela\u00e7\u00f5es Internacionais<\/em> entre 2008 e 2024.<\/p>\n","protected":false},"featured_media":840,"template":"","meta":[],"categories":[],"tags":[15],"attendant_categories":[],"class_list":["post-837","attendants","type-attendants","status-publish","has-post-thumbnail","hentry","tag-negocios-25"],"_links":{"self":[{"href":"https:\/\/bs.xl.pt\/conferencia-do-poder\/wp-json\/wp\/v2\/attendants\/837","targetHints":{"allow":["GET"]}}],"collection":[{"href":"https:\/\/bs.xl.pt\/conferencia-do-poder\/wp-json\/wp\/v2\/attendants"}],"about":[{"href":"https:\/\/bs.xl.pt\/conferencia-do-poder\/wp-json\/wp\/v2\/types\/attendants"}],"wp:featuredmedia":[{"embeddable":true,"href":"https:\/\/bs.xl.pt\/conferencia-do-poder\/wp-json\/wp\/v2\/media\/840"}],"wp:attachment":[{"href":"https:\/\/bs.xl.pt\/conferencia-do-poder\/wp-json\/wp\/v2\/media?parent=837"}],"wp:term":[{"taxonomy":"category","embeddable":true,"href":"https:\/\/bs.xl.pt\/conferencia-do-poder\/wp-json\/wp\/v2\/categories?post=837"},{"taxonomy":"post_tag","embeddable":true,"href":"https:\/\/bs.xl.pt\/conferencia-do-poder\/wp-json\/wp\/v2\/tags?post=837"},{"taxonomy":"attendant_categories","embeddable":true,"href":"https:\/\/bs.xl.pt\/conferencia-do-poder\/wp-json\/wp\/v2\/attendant_categories?post=837"}],"curies":[{"name":"wp","href":"https:\/\/api.w.org\/{rel}","templated":true}]}}

<p>Professora Auxiliar, com Agregação, no Departamento de Estudos Políticos da NOVA-FCSH e Diretora do Instituto Português de Relações Internacionais da Universidade Nova de Lisboa (IPRI-NOVA). Doutorada em Relações Internacionais (2014) pela NOVA-FCSH. Em 2023 foi Professora Visitante na Universidade Estadual do Rio de Janeiro e na Universidade de Brasília e, em 2012, foi Investigadora Visitante na Fundação Getúlio Vargas. É membro de vários projectos de investigação com financiamento internacional e tem publicado sobre o tema da política externa brasileira, as relações Brasil-União Europeia e Portugal-Brasil. Foi editora da revista <em>Relações Internacionais</em> entre 2008 e 2024.</p>
