{"id":906,"date":"2025-10-10T09:18:07","date_gmt":"2025-10-10T09:18:07","guid":{"rendered":"https:\/\/bs.xl.pt\/conferencia-do-poder\/?post_type=attendants&#038;p=906"},"modified":"2025-10-10T09:18:09","modified_gmt":"2025-10-10T09:18:09","slug":"joana-feliciano","status":"publish","type":"attendants","link":"https:\/\/bs.xl.pt\/conferencia-do-poder\/attendants\/joana-feliciano\/","title":{"rendered":"Joana Feliciano"},"content":{"rendered":"\n<p>A Joana Feliciano \u00e9 uma \u201cSonhadora Praticante\u201d &#8211; algu\u00e9m que alinha o cora\u00e7\u00e3o e a mente com uma miss\u00e3o de vida clara: capacitar pessoas e organiza\u00e7\u00f5es. \u00c9 licenciada em Rela\u00e7\u00f5es Internacionais (Universidade de Lisboa e Fatih University \u2013 Istambul), possui um Mestrado em Marketing e uma P\u00f3s-Gradua\u00e7\u00e3o em Marketing, Comunica\u00e7\u00e3o e Gest\u00e3o Multim\u00e9dia (ISEG \u2013 Universidade de Lisboa). Atualmente, frequenta uma P\u00f3s-Gradua\u00e7\u00e3o em Miss\u00f5es Humanit\u00e1rias, Cat\u00e1strofes e Gest\u00e3o de Conflitos na Escola Superior de Sa\u00fade da Cruz Vermelha Portuguesa, aprofundando a sua especializa\u00e7\u00e3o em comunica\u00e7\u00e3o estrat\u00e9gica e impacto social.<\/p>\n\n\n\n<p>Profissional de comunica\u00e7\u00e3o e marketing, com experi\u00eancia tanto no setor empresarial multinacional como no setor social, a Joana \u00e9 tamb\u00e9m volunt\u00e1ria e ativista, com um percurso em miss\u00f5es nacionais e internacionais na Europa, \u00c1frica e M\u00e9dio Oriente.<\/p>\n\n\n\n<p>Trabalha como formadora e mentora em iniciativas de empreendedorismo social e \u00e9 fundadora e l\u00edder de organiza\u00e7\u00f5es do terceiro setor. Foi facilitadora da Ubuntu Leaders Academy para \u00c1frica e o M\u00e9dio Oriente, e desempenhou o papel de anfitri\u00e3 e embaixadora de Portugal na primeira edi\u00e7\u00e3o do Ubuntu United Nations, regressando mais tarde como facilitadora na segunda edi\u00e7\u00e3o.<\/p>\n\n\n\n<p>Atualmente, \u00e9 Respons\u00e1vel de Comunica\u00e7\u00e3o e Rela\u00e7\u00f5es Externas na Portugal com ACNUR; vice-presidente da Assembleia Geral da ONGD WACT e fundadora e presidente da organiza\u00e7\u00e3o sem fins lucrativos Solo Adventures, com presen\u00e7a em Portugal, Brasil, Mo\u00e7ambique e S\u00e3o Tom\u00e9 e Pr\u00edncipe.<\/p>\n","protected":false},"featured_media":909,"template":"","meta":[],"categories":[],"tags":[15],"attendant_categories":[],"class_list":["post-906","attendants","type-attendants","status-publish","has-post-thumbnail","hentry","tag-negocios-25"],"_links":{"self":[{"href":"https:\/\/bs.xl.pt\/conferencia-do-poder\/wp-json\/wp\/v2\/attendants\/906","targetHints":{"allow":["GET"]}}],"collection":[{"href":"https:\/\/bs.xl.pt\/conferencia-do-poder\/wp-json\/wp\/v2\/attendants"}],"about":[{"href":"https:\/\/bs.xl.pt\/conferencia-do-poder\/wp-json\/wp\/v2\/types\/attendants"}],"wp:featuredmedia":[{"embeddable":true,"href":"https:\/\/bs.xl.pt\/conferencia-do-poder\/wp-json\/wp\/v2\/media\/909"}],"wp:attachment":[{"href":"https:\/\/bs.xl.pt\/conferencia-do-poder\/wp-json\/wp\/v2\/media?parent=906"}],"wp:term":[{"taxonomy":"category","embeddable":true,"href":"https:\/\/bs.xl.pt\/conferencia-do-poder\/wp-json\/wp\/v2\/categories?post=906"},{"taxonomy":"post_tag","embeddable":true,"href":"https:\/\/bs.xl.pt\/conferencia-do-poder\/wp-json\/wp\/v2\/tags?post=906"},{"taxonomy":"attendant_categories","embeddable":true,"href":"https:\/\/bs.xl.pt\/conferencia-do-poder\/wp-json\/wp\/v2\/attendant_categories?post=906"}],"curies":[{"name":"wp","href":"https:\/\/api.w.org\/{rel}","templated":true}]}}

<p>A Joana Feliciano é uma “Sonhadora Praticante” &#8211; alguém que alinha o coração e a mente com uma missão de vida clara: capacitar pessoas e organizações. É licenciada em Relações Internacionais (Universidade de Lisboa e Fatih University – Istambul), possui um Mestrado em Marketing e uma Pós-Graduação em Marketing, Comunicação e Gestão Multimédia (ISEG – Universidade de Lisboa). Atualmente, frequenta uma Pós-Graduação em Missões Humanitárias, Catástrofes e Gestão de Conflitos na Escola Superior de Saúde da Cruz Vermelha Portuguesa, aprofundando a sua especialização em comunicação estratégica e impacto social.</p>



<p>Profissional de comunicação e marketing, com experiência tanto no setor empresarial multinacional como no setor social, a Joana é também voluntária e ativista, com um percurso em missões nacionais e internacionais na Europa, África e Médio Oriente.</p>



<p>Trabalha como formadora e mentora em iniciativas de empreendedorismo social e é fundadora e líder de organizações do terceiro setor. Foi facilitadora da Ubuntu Leaders Academy para África e o Médio Oriente, e desempenhou o papel de anfitriã e embaixadora de Portugal na primeira edição do Ubuntu United Nations, regressando mais tarde como facilitadora na segunda edição.</p>



<p>Atualmente, é Responsável de Comunicação e Relações Externas na Portugal com ACNUR; vice-presidente da Assembleia Geral da ONGD WACT e fundadora e presidente da organização sem fins lucrativos Solo Adventures, com presença em Portugal, Brasil, Moçambique e São Tomé e Príncipe.</p>
