{"id":942,"date":"2025-10-14T16:43:47","date_gmt":"2025-10-14T16:43:47","guid":{"rendered":"https:\/\/bs.xl.pt\/conferencia-do-poder\/?post_type=attendants&#038;p=942"},"modified":"2025-10-14T16:43:48","modified_gmt":"2025-10-14T16:43:48","slug":"clara-raposo","status":"publish","type":"attendants","link":"https:\/\/bs.xl.pt\/conferencia-do-poder\/attendants\/clara-raposo\/","title":{"rendered":"Clara Raposo"},"content":{"rendered":"\n<p>\u00c9 professora catedr\u00e1tica de Finan\u00e7as no ISEG Lisbon School of Economics and Management, Universidade de Lisboa, desde 2010. Foi Presidente do ISEG entre julho de 2018 e novembro de 2022. Na universidade, tem desempenhado fun\u00e7\u00f5es de respons\u00e1vel pela \u00e1rea cient\u00edfica de Finan\u00e7as no Departamento de Gest\u00e3o, coordenadora do mestrado em Finance, do mestrado em Gest\u00e3o (MiM), da p\u00f3s-gradua\u00e7\u00e3o em An\u00e1lise Financeira e dos programas executivos Sustainable Finance: Green and Climate Finance e Strategic Leadership Program (com a Columbia Business School). No \u00e2mbito da sua atividade acad\u00e9mica, \u00e9 autora de publica\u00e7\u00f5es em revistas cient\u00edficas internacionais, entre as quais o International Journal of Central Banking, o Journal of Finance, o Journal of Financial Economics e o Small Business Economics.<\/p>\n\n\n\n<p>Anteriormente, foi professora associada com agrega\u00e7\u00e3o, professora associada e professora auxiliar no ISCTE &#8211; Instituto Universit\u00e1rio de Lisboa (2000-2010), University Lecturer of Finance na Universidade de Oxford, Said Business School (1998-2000), tutorial Fellow of Management no college St. Edmund Hall, Universidade de Oxford (1998-2000) e assistente estagi\u00e1ria na Nova SBE, Universidade Nova de Lisboa (1992-1993).<\/p>\n\n\n\n<p>Foi, at\u00e9 novembro de 2022, Presidente do Conselho de Administra\u00e7\u00e3o da Greenvolt \u2013 Energias Renov\u00e1veis, S.A. e membro da dire\u00e7\u00e3o do IPCG \u2013 Instituto Portugu\u00eas de Corporate Governance.<\/p>\n\n\n\n<p>\u00c9 doutorada em Finan\u00e7as pela London Business School, Universidade de Londres (1998), mestre em Economia pelo Queen Mary &amp; Westfield College, Universidade de Londres (1994) e licenciada em Economia pela Nova School of Business and Economics, Universidade Nova de Lisboa (1992).<\/p>\n","protected":false},"featured_media":945,"template":"","meta":[],"categories":[],"tags":[15],"attendant_categories":[],"class_list":["post-942","attendants","type-attendants","status-publish","has-post-thumbnail","hentry","tag-negocios-25"],"_links":{"self":[{"href":"https:\/\/bs.xl.pt\/conferencia-do-poder\/wp-json\/wp\/v2\/attendants\/942","targetHints":{"allow":["GET"]}}],"collection":[{"href":"https:\/\/bs.xl.pt\/conferencia-do-poder\/wp-json\/wp\/v2\/attendants"}],"about":[{"href":"https:\/\/bs.xl.pt\/conferencia-do-poder\/wp-json\/wp\/v2\/types\/attendants"}],"wp:featuredmedia":[{"embeddable":true,"href":"https:\/\/bs.xl.pt\/conferencia-do-poder\/wp-json\/wp\/v2\/media\/945"}],"wp:attachment":[{"href":"https:\/\/bs.xl.pt\/conferencia-do-poder\/wp-json\/wp\/v2\/media?parent=942"}],"wp:term":[{"taxonomy":"category","embeddable":true,"href":"https:\/\/bs.xl.pt\/conferencia-do-poder\/wp-json\/wp\/v2\/categories?post=942"},{"taxonomy":"post_tag","embeddable":true,"href":"https:\/\/bs.xl.pt\/conferencia-do-poder\/wp-json\/wp\/v2\/tags?post=942"},{"taxonomy":"attendant_categories","embeddable":true,"href":"https:\/\/bs.xl.pt\/conferencia-do-poder\/wp-json\/wp\/v2\/attendant_categories?post=942"}],"curies":[{"name":"wp","href":"https:\/\/api.w.org\/{rel}","templated":true}]}}

<p>É professora catedrática de Finanças no ISEG Lisbon School of Economics and Management, Universidade de Lisboa, desde 2010. Foi Presidente do ISEG entre julho de 2018 e novembro de 2022. Na universidade, tem desempenhado funções de responsável pela área científica de Finanças no Departamento de Gestão, coordenadora do mestrado em Finance, do mestrado em Gestão (MiM), da pós-graduação em Análise Financeira e dos programas executivos Sustainable Finance: Green and Climate Finance e Strategic Leadership Program (com a Columbia Business School). No âmbito da sua atividade académica, é autora de publicações em revistas científicas internacionais, entre as quais o International Journal of Central Banking, o Journal of Finance, o Journal of Financial Economics e o Small Business Economics.</p>



<p>Anteriormente, foi professora associada com agregação, professora associada e professora auxiliar no ISCTE &#8211; Instituto Universitário de Lisboa (2000-2010), University Lecturer of Finance na Universidade de Oxford, Said Business School (1998-2000), tutorial Fellow of Management no college St. Edmund Hall, Universidade de Oxford (1998-2000) e assistente estagiária na Nova SBE, Universidade Nova de Lisboa (1992-1993).</p>



<p>Foi, até novembro de 2022, Presidente do Conselho de Administração da Greenvolt – Energias Renováveis, S.A. e membro da direção do IPCG – Instituto Português de Corporate Governance.</p>



<p>É doutorada em Finanças pela London Business School, Universidade de Londres (1998), mestre em Economia pelo Queen Mary &amp; Westfield College, Universidade de Londres (1994) e licenciada em Economia pela Nova School of Business and Economics, Universidade Nova de Lisboa (1992).</p>
