{"id":948,"date":"2025-10-14T16:46:37","date_gmt":"2025-10-14T16:46:37","guid":{"rendered":"https:\/\/bs.xl.pt\/conferencia-do-poder\/?post_type=attendants&#038;p=948"},"modified":"2025-10-14T16:46:39","modified_gmt":"2025-10-14T16:46:39","slug":"andre-themudo","status":"publish","type":"attendants","link":"https:\/\/bs.xl.pt\/conferencia-do-poder\/attendants\/andre-themudo\/","title":{"rendered":"Andr\u00e9 Themudo"},"content":{"rendered":"\n<p>Com cerca de 20 anos de experi\u00eancia acumulada nas \u00e1reas da Gest\u00e3o de Ativos, Corporate Finance e Setor Banc\u00e1rio, Andr\u00e9 Themudo \u00e9 respons\u00e1vel pelo desenvolvimento de neg\u00f3cio da BlackRock em Portugal e do neg\u00f3cio de wealth para a Iberia.<\/p>\n\n\n\n<p>Antes de ingressar na BlackRock, em 2011, Andr\u00e9 Themudo passou pelo departamento de Estrat\u00e9gia do Banco Esp\u00edrito Santo, pela \u00e1rea de Corporate Finance da Logoplaste e pelas Vendas da Fidelity Investments, em Madrid.<\/p>\n\n\n\n<p>\u00c9 licenciado em Economia pela Faculdade de Ci\u00eancias Econ\u00f3micas e Empresariais da Universidade Cat\u00f3lica Portuguesa, com Mestrado em Finan\u00e7as pela ISCTE Business School, em Lisboa.&nbsp;<\/p>\n","protected":false},"featured_media":951,"template":"","meta":[],"categories":[],"tags":[15],"attendant_categories":[],"class_list":["post-948","attendants","type-attendants","status-publish","has-post-thumbnail","hentry","tag-negocios-25"],"_links":{"self":[{"href":"https:\/\/bs.xl.pt\/conferencia-do-poder\/wp-json\/wp\/v2\/attendants\/948","targetHints":{"allow":["GET"]}}],"collection":[{"href":"https:\/\/bs.xl.pt\/conferencia-do-poder\/wp-json\/wp\/v2\/attendants"}],"about":[{"href":"https:\/\/bs.xl.pt\/conferencia-do-poder\/wp-json\/wp\/v2\/types\/attendants"}],"wp:featuredmedia":[{"embeddable":true,"href":"https:\/\/bs.xl.pt\/conferencia-do-poder\/wp-json\/wp\/v2\/media\/951"}],"wp:attachment":[{"href":"https:\/\/bs.xl.pt\/conferencia-do-poder\/wp-json\/wp\/v2\/media?parent=948"}],"wp:term":[{"taxonomy":"category","embeddable":true,"href":"https:\/\/bs.xl.pt\/conferencia-do-poder\/wp-json\/wp\/v2\/categories?post=948"},{"taxonomy":"post_tag","embeddable":true,"href":"https:\/\/bs.xl.pt\/conferencia-do-poder\/wp-json\/wp\/v2\/tags?post=948"},{"taxonomy":"attendant_categories","embeddable":true,"href":"https:\/\/bs.xl.pt\/conferencia-do-poder\/wp-json\/wp\/v2\/attendant_categories?post=948"}],"curies":[{"name":"wp","href":"https:\/\/api.w.org\/{rel}","templated":true}]}}

André Themudo

<p>Com cerca de 20 anos de experiência acumulada nas áreas da Gestão de Ativos, Corporate Finance e Setor Bancário, André Themudo é responsável pelo desenvolvimento de negócio da BlackRock em Portugal e do negócio de wealth para a Iberia.</p>



<p>Antes de ingressar na BlackRock, em 2011, André Themudo passou pelo departamento de Estratégia do Banco Espírito Santo, pela área de Corporate Finance da Logoplaste e pelas Vendas da Fidelity Investments, em Madrid.</p>



<p>É licenciado em Economia pela Faculdade de Ciências Económicas e Empresariais da Universidade Católica Portuguesa, com Mestrado em Finanças pela ISCTE Business School, em Lisboa.&nbsp;</p>
