{"id":954,"date":"2025-10-14T16:48:11","date_gmt":"2025-10-14T16:48:11","guid":{"rendered":"https:\/\/bs.xl.pt\/conferencia-do-poder\/?post_type=attendants&#038;p=954"},"modified":"2025-10-14T16:48:12","modified_gmt":"2025-10-14T16:48:12","slug":"miguel-setas","status":"publish","type":"attendants","link":"https:\/\/bs.xl.pt\/conferencia-do-poder\/attendants\/miguel-setas\/","title":{"rendered":"Miguel Setas"},"content":{"rendered":"\n<p>Formado em F\u00edsica e Mestre em Engenharia Eletrot\u00e9cnica e de Computadores pelo IST, \u00e9 atualmente CEO da Motiva, maior empresa de infraestrutura de mobilidade do Brasil, l\u00edder em concess\u00f5es de autoestradas, comboios de passageiros, metros e um dos 3 maiores operadores de aeroportos. Anteriormente, atuou por 7 anos como CEO e dois anos como presidente do Conselho da EDP Brasil. Em Portugal, foi membro do Conselho da EDP por 8 anos, onde foi respons\u00e1vel pelo neg\u00f3cio de infraestrutura de redes em Portugal, Espanha e Brasil.<\/p>\n","protected":false},"featured_media":957,"template":"","meta":[],"categories":[],"tags":[15],"attendant_categories":[],"class_list":["post-954","attendants","type-attendants","status-publish","has-post-thumbnail","hentry","tag-negocios-25"],"_links":{"self":[{"href":"https:\/\/bs.xl.pt\/conferencia-do-poder\/wp-json\/wp\/v2\/attendants\/954","targetHints":{"allow":["GET"]}}],"collection":[{"href":"https:\/\/bs.xl.pt\/conferencia-do-poder\/wp-json\/wp\/v2\/attendants"}],"about":[{"href":"https:\/\/bs.xl.pt\/conferencia-do-poder\/wp-json\/wp\/v2\/types\/attendants"}],"wp:featuredmedia":[{"embeddable":true,"href":"https:\/\/bs.xl.pt\/conferencia-do-poder\/wp-json\/wp\/v2\/media\/957"}],"wp:attachment":[{"href":"https:\/\/bs.xl.pt\/conferencia-do-poder\/wp-json\/wp\/v2\/media?parent=954"}],"wp:term":[{"taxonomy":"category","embeddable":true,"href":"https:\/\/bs.xl.pt\/conferencia-do-poder\/wp-json\/wp\/v2\/categories?post=954"},{"taxonomy":"post_tag","embeddable":true,"href":"https:\/\/bs.xl.pt\/conferencia-do-poder\/wp-json\/wp\/v2\/tags?post=954"},{"taxonomy":"attendant_categories","embeddable":true,"href":"https:\/\/bs.xl.pt\/conferencia-do-poder\/wp-json\/wp\/v2\/attendant_categories?post=954"}],"curies":[{"name":"wp","href":"https:\/\/api.w.org\/{rel}","templated":true}]}}

<p>Formado em Física e Mestre em Engenharia Eletrotécnica e de Computadores pelo IST, é atualmente CEO da Motiva, maior empresa de infraestrutura de mobilidade do Brasil, líder em concessões de autoestradas, comboios de passageiros, metros e um dos 3 maiores operadores de aeroportos. Anteriormente, atuou por 7 anos como CEO e dois anos como presidente do Conselho da EDP Brasil. Em Portugal, foi membro do Conselho da EDP por 8 anos, onde foi responsável pelo negócio de infraestrutura de redes em Portugal, Espanha e Brasil.</p>
