{"id":139,"date":"2025-02-10T10:16:08","date_gmt":"2025-02-10T10:16:08","guid":{"rendered":"https:\/\/bs.xl.pt\/corporate-padel-league\/?page_id=139"},"modified":"2025-02-11T19:33:13","modified_gmt":"2025-02-11T19:33:13","slug":"perguntas-frequentes","status":"publish","type":"page","link":"https:\/\/bs.xl.pt\/corporate-padel-league\/perguntas-frequentes\/","title":{"rendered":"Perguntas Frequentes"},"content":{"rendered":"\n<h4 class=\"wp-block-heading\">Qual ser\u00e1 o formato da prova?<\/h4>\n\n\n\n<p>A prova disputar-se-\u00e1 em 2 fases: a fase regional (nas 5 regi\u00f5es) e uma final\u00edssima (com os apurados de cada regi\u00e3o da fase regional).<\/p>\n\n\n\n<h4 class=\"wp-block-heading\">Quantas equipas apuram para a final\u00edssima?<\/h4>\n\n\n\n<p><strong><em>No Quadro A<\/em><\/strong>, dependendo do n.\u00ba de inscri\u00e7\u00f5es, ser\u00e3o apuradas o seguinte n.\u00ba equipas para a final\u00edssima:<\/p>\n\n\n\n<p>At\u00e9 16 Equipas Inscritas &#8211; 2<br>De 17 a 24 Equipas Inscritas &#8211; 3<br>De 25 a 32 Equipas Inscritas &#8211; 4<\/p>\n\n\n\n<p><strong><em>No Quadro B<\/em><\/strong>, apuram 1 equipa por regi\u00e3o.<\/p>\n\n\n\n<h4 class=\"wp-block-heading\">Qual ser\u00e1 o sistema da competi\u00e7\u00e3o?<\/h4>\n\n\n\n<p>O sistema de competi\u00e7\u00e3o ser\u00e1 por grupos seguido de um quadro de elimina\u00e7\u00e3o direta entre as equipas melhor classificadas (quadro A), e tamb\u00e9m quadro de elimina\u00e7\u00e3o direta (quadro B) para as restantes equipas.<\/p>\n\n\n\n<h4 class=\"wp-block-heading\">Quantas vezes pode jogar a minha equipa?&nbsp;<\/h4>\n\n\n\n<p>A competi\u00e7\u00e3o ser\u00e1 sempre formada em grupos de 4 equipas, por isso cada equipa ter\u00e1 no m\u00ednimo 3 encontros na fase de grupos, o que resulta no m\u00ednimo de 9 jogos. Jogar\u00e3o ainda pelo menos mais 1 encontro no quadro A ou quadro B.<\/p>\n\n\n\n<h4 class=\"wp-block-heading\">Existem equipas mistas?&nbsp;<\/h4>\n\n\n\n<p>N\u00e3o, as equipas ser\u00e3o apenas femininas ou Masculinas, com o m\u00ednimo de 6 jogadores e m\u00e1ximo de 10..<\/p>\n\n\n\n<h4 class=\"wp-block-heading\">Posso inscrever a minha empresa em regi\u00f5es diferentes?&nbsp;<\/h4>\n\n\n\n<p>Sim cada empresa poder\u00e1 inscrever v\u00e1rias equipas na prova, e em diferentes regi\u00f5es. Mas os elementos de uma equipa n\u00e3o podem jogar por outras equipas, mesmo que sejam da mesma empresa.<\/p>\n\n\n\n<h4 class=\"wp-block-heading\">Posso inscrever qualquer jogador na minha empresa?&nbsp;<\/h4>\n\n\n\n<p>Atletas com ranking nacional da FPP n\u00edvel 1 n\u00e3o podem participar. Atletas de n\u00edvel 2 da classifica\u00e7\u00e3o da FPP, e top 10 nacional de veteranos da classifica\u00e7\u00e3o geral, n\u00e3o podem jogar juntos nos pares.<\/p>\n\n\n\n<h4 class=\"wp-block-heading\">Quantas equipas posso inscrever?&nbsp;<\/h4>\n\n\n\n<p>N\u00e3o h\u00e1 limite de inscri\u00e7\u00f5es por empresa.<\/p>\n\n\n\n<h4 class=\"wp-block-heading\">Haver\u00e1 limite de equipas admitidas em cada prova<\/h4>\n\n\n\n<p>Sim h\u00e1 e varia de regi\u00e3o para regi\u00e3o<\/p>\n\n\n\n<h4 class=\"wp-block-heading\">Todos os elementos da minha equipa precisam de ser colaboradores da minha equipa?&nbsp;<\/h4>\n\n\n\n<p>N\u00e3o, apenas 1 jogador necessita ser colaborador da empresa inscrita.<\/p>\n\n\n\n<h4 class=\"wp-block-heading\">H\u00e1 limite de n\u00edvel de jogador para entrar neste campeonato?<\/h4>\n\n\n\n<p>Atletas com ranking nacional da FPP n\u00edvel 1 n\u00e3o podem participar. Atletas de n\u00edvel 2 da classifica\u00e7\u00e3o da FPP, e top 10 nacional de veteranos da classifica\u00e7\u00e3o geral, n\u00e3o podem jogar juntos nos pares.<\/p>\n\n\n\n<h4 class=\"wp-block-heading\">O que oferece a participa\u00e7\u00e3o no CPL\u201925?<\/h4>\n\n\n\n<ul class=\"wp-block-list\">\n<li>Cada equipa joga no m\u00ednimo 4 encontros (12 jogos), 3 encontros (9 jogos) na fase de grupos e mais 1 encontro (no m\u00ednimo) no quadro A ou quadro B;<\/li>\n\n\n\n<li>Networking com empresas de diferentes setores de todo o pa\u00eds;<\/li>\n\n\n\n<li>Kit jogador, por jogador;<\/li>\n\n\n\n<li>Acesso a Fisioterapia by Fisiogaspar, durante todo o evento;<\/li>\n\n\n\n<li>Acesso a posto de emerg\u00eancia m\u00e9dica by Lus\u00edadas Sa\u00fade, durante todo o evento;<\/li>\n\n\n\n<li>Free bar de cerveja, Vinhos Fiuza, \u00e1gua Vitalis, Caf\u00e9 Delta;<\/li>\n\n\n\n<li>Snaks: Frutos secos, Bananas;<\/li>\n\n\n\n<li>Medalhas e pr\u00e9mios para vencedores e finalistas Regionais, <strong><em>tanto no Quadro A como no Quadro B<\/em><\/strong>;<\/li>\n\n\n\n<li>Pr\u00e9mios para as Empresas Campe\u00e3s Nacionais.<\/li>\n\n\n\n<li><strong><em>Os finalistas de cada regi\u00e3o (equipas apuradas para a final\u00edssima) recebem uma inscri\u00e7\u00e3o para a edi\u00e7\u00e3o de 2026!<\/em><\/strong><\/li>\n<\/ul>\n\n\n\n<h4 class=\"wp-block-heading\">Quando vai ser entregue o Kit jogador?&nbsp;<\/h4>\n\n\n\n<p>Os kits de jogador, ser\u00e3o distribu\u00eddos na acredita\u00e7\u00e3o no in\u00edcio de cada prova regional.<\/p>\n\n\n\n<h4 class=\"wp-block-heading\">Quais as \u00e1reas do evento?<\/h4>\n\n\n\n<p>Contamos que todas as provas tenham Zona corporate; Players lounge; Media partners; Village (zona comercial) e Street Food.<\/p>\n\n\n\n<h4 class=\"wp-block-heading\">Quando sabemos o hor\u00e1rio dos jogos?&nbsp;<\/h4>\n\n\n\n<p>Todas as informa\u00e7\u00f5es acerca dos jogos ser\u00e3o previamente publicadas na nossa plataforma TieSports\/tiePlayer, assim como no nosso site oficial.<\/p>\n","protected":false},"excerpt":{"rendered":"<p>Qual ser\u00e1 o formato da prova? A prova disputar-se-\u00e1 em 2 fases: a fase regional (nas 5 regi\u00f5es) e uma final\u00edssima (com os apurados de cada regi\u00e3o da fase regional). Quantas equipas apuram para a final\u00edssima? No Quadro A, dependendo do n.\u00ba de inscri\u00e7\u00f5es, ser\u00e3o apuradas o seguinte n.\u00ba equipas para a final\u00edssima: At\u00e9 16 [&hellip;]<\/p>\n","protected":false},"author":5,"featured_media":0,"parent":0,"menu_order":0,"comment_status":"closed","ping_status":"closed","template":"","meta":{"footnotes":""},"class_list":["post-139","page","type-page","status-publish","hentry"],"_links":{"self":[{"href":"https:\/\/bs.xl.pt\/corporate-padel-league\/wp-json\/wp\/v2\/pages\/139","targetHints":{"allow":["GET"]}}],"collection":[{"href":"https:\/\/bs.xl.pt\/corporate-padel-league\/wp-json\/wp\/v2\/pages"}],"about":[{"href":"https:\/\/bs.xl.pt\/corporate-padel-league\/wp-json\/wp\/v2\/types\/page"}],"author":[{"embeddable":true,"href":"https:\/\/bs.xl.pt\/corporate-padel-league\/wp-json\/wp\/v2\/users\/5"}],"replies":[{"embeddable":true,"href":"https:\/\/bs.xl.pt\/corporate-padel-league\/wp-json\/wp\/v2\/comments?post=139"}],"version-history":[{"count":16,"href":"https:\/\/bs.xl.pt\/corporate-padel-league\/wp-json\/wp\/v2\/pages\/139\/revisions"}],"predecessor-version":[{"id":2095,"href":"https:\/\/bs.xl.pt\/corporate-padel-league\/wp-json\/wp\/v2\/pages\/139\/revisions\/2095"}],"wp:attachment":[{"href":"https:\/\/bs.xl.pt\/corporate-padel-league\/wp-json\/wp\/v2\/media?parent=139"}],"curies":[{"name":"wp","href":"https:\/\/api.w.org\/{rel}","templated":true}]}}