{"id":1897,"date":"2022-05-31T08:55:41","date_gmt":"2022-05-31T08:55:41","guid":{"rendered":"https:\/\/bs.xl.pt\/electric-summit\/?post_type=attendants&#038;p=1897"},"modified":"2024-05-27T18:34:31","modified_gmt":"2024-05-27T17:34:31","slug":"tim-marshall","status":"publish","type":"attendants","link":"https:\/\/bs.xl.pt\/electric-summit\/attendants\/tim-marshall\/","title":{"rendered":"Tim Marshall"},"content":{"rendered":"\n<p>Autoridade l\u00edder em geopol\u00edtica e assuntos estrangeiros, Tim Marshall \u00e9 o ex-editor diplom\u00e1tico e correspondente estrangeiro da Sky News. Conhecido por sua capacidade de identificar as causas subjacentes aos eventos mundiais, ele j\u00e1 relatou de mais de trinta pa\u00edses, incluindo 12 zonas de guerra e conflito, e publicou seis livros sobre rela\u00e7\u00f5es internacionais. Seu quarto livro, Prisioneiros da Geografia, tornou-se um best-seller ic\u00f4nico do New York Times e do Sunday Times, com mais de um milh\u00e3o de c\u00f3pias vendidas em todo o mundo.<\/p>\n\n\n\n<p>Em 1999, Tim foi um dos poucos jornalistas ocidentais a permanecer em Belgrado, reportando sobre a crise do Kosovo, apesar dos bombardeios da OTAN. Seu livro Shadowplay: The Overthrow of Slobodan Milosevic foi um best-seller na ex-Iugosl\u00e1via e continua a ser um dos relatos mais respeitados desse per\u00edodo. Nos \u00faltimos anos, ele cobriu os conflitos no Iraque, Gaza, Afeganist\u00e3o, L\u00edbia e S\u00edria. Sua cobertura da guerra do Iraque em 2004 e seu relat\u00f3rio sobre os Mujahadeen em 2007 lhe renderam uma posi\u00e7\u00e3o de finalista na categoria de Evento de Not\u00edcias da Royal Television Society.<\/p>\n\n\n\n<p>Tim foi alvejado com chumbinho no Cairo, agredido pela pol\u00edcia em Teer\u00e3o, preso pela intelig\u00eancia s\u00e9rvia, detido em Damasco, declarado <em>persona non grata<\/em> na Cro\u00e1cia, atingido na cabe\u00e7a com uma t\u00e1bua de madeira em Londres, bombardeado pela RAF em Belgrado e exposto a g\u00e1s lacrimog\u00e9neo em todo o mundo.<\/p>\n\n\n\n<p>Apreciado pela sua capacidade \u00fanica de contextualizar os assuntos atuais. Ele tem analisado extensivamente, por exemplo, como a geografia influencia o comportamento e a intera\u00e7\u00e3o entre os estados. Em seus escritos sobre a pol\u00edtica externa russa, por exemplo, ele discute como a plan\u00edcie entre o Mar B\u00e1ltico e os Montes C\u00e1rpatos &#8211; a Pol\u00f4nia moderna &#8211; h\u00e1 s\u00e9culos torna a R\u00fassia vulner\u00e1vel a invas\u00f5es de ex\u00e9rcitos ocidentais. Isso alimentou uma vis\u00e3o hist\u00f3rica entre os l\u00edderes russos de Bieolorrusia e Ucr\u00e2nia como zonas de amortecimento entre as for\u00e7as ocidentais e Moscovo, e podemos ver essa vis\u00e3o ressurgindo na recente invas\u00e3o da Ucr\u00e2nia.<\/p>\n\n\n\n<p>Tim tamb\u00e9m utiliza seus conhecimentos sobre rela\u00e7\u00f5es internacionais para prever futuros acontecimentos e crises, e seu trabalho cada vez mais comenta sobre a interse\u00e7\u00e3o entre avan\u00e7os tecnol\u00f3gicos e desenvolvimentos pol\u00edticos. Seu pr\u00f3ximo livro, Space, explora a geopol\u00edtica do espa\u00e7o. Ele destaca que, com sat\u00e9lites mantendo a economia mundial, metais espaciais valendo mais do que o PIB da maioria dos pa\u00edses, e pessoas esperadas em Marte na pr\u00f3xima d\u00e9cada, o espa\u00e7o dominar\u00e1 cada vez mais o pensamento militar. As superpot\u00eancias l\u00edderes, R\u00fassia, Am\u00e9rica e China, todas possuem comandos espaciais e est\u00e3o desenvolvendo capacidades de guerra para o espa\u00e7o.<\/p>\n\n\n\n<p>Seus outros livros incluem Vale a Pena Morrer Por &#8211; O Poder e a Pol\u00edtica das Bandeiras, Divididos &#8211; Por que Vivemos Numa Era de Muros, e O Poder da Geografia &#8211; Dez Mapas Que Revelam o Futuro do Nosso Mundo.<\/p>\n\n\n\n<p>Tim deixa as audi\u00eancias com uma compreens\u00e3o mais rica das regi\u00f5es em que vivemos e das rela\u00e7\u00f5es entre elas. Ele inspira as pessoas com um sentido mais profundo de como podemos nos adaptar melhor \u00e0s vicissitudes dos desenvolvimentos sociais, pol\u00edticos, econ\u00f4micos e tecnol\u00f3gicos.<\/p>\n","protected":false},"featured_media":1900,"template":"","meta":[],"categories":[508],"tags":[],"attendant_categories":[],"class_list":["post-1897","attendants","type-attendants","status-publish","has-post-thumbnail","hentry","category-portugal-energy-conference"],"_links":{"self":[{"href":"https:\/\/bs.xl.pt\/electric-summit\/wp-json\/wp\/v2\/attendants\/1897","targetHints":{"allow":["GET"]}}],"collection":[{"href":"https:\/\/bs.xl.pt\/electric-summit\/wp-json\/wp\/v2\/attendants"}],"about":[{"href":"https:\/\/bs.xl.pt\/electric-summit\/wp-json\/wp\/v2\/types\/attendants"}],"wp:featuredmedia":[{"embeddable":true,"href":"https:\/\/bs.xl.pt\/electric-summit\/wp-json\/wp\/v2\/media\/1900"}],"wp:attachment":[{"href":"https:\/\/bs.xl.pt\/electric-summit\/wp-json\/wp\/v2\/media?parent=1897"}],"wp:term":[{"taxonomy":"category","embeddable":true,"href":"https:\/\/bs.xl.pt\/electric-summit\/wp-json\/wp\/v2\/categories?post=1897"},{"taxonomy":"post_tag","embeddable":true,"href":"https:\/\/bs.xl.pt\/electric-summit\/wp-json\/wp\/v2\/tags?post=1897"},{"taxonomy":"attendant_categories","embeddable":true,"href":"https:\/\/bs.xl.pt\/electric-summit\/wp-json\/wp\/v2\/attendant_categories?post=1897"}],"curies":[{"name":"wp","href":"https:\/\/api.w.org\/{rel}","templated":true}]}}

<p>Autoridade líder em geopolítica e assuntos estrangeiros, Tim Marshall é o ex-editor diplomático e correspondente estrangeiro da Sky News. Conhecido por sua capacidade de identificar as causas subjacentes aos eventos mundiais, ele já relatou de mais de trinta países, incluindo 12 zonas de guerra e conflito, e publicou seis livros sobre relações internacionais. Seu quarto livro, Prisioneiros da Geografia, tornou-se um best-seller icônico do New York Times e do Sunday Times, com mais de um milhão de cópias vendidas em todo o mundo.</p>



<p>Em 1999, Tim foi um dos poucos jornalistas ocidentais a permanecer em Belgrado, reportando sobre a crise do Kosovo, apesar dos bombardeios da OTAN. Seu livro Shadowplay: The Overthrow of Slobodan Milosevic foi um best-seller na ex-Iugoslávia e continua a ser um dos relatos mais respeitados desse período. Nos últimos anos, ele cobriu os conflitos no Iraque, Gaza, Afeganistão, Líbia e Síria. Sua cobertura da guerra do Iraque em 2004 e seu relatório sobre os Mujahadeen em 2007 lhe renderam uma posição de finalista na categoria de Evento de Notícias da Royal Television Society.</p>



<p>Tim foi alvejado com chumbinho no Cairo, agredido pela polícia em Teerão, preso pela inteligência sérvia, detido em Damasco, declarado <em>persona non grata</em> na Croácia, atingido na cabeça com uma tábua de madeira em Londres, bombardeado pela RAF em Belgrado e exposto a gás lacrimogéneo em todo o mundo.</p>



<p>Apreciado pela sua capacidade única de contextualizar os assuntos atuais. Ele tem analisado extensivamente, por exemplo, como a geografia influencia o comportamento e a interação entre os estados. Em seus escritos sobre a política externa russa, por exemplo, ele discute como a planície entre o Mar Báltico e os Montes Cárpatos &#8211; a Polônia moderna &#8211; há séculos torna a Rússia vulnerável a invasões de exércitos ocidentais. Isso alimentou uma visão histórica entre os líderes russos de Bieolorrusia e Ucrânia como zonas de amortecimento entre as forças ocidentais e Moscovo, e podemos ver essa visão ressurgindo na recente invasão da Ucrânia.</p>



<p>Tim também utiliza seus conhecimentos sobre relações internacionais para prever futuros acontecimentos e crises, e seu trabalho cada vez mais comenta sobre a interseção entre avanços tecnológicos e desenvolvimentos políticos. Seu próximo livro, Space, explora a geopolítica do espaço. Ele destaca que, com satélites mantendo a economia mundial, metais espaciais valendo mais do que o PIB da maioria dos países, e pessoas esperadas em Marte na próxima década, o espaço dominará cada vez mais o pensamento militar. As superpotências líderes, Rússia, América e China, todas possuem comandos espaciais e estão desenvolvendo capacidades de guerra para o espaço.</p>



<p>Seus outros livros incluem Vale a Pena Morrer Por &#8211; O Poder e a Política das Bandeiras, Divididos &#8211; Por que Vivemos Numa Era de Muros, e O Poder da Geografia &#8211; Dez Mapas Que Revelam o Futuro do Nosso Mundo.</p>



<p>Tim deixa as audiências com uma compreensão mais rica das regiões em que vivemos e das relações entre elas. Ele inspira as pessoas com um sentido mais profundo de como podemos nos adaptar melhor às vicissitudes dos desenvolvimentos sociais, políticos, econômicos e tecnológicos.</p>
