{"id":3851,"date":"2024-06-06T16:20:12","date_gmt":"2024-06-06T15:20:12","guid":{"rendered":"https:\/\/bs.xl.pt\/electric-summit\/?post_type=attendants&#038;p=3851"},"modified":"2024-06-06T16:20:13","modified_gmt":"2024-06-06T15:20:13","slug":"eduardo-barata","status":"publish","type":"attendants","link":"https:\/\/bs.xl.pt\/electric-summit\/attendants\/eduardo-barata\/","title":{"rendered":"Eduardo Barata"},"content":{"rendered":"\n<p>Eduardo Barata \u00e9 Administrador Executivo da Metro-Mondego, S.A.<\/p>\n\n\n\n<p>\u00c9 licenciado em Economia e Mestre em Economia Financeira pela Faculdade de Economia da Universidade de Coimbra. Possui um Doutoramento em Environmental Social Sciences\/Environmental Economics pela Universidade de Keele, no Reino Unido.<\/p>\n\n\n\n<p>\u00c9 Professor Associado na Universidade de Coimbra desde 2021 e investigador integrado do CeBER Centre for Business and Economics Research, da Universidade de Coimbra. Atua na \u00e1rea de Ci\u00eancias Sociais com \u00eanfase em Economia e Gest\u00e3o.<\/p>\n","protected":false},"featured_media":3854,"template":"","meta":[],"categories":[1181],"tags":[],"attendant_categories":[],"class_list":["post-3851","attendants","type-attendants","status-publish","has-post-thumbnail","hentry","category-conferencia-1-2024"],"_links":{"self":[{"href":"https:\/\/bs.xl.pt\/electric-summit\/wp-json\/wp\/v2\/attendants\/3851","targetHints":{"allow":["GET"]}}],"collection":[{"href":"https:\/\/bs.xl.pt\/electric-summit\/wp-json\/wp\/v2\/attendants"}],"about":[{"href":"https:\/\/bs.xl.pt\/electric-summit\/wp-json\/wp\/v2\/types\/attendants"}],"wp:featuredmedia":[{"embeddable":true,"href":"https:\/\/bs.xl.pt\/electric-summit\/wp-json\/wp\/v2\/media\/3854"}],"wp:attachment":[{"href":"https:\/\/bs.xl.pt\/electric-summit\/wp-json\/wp\/v2\/media?parent=3851"}],"wp:term":[{"taxonomy":"category","embeddable":true,"href":"https:\/\/bs.xl.pt\/electric-summit\/wp-json\/wp\/v2\/categories?post=3851"},{"taxonomy":"post_tag","embeddable":true,"href":"https:\/\/bs.xl.pt\/electric-summit\/wp-json\/wp\/v2\/tags?post=3851"},{"taxonomy":"attendant_categories","embeddable":true,"href":"https:\/\/bs.xl.pt\/electric-summit\/wp-json\/wp\/v2\/attendant_categories?post=3851"}],"curies":[{"name":"wp","href":"https:\/\/api.w.org\/{rel}","templated":true}]}}

<p>Eduardo Barata é Administrador Executivo da Metro-Mondego, S.A.</p>



<p>É licenciado em Economia e Mestre em Economia Financeira pela Faculdade de Economia da Universidade de Coimbra. Possui um Doutoramento em Environmental Social Sciences/Environmental Economics pela Universidade de Keele, no Reino Unido.</p>



<p>É Professor Associado na Universidade de Coimbra desde 2021 e investigador integrado do CeBER Centre for Business and Economics Research, da Universidade de Coimbra. Atua na área de Ciências Sociais com ênfase em Economia e Gestão.</p>
