{"id":4330,"date":"2025-01-28T17:37:03","date_gmt":"2025-01-28T17:37:03","guid":{"rendered":"https:\/\/bs.xl.pt\/electric-summit\/?post_type=attendants&#038;p=4330"},"modified":"2025-01-29T16:06:14","modified_gmt":"2025-01-29T16:06:14","slug":"bernardo-mendia","status":"publish","type":"attendants","link":"https:\/\/bs.xl.pt\/electric-summit\/attendants\/bernardo-mendia\/","title":{"rendered":"Bernardo Mendia"},"content":{"rendered":"\n<p>Bernardo Mendia \u00e9 Presidente da C\u00e2mara de Com\u00e9rcio e Ind\u00fastria Portugal-Hong Kong (PHKCCI) desde 2019, Secret\u00e1rio-geral da C\u00e2mara de Com\u00e9rcio e Ind\u00fastria Luso-Chinesa (CCILC) desde 2021 e Secret\u00e1rio-geral da Federa\u00e7\u00e3o Portuguesa das Associa\u00e7\u00f5es Taurinas (PR\u00d3TOIRO) desde 2024. <\/p>\n\n\n\n<p>\u00c9 tamb\u00e9m membro fundador e Vice-Presidente do\u00a0<em>think tank<\/em>\u00a0Amigos da Nova Rota da Seda (ANRS), bem como membro do Comit\u00e9 Executivo da Federa\u00e7\u00e3o das Associa\u00e7\u00f5es Empresariais de Hong Kong no Mundo (FHKBAW). Viveu em Hong Kong entre 2007 e 2009 e de novo entre 2013 e 2017. Interv\u00e9m regularmente no espa\u00e7o p\u00fablico sobre actualidade chinesa. Vive em Lisboa, \u00e9 casado e tem dois filhos.<\/p>\n","protected":false},"featured_media":4366,"template":"","meta":[],"categories":[1192],"tags":[],"attendant_categories":[],"class_list":["post-4330","attendants","type-attendants","status-publish","has-post-thumbnail","hentry","category-energy-outlook-2025"],"_links":{"self":[{"href":"https:\/\/bs.xl.pt\/electric-summit\/wp-json\/wp\/v2\/attendants\/4330","targetHints":{"allow":["GET"]}}],"collection":[{"href":"https:\/\/bs.xl.pt\/electric-summit\/wp-json\/wp\/v2\/attendants"}],"about":[{"href":"https:\/\/bs.xl.pt\/electric-summit\/wp-json\/wp\/v2\/types\/attendants"}],"wp:featuredmedia":[{"embeddable":true,"href":"https:\/\/bs.xl.pt\/electric-summit\/wp-json\/wp\/v2\/media\/4366"}],"wp:attachment":[{"href":"https:\/\/bs.xl.pt\/electric-summit\/wp-json\/wp\/v2\/media?parent=4330"}],"wp:term":[{"taxonomy":"category","embeddable":true,"href":"https:\/\/bs.xl.pt\/electric-summit\/wp-json\/wp\/v2\/categories?post=4330"},{"taxonomy":"post_tag","embeddable":true,"href":"https:\/\/bs.xl.pt\/electric-summit\/wp-json\/wp\/v2\/tags?post=4330"},{"taxonomy":"attendant_categories","embeddable":true,"href":"https:\/\/bs.xl.pt\/electric-summit\/wp-json\/wp\/v2\/attendant_categories?post=4330"}],"curies":[{"name":"wp","href":"https:\/\/api.w.org\/{rel}","templated":true}]}}

<p>Bernardo Mendia é Presidente da Câmara de Comércio e Indústria Portugal-Hong Kong (PHKCCI) desde 2019, Secretário-geral da Câmara de Comércio e Indústria Luso-Chinesa (CCILC) desde 2021 e Secretário-geral da Federação Portuguesa das Associações Taurinas (PRÓTOIRO) desde 2024. </p>



<p>É também membro fundador e Vice-Presidente do <em>think tank</em> Amigos da Nova Rota da Seda (ANRS), bem como membro do Comité Executivo da Federação das Associações Empresariais de Hong Kong no Mundo (FHKBAW). Viveu em Hong Kong entre 2007 e 2009 e de novo entre 2013 e 2017. Intervém regularmente no espaço público sobre actualidade chinesa. Vive em Lisboa, é casado e tem dois filhos.</p>
