{"id":4339,"date":"2025-01-28T17:39:44","date_gmt":"2025-01-28T17:39:44","guid":{"rendered":"https:\/\/bs.xl.pt\/electric-summit\/?post_type=attendants&#038;p=4339"},"modified":"2025-02-18T17:03:08","modified_gmt":"2025-02-18T17:03:08","slug":"goncalo-regalado","status":"publish","type":"attendants","link":"https:\/\/bs.xl.pt\/electric-summit\/attendants\/goncalo-regalado\/","title":{"rendered":"Gon\u00e7alo Regalado"},"content":{"rendered":"\n<p>Gon\u00e7alo Regalado \u00e9 Administrador Executivo do <strong>Banco Portugu\u00eas de Fomento<\/strong> (BPF) e membro do seu <strong>Conselho de Administra\u00e7\u00e3o<\/strong> desde janeiro de 2025.<\/p>\n\n\n\n<p>De 2017 a 2024, Gon\u00e7alo Regalado foi <strong>Diretor de Marketing de Empresas, Neg\u00f3cios e Institucionais<\/strong> no Millennium BCP. Entre 2015 e 2017, liderou a \u00e1rea de <strong>Fundos Europeus e Setores Econ\u00f3micos<\/strong> no mesmo banco, onde tamb\u00e9m exerceu fun\u00e7\u00f5es como <strong>Consultor S\u00e9nior<\/strong> entre 2009 e 2012.<\/p>\n\n\n\n<p>No setor p\u00fablico, foi <strong>Chefe de Gabinete no Minist\u00e9rio da Administra\u00e7\u00e3o Interna<\/strong> (2012-2014), coordenando projetos estrat\u00e9gicos e pol\u00edticas p\u00fablicas. Liderou o <strong>Programa Erasmus Plus Juventude em A\u00e7\u00e3o<\/strong> da Comiss\u00e3o Europeia (2012-2013), promovendo a mobilidade, interc\u00e2mbios e projetos de voluntariado europeu.<\/p>\n\n\n\n<p>Iniciou a sua carreira em 2006 na <strong>Portugal Telecom Inova\u00e7\u00e3o<\/strong>, assumindo responsabilidades na an\u00e1lise financeira e desenvolvimento estrat\u00e9gico do Plano de Inova\u00e7\u00e3o do Grupo.<\/p>\n\n\n\n<p>\u00c9 licenciado em <strong>Gest\u00e3o de Empresas<\/strong> pela <strong>Universidade de Coimbra<\/strong>, possui uma <strong>P\u00f3s-Gradua\u00e7\u00e3o em Inova\u00e7\u00e3o e Empreendedorismo<\/strong> pela <strong>Universidade Cat\u00f3lica Portuguesa<\/strong> e um <strong>Mestrado em Finan\u00e7as e Investimentos<\/strong> pela <strong>Rotterdam School of Management<\/strong>. Frequentou ainda o <strong>Programa em Gest\u00e3o Avan\u00e7ada de Empresas<\/strong> (PADE) na <strong>AESE Business School<\/strong>.<\/p>\n","protected":false},"featured_media":4465,"template":"","meta":[],"categories":[1192],"tags":[],"attendant_categories":[],"class_list":["post-4339","attendants","type-attendants","status-publish","has-post-thumbnail","hentry","category-energy-outlook-2025"],"_links":{"self":[{"href":"https:\/\/bs.xl.pt\/electric-summit\/wp-json\/wp\/v2\/attendants\/4339","targetHints":{"allow":["GET"]}}],"collection":[{"href":"https:\/\/bs.xl.pt\/electric-summit\/wp-json\/wp\/v2\/attendants"}],"about":[{"href":"https:\/\/bs.xl.pt\/electric-summit\/wp-json\/wp\/v2\/types\/attendants"}],"wp:featuredmedia":[{"embeddable":true,"href":"https:\/\/bs.xl.pt\/electric-summit\/wp-json\/wp\/v2\/media\/4465"}],"wp:attachment":[{"href":"https:\/\/bs.xl.pt\/electric-summit\/wp-json\/wp\/v2\/media?parent=4339"}],"wp:term":[{"taxonomy":"category","embeddable":true,"href":"https:\/\/bs.xl.pt\/electric-summit\/wp-json\/wp\/v2\/categories?post=4339"},{"taxonomy":"post_tag","embeddable":true,"href":"https:\/\/bs.xl.pt\/electric-summit\/wp-json\/wp\/v2\/tags?post=4339"},{"taxonomy":"attendant_categories","embeddable":true,"href":"https:\/\/bs.xl.pt\/electric-summit\/wp-json\/wp\/v2\/attendant_categories?post=4339"}],"curies":[{"name":"wp","href":"https:\/\/api.w.org\/{rel}","templated":true}]}}

Gonçalo Regalado

<p>Gonçalo Regalado é Administrador Executivo do <strong>Banco Português de Fomento</strong> (BPF) e membro do seu <strong>Conselho de Administração</strong> desde janeiro de 2025.</p>



<p>De 2017 a 2024, Gonçalo Regalado foi <strong>Diretor de Marketing de Empresas, Negócios e Institucionais</strong> no Millennium BCP. Entre 2015 e 2017, liderou a área de <strong>Fundos Europeus e Setores Económicos</strong> no mesmo banco, onde também exerceu funções como <strong>Consultor Sénior</strong> entre 2009 e 2012.</p>



<p>No setor público, foi <strong>Chefe de Gabinete no Ministério da Administração Interna</strong> (2012-2014), coordenando projetos estratégicos e políticas públicas. Liderou o <strong>Programa Erasmus Plus Juventude em Ação</strong> da Comissão Europeia (2012-2013), promovendo a mobilidade, intercâmbios e projetos de voluntariado europeu.</p>



<p>Iniciou a sua carreira em 2006 na <strong>Portugal Telecom Inovação</strong>, assumindo responsabilidades na análise financeira e desenvolvimento estratégico do Plano de Inovação do Grupo.</p>



<p>É licenciado em <strong>Gestão de Empresas</strong> pela <strong>Universidade de Coimbra</strong>, possui uma <strong>Pós-Graduação em Inovação e Empreendedorismo</strong> pela <strong>Universidade Católica Portuguesa</strong> e um <strong>Mestrado em Finanças e Investimentos</strong> pela <strong>Rotterdam School of Management</strong>. Frequentou ainda o <strong>Programa em Gestão Avançada de Empresas</strong> (PADE) na <strong>AESE Business School</strong>.</p>
