{"id":4342,"date":"2025-01-28T17:40:10","date_gmt":"2025-01-28T17:40:10","guid":{"rendered":"https:\/\/bs.xl.pt\/electric-summit\/?post_type=attendants&#038;p=4342"},"modified":"2025-01-28T21:55:01","modified_gmt":"2025-01-28T21:55:01","slug":"antonio-nogueira-leite","status":"publish","type":"attendants","link":"https:\/\/bs.xl.pt\/electric-summit\/attendants\/antonio-nogueira-leite\/","title":{"rendered":"Ant\u00f3nio Nogueira Leite"},"content":{"rendered":"\n<p>Nascido em Lisboa em 1962. Licenciado em Economia (1983) pela Universidade Cat\u00f3lica Portuguesa, Mestre (1986) e Doutor em Economia (1988) pela Universidade do Illinois (Urbana-Champaign). Professor Catedr\u00e1tico da NovaSBE da Universidade Nova de Lisboa, desde 1995. Foi presidente do conselho cient\u00edfico da faculdade (96-98) e Pro-Reitor da UNL (98-99).<\/p>\n\n\n\n<p>Foi Presidente da Bolsa de Valores de Lisboa (1998\/9) e Secret\u00e1rio de Estado do Tesouro e Finan\u00e7as (1999\/2000), per\u00edodo durante o qual foi o representante de Portugal no Conselho Econ\u00f3mico e Financeiro da Uni\u00e3o Europeia, assim como membro do ECOFIN durante a presid\u00eancia Portuguesa da Uni\u00e3o no primeiro semestre de 2000.<\/p>\n\n\n\n<p>Foi durante uma d\u00e9cada Administrador do Grupo Jos\u00e9 de Mello e v\u00e1rias das suas participadas (2002-2011), como a Brisa, Bondalti, Efacec e CUF. Vice-Presidente Executivo da Caixa Geral de Dep\u00f3sitos (2011\/13) e Presidente da Caixa Banco de Investimentos (2012\/13). Administrador da EDP Renov\u00e1veis de 2008 a 2021.<\/p>\n\n\n\n<p>Atualmente \u00e9 Presidente do Conselho de Administra\u00e7\u00e3o da Mapfre Seguros Portugal SA, PCA da Sociedade Ponto Verde e Administrador da Hipoges.&nbsp; Foi agraciado como Grande Oficial da Ordem do Infante Dom Henrique em 2005.<\/p>\n","protected":false},"featured_media":4360,"template":"","meta":[],"categories":[1192],"tags":[],"attendant_categories":[],"class_list":["post-4342","attendants","type-attendants","status-publish","has-post-thumbnail","hentry","category-energy-outlook-2025"],"_links":{"self":[{"href":"https:\/\/bs.xl.pt\/electric-summit\/wp-json\/wp\/v2\/attendants\/4342","targetHints":{"allow":["GET"]}}],"collection":[{"href":"https:\/\/bs.xl.pt\/electric-summit\/wp-json\/wp\/v2\/attendants"}],"about":[{"href":"https:\/\/bs.xl.pt\/electric-summit\/wp-json\/wp\/v2\/types\/attendants"}],"wp:featuredmedia":[{"embeddable":true,"href":"https:\/\/bs.xl.pt\/electric-summit\/wp-json\/wp\/v2\/media\/4360"}],"wp:attachment":[{"href":"https:\/\/bs.xl.pt\/electric-summit\/wp-json\/wp\/v2\/media?parent=4342"}],"wp:term":[{"taxonomy":"category","embeddable":true,"href":"https:\/\/bs.xl.pt\/electric-summit\/wp-json\/wp\/v2\/categories?post=4342"},{"taxonomy":"post_tag","embeddable":true,"href":"https:\/\/bs.xl.pt\/electric-summit\/wp-json\/wp\/v2\/tags?post=4342"},{"taxonomy":"attendant_categories","embeddable":true,"href":"https:\/\/bs.xl.pt\/electric-summit\/wp-json\/wp\/v2\/attendant_categories?post=4342"}],"curies":[{"name":"wp","href":"https:\/\/api.w.org\/{rel}","templated":true}]}}

António Nogueira Leite

<p>Nascido em Lisboa em 1962. Licenciado em Economia (1983) pela Universidade Católica Portuguesa, Mestre (1986) e Doutor em Economia (1988) pela Universidade do Illinois (Urbana-Champaign). Professor Catedrático da NovaSBE da Universidade Nova de Lisboa, desde 1995. Foi presidente do conselho científico da faculdade (96-98) e Pro-Reitor da UNL (98-99).</p>



<p>Foi Presidente da Bolsa de Valores de Lisboa (1998/9) e Secretário de Estado do Tesouro e Finanças (1999/2000), período durante o qual foi o representante de Portugal no Conselho Económico e Financeiro da União Europeia, assim como membro do ECOFIN durante a presidência Portuguesa da União no primeiro semestre de 2000.</p>



<p>Foi durante uma década Administrador do Grupo José de Mello e várias das suas participadas (2002-2011), como a Brisa, Bondalti, Efacec e CUF. Vice-Presidente Executivo da Caixa Geral de Depósitos (2011/13) e Presidente da Caixa Banco de Investimentos (2012/13). Administrador da EDP Renováveis de 2008 a 2021.</p>



<p>Atualmente é Presidente do Conselho de Administração da Mapfre Seguros Portugal SA, PCA da Sociedade Ponto Verde e Administrador da Hipoges.&nbsp; Foi agraciado como Grande Oficial da Ordem do Infante Dom Henrique em 2005.</p>
