{"id":2755,"date":"2022-07-21T15:38:23","date_gmt":"2022-07-21T15:38:23","guid":{"rendered":"https:\/\/bs.xl.pt\/electric-summit\/?page_id=2755"},"modified":"2024-11-18T16:35:33","modified_gmt":"2024-11-18T16:35:33","slug":"videocast","status":"publish","type":"page","link":"https:\/\/bs.xl.pt\/electric-summit\/videocast\/","title":{"rendered":"Videocast"},"content":{"rendered":"\n<p>Entrevistas de 30 minutos com especialistas que ajudam a compreender melhor os desafios que a transi\u00e7\u00e3o energ\u00e9tica e a mobilidade sustent\u00e1vel colocam \u00e0 sociedade, \u00e0 economia e \u00e0 governa\u00e7\u00e3o. Nestas conversas s\u00e3o apontados caminhos para algumas das solu\u00e7\u00f5es que podem ser aplicadas em Portugal.<\/p>\n","protected":false},"excerpt":{"rendered":"<p>Entrevistas de 30 minutos com especialistas que ajudam a compreender melhor os desafios que a transi\u00e7\u00e3o energ\u00e9tica e a mobilidade sustent\u00e1vel colocam \u00e0 sociedade, \u00e0 economia e \u00e0 governa\u00e7\u00e3o. Nestas conversas s\u00e3o apontados caminhos para algumas das solu\u00e7\u00f5es que podem ser aplicadas em Portugal.<\/p>\n","protected":false},"author":5,"featured_media":2758,"parent":0,"menu_order":0,"comment_status":"closed","ping_status":"closed","template":"","meta":{"footnotes":""},"class_list":["post-2755","page","type-page","status-publish","has-post-thumbnail","hentry"],"_links":{"self":[{"href":"https:\/\/bs.xl.pt\/electric-summit\/wp-json\/wp\/v2\/pages\/2755","targetHints":{"allow":["GET"]}}],"collection":[{"href":"https:\/\/bs.xl.pt\/electric-summit\/wp-json\/wp\/v2\/pages"}],"about":[{"href":"https:\/\/bs.xl.pt\/electric-summit\/wp-json\/wp\/v2\/types\/page"}],"author":[{"embeddable":true,"href":"https:\/\/bs.xl.pt\/electric-summit\/wp-json\/wp\/v2\/users\/5"}],"replies":[{"embeddable":true,"href":"https:\/\/bs.xl.pt\/electric-summit\/wp-json\/wp\/v2\/comments?post=2755"}],"version-history":[{"count":1,"href":"https:\/\/bs.xl.pt\/electric-summit\/wp-json\/wp\/v2\/pages\/2755\/revisions"}],"predecessor-version":[{"id":2764,"href":"https:\/\/bs.xl.pt\/electric-summit\/wp-json\/wp\/v2\/pages\/2755\/revisions\/2764"}],"wp:featuredmedia":[{"embeddable":true,"href":"https:\/\/bs.xl.pt\/electric-summit\/wp-json\/wp\/v2\/media\/2758"}],"wp:attachment":[{"href":"https:\/\/bs.xl.pt\/electric-summit\/wp-json\/wp\/v2\/media?parent=2755"}],"curies":[{"name":"wp","href":"https:\/\/api.w.org\/{rel}","templated":true}]}}