{"id":2869,"date":"2022-09-08T11:05:12","date_gmt":"2022-09-08T11:05:12","guid":{"rendered":"https:\/\/bs.xl.pt\/electric-summit\/?post_type=videocasts&#038;p=2869"},"modified":"2024-11-19T13:05:36","modified_gmt":"2024-11-19T13:05:36","slug":"a-conversa-com-vitor-santos","status":"publish","type":"videocasts","link":"https:\/\/bs.xl.pt\/electric-summit\/videocasts\/a-conversa-com-vitor-santos\/","title":{"rendered":"\u00c0 conversa com V\u00edtor Santos"},"content":{"rendered":"\n<p>O antigo presidente da ERSE e professor do ISEG, defende que a descarboniza\u00e7\u00e3o da economia tem linhas de orienta\u00e7\u00e3o bem definidas, mas o facto de no passado n\u00e3o existirem tecnologias poss\u00edveis atrasou este processo. V\u00edtor Santos \u00e9 o convidado de Pedro Mendon\u00e7a Pinto no podcast Electric Summit.<\/p>\n","protected":false},"excerpt":{"rendered":"<p>O antigo presidente da ERSE e professor do ISEG, defende que a descarboniza\u00e7\u00e3o da economia tem linhas de orienta\u00e7\u00e3o bem definidas, mas o facto de no passado n\u00e3o existirem tecnologias poss\u00edveis atrasou este processo. V\u00edtor Santos \u00e9 o convidado de Pedro Mendon\u00e7a Pinto no podcast Electric Summit.<\/p>\n","protected":false},"featured_media":2872,"template":"","meta":[],"categories":[],"tags":[],"class_list":["post-2869","videocasts","type-videocasts","status-publish","has-post-thumbnail","hentry"],"_links":{"self":[{"href":"https:\/\/bs.xl.pt\/electric-summit\/wp-json\/wp\/v2\/videocasts\/2869","targetHints":{"allow":["GET"]}}],"collection":[{"href":"https:\/\/bs.xl.pt\/electric-summit\/wp-json\/wp\/v2\/videocasts"}],"about":[{"href":"https:\/\/bs.xl.pt\/electric-summit\/wp-json\/wp\/v2\/types\/videocasts"}],"wp:featuredmedia":[{"embeddable":true,"href":"https:\/\/bs.xl.pt\/electric-summit\/wp-json\/wp\/v2\/media\/2872"}],"wp:attachment":[{"href":"https:\/\/bs.xl.pt\/electric-summit\/wp-json\/wp\/v2\/media?parent=2869"}],"wp:term":[{"taxonomy":"category","embeddable":true,"href":"https:\/\/bs.xl.pt\/electric-summit\/wp-json\/wp\/v2\/categories?post=2869"},{"taxonomy":"post_tag","embeddable":true,"href":"https:\/\/bs.xl.pt\/electric-summit\/wp-json\/wp\/v2\/tags?post=2869"}],"curies":[{"name":"wp","href":"https:\/\/api.w.org\/{rel}","templated":true}]}}

À conversa com Vítor Santos

<p>O antigo presidente da ERSE e professor do ISEG, defende que a descarbonização da economia tem linhas de orientação bem definidas, mas o facto de no passado não existirem tecnologias possíveis atrasou este processo. Vítor Santos é o convidado de Pedro Mendonça Pinto no podcast Electric Summit.</p>
