{"id":1322,"date":"2021-12-17T10:32:08","date_gmt":"2021-12-17T10:32:08","guid":{"rendered":"http:\/\/bs.xl.pt\/espaco-m365\/?page_id=1322"},"modified":"2021-12-28T12:27:31","modified_gmt":"2021-12-28T12:27:31","slug":"saude","status":"publish","type":"page","link":"https:\/\/bs.xl.pt\/espaco-m365\/podpoupar-mais\/saude\/","title":{"rendered":"Sa\u00fade"},"content":{"rendered":"\n<p>Numa altura em que as aten\u00e7\u00f5es est\u00e3o ainda viradas para a pandemia da Covid-19, sublinhamos a import\u00e2ncia de estar atento \u00e0 sua sa\u00fade e de n\u00e3o desvalorizar nenhum sintoma.<\/p>\n\n\n\n<figure class=\"wp-block-embed is-type-rich is-provider-spotify wp-block-embed-spotify wp-embed-aspect-21-9 wp-has-aspect-ratio\"><div class=\"wp-block-embed__wrapper\">\nhttps:\/\/open.spotify.com\/episode\/4xarpHUffoc7XHEPDycjDi?si=3364aa7e4b5f4dc8\n<\/div><\/figure>\n\n\n\n<figure class=\"wp-block-embed is-type-rich is-provider-spotify wp-block-embed-spotify wp-embed-aspect-21-9 wp-has-aspect-ratio\"><div class=\"wp-block-embed__wrapper\">\nhttps:\/\/open.spotify.com\/episode\/46Tz9GUmplhPxwRHe3mc5i?si=48eaf61feec44eb1\n<\/div><\/figure>\n\n\n\n<figure class=\"wp-block-embed is-type-rich is-provider-spotify wp-block-embed-spotify wp-embed-aspect-21-9 wp-has-aspect-ratio\"><div class=\"wp-block-embed__wrapper\">\nhttps:\/\/open.spotify.com\/episode\/1hBeG2JvG7CwHc5FoVr6QS?si=630b1fe5fd5b4720\n<\/div><\/figure>\n\n\n\n<figure class=\"wp-block-embed is-type-rich is-provider-spotify wp-block-embed-spotify wp-embed-aspect-21-9 wp-has-aspect-ratio\"><div class=\"wp-block-embed__wrapper\">\nhttps:\/\/open.spotify.com\/episode\/4YV7ygdFvYKZv1LYh42OnG?si=5606d82f8d3a4a2b\n<\/div><\/figure>\n","protected":false},"excerpt":{"rendered":"<p>Numa altura em que as aten\u00e7\u00f5es est\u00e3o ainda viradas para a pandemia da Covid-19, sublinhamos a import\u00e2ncia de estar atento \u00e0 sua sa\u00fade e de n\u00e3o desvalorizar nenhum sintoma.<\/p>\n","protected":false},"author":29,"featured_media":1325,"parent":440,"menu_order":9,"comment_status":"closed","ping_status":"closed","template":"","meta":{"footnotes":""},"class_list":["post-1322","page","type-page","status-publish","has-post-thumbnail","hentry"],"_links":{"self":[{"href":"https:\/\/bs.xl.pt\/espaco-m365\/wp-json\/wp\/v2\/pages\/1322","targetHints":{"allow":["GET"]}}],"collection":[{"href":"https:\/\/bs.xl.pt\/espaco-m365\/wp-json\/wp\/v2\/pages"}],"about":[{"href":"https:\/\/bs.xl.pt\/espaco-m365\/wp-json\/wp\/v2\/types\/page"}],"author":[{"embeddable":true,"href":"https:\/\/bs.xl.pt\/espaco-m365\/wp-json\/wp\/v2\/users\/29"}],"replies":[{"embeddable":true,"href":"https:\/\/bs.xl.pt\/espaco-m365\/wp-json\/wp\/v2\/comments?post=1322"}],"version-history":[{"count":4,"href":"https:\/\/bs.xl.pt\/espaco-m365\/wp-json\/wp\/v2\/pages\/1322\/revisions"}],"predecessor-version":[{"id":1355,"href":"https:\/\/bs.xl.pt\/espaco-m365\/wp-json\/wp\/v2\/pages\/1322\/revisions\/1355"}],"up":[{"embeddable":true,"href":"https:\/\/bs.xl.pt\/espaco-m365\/wp-json\/wp\/v2\/pages\/440"}],"wp:featuredmedia":[{"embeddable":true,"href":"https:\/\/bs.xl.pt\/espaco-m365\/wp-json\/wp\/v2\/media\/1325"}],"wp:attachment":[{"href":"https:\/\/bs.xl.pt\/espaco-m365\/wp-json\/wp\/v2\/media?parent=1322"}],"curies":[{"name":"wp","href":"https:\/\/api.w.org\/{rel}","templated":true}]}}