{"id":449,"date":"2021-09-30T10:35:13","date_gmt":"2021-09-30T10:35:13","guid":{"rendered":"http:\/\/bs.xl.pt\/espaco-m365\/?page_id=449"},"modified":"2021-12-28T11:56:02","modified_gmt":"2021-12-28T11:56:02","slug":"regresso-as-aulas","status":"publish","type":"page","link":"https:\/\/bs.xl.pt\/espaco-m365\/podpoupar-mais\/regresso-as-aulas\/","title":{"rendered":"Regresso \u00e0s aulas"},"content":{"rendered":"\n<p>Em m\u00eas de regresso \u00e0s aulas, o PodPoupar+ d\u00e1-lhe dicas sobre como preparar o ano escolar, controlando as despesas e investindo no essencial.<\/p>\n\n\n\n<figure class=\"wp-block-embed is-type-rich is-provider-spotify wp-block-embed-spotify wp-embed-aspect-21-9 wp-has-aspect-ratio\"><div class=\"wp-block-embed__wrapper\">\nhttps:\/\/open.spotify.com\/episode\/1Sl1F5BaHSRDmjhGksT4qp?si=7dyqEXpsQ4exTAQFoW1pFQ&#038;dl_branch=1\n<\/div><\/figure>\n\n\n\n<figure class=\"wp-block-embed is-type-rich is-provider-spotify wp-block-embed-spotify wp-embed-aspect-21-9 wp-has-aspect-ratio\"><div class=\"wp-block-embed__wrapper\">\nhttps:\/\/open.spotify.com\/episode\/2hYjbchhJhNNJwIWhHtVFo?si=rXkE4ZKBScCpKrfZCjHJ6g&#038;dl_branch=1\n<\/div><\/figure>\n\n\n\n<figure class=\"wp-block-embed is-type-rich is-provider-spotify wp-block-embed-spotify wp-embed-aspect-21-9 wp-has-aspect-ratio\"><div class=\"wp-block-embed__wrapper\">\nhttps:\/\/open.spotify.com\/episode\/26yawAqhR2aQBItYvfj5AP?si=snNnenxRR9e8-2uRsQWs-g&#038;dl_branch=1\n<\/div><\/figure>\n\n\n\n<figure class=\"wp-block-embed is-type-rich is-provider-spotify wp-block-embed-spotify wp-embed-aspect-21-9 wp-has-aspect-ratio\"><div class=\"wp-block-embed__wrapper\">\nhttps:\/\/open.spotify.com\/episode\/0mzQbjfrf3XU2lQLR9fHaI?si=Kx-xsG7TTf6TBbRAYlEvgw&#038;dl_branch=1\n<\/div><\/figure>\n","protected":false},"excerpt":{"rendered":"<p>Em m\u00eas de regresso \u00e0s aulas, o PodPoupar+ d\u00e1-lhe dicas sobre como preparar o ano escolar, controlando as despesas e investindo no essencial.<\/p>\n","protected":false},"author":29,"featured_media":458,"parent":440,"menu_order":12,"comment_status":"closed","ping_status":"closed","template":"page_for-podcast.php","meta":{"footnotes":""},"class_list":["post-449","page","type-page","status-publish","has-post-thumbnail","hentry"],"_links":{"self":[{"href":"https:\/\/bs.xl.pt\/espaco-m365\/wp-json\/wp\/v2\/pages\/449","targetHints":{"allow":["GET"]}}],"collection":[{"href":"https:\/\/bs.xl.pt\/espaco-m365\/wp-json\/wp\/v2\/pages"}],"about":[{"href":"https:\/\/bs.xl.pt\/espaco-m365\/wp-json\/wp\/v2\/types\/page"}],"author":[{"embeddable":true,"href":"https:\/\/bs.xl.pt\/espaco-m365\/wp-json\/wp\/v2\/users\/29"}],"replies":[{"embeddable":true,"href":"https:\/\/bs.xl.pt\/espaco-m365\/wp-json\/wp\/v2\/comments?post=449"}],"version-history":[{"count":2,"href":"https:\/\/bs.xl.pt\/espaco-m365\/wp-json\/wp\/v2\/pages\/449\/revisions"}],"predecessor-version":[{"id":461,"href":"https:\/\/bs.xl.pt\/espaco-m365\/wp-json\/wp\/v2\/pages\/449\/revisions\/461"}],"up":[{"embeddable":true,"href":"https:\/\/bs.xl.pt\/espaco-m365\/wp-json\/wp\/v2\/pages\/440"}],"wp:featuredmedia":[{"embeddable":true,"href":"https:\/\/bs.xl.pt\/espaco-m365\/wp-json\/wp\/v2\/media\/458"}],"wp:attachment":[{"href":"https:\/\/bs.xl.pt\/espaco-m365\/wp-json\/wp\/v2\/media?parent=449"}],"curies":[{"name":"wp","href":"https:\/\/api.w.org\/{rel}","templated":true}]}}