{"id":497,"date":"2021-10-12T17:01:05","date_gmt":"2021-10-12T17:01:05","guid":{"rendered":"http:\/\/bs.xl.pt\/espaco-m365\/?page_id=497"},"modified":"2021-12-28T11:56:18","modified_gmt":"2021-12-28T11:56:18","slug":"poupanca","status":"publish","type":"page","link":"https:\/\/bs.xl.pt\/espaco-m365\/podpoupar-mais\/poupanca\/","title":{"rendered":"Poupan\u00e7a"},"content":{"rendered":"\n<p>No m\u00eas da poupan\u00e7a, deixamos dicas de como economizar e rechear o mealheiro. Por dia, por semana, por m\u00eas e por ano\u2026&nbsp;Que tipo de poupado vai querer ser?<\/p>\n\n\n\n<figure class=\"wp-block-embed is-type-rich is-provider-spotify wp-block-embed-spotify wp-embed-aspect-21-9 wp-has-aspect-ratio\"><div class=\"wp-block-embed__wrapper\">\nhttps:\/\/open.spotify.com\/episode\/1NbzhGnjwbqR5AUSxMPvg7?si=1b893da4a8684a5b\n<\/div><\/figure>\n\n\n\n<figure class=\"wp-block-embed is-type-rich is-provider-spotify wp-block-embed-spotify wp-embed-aspect-21-9 wp-has-aspect-ratio\"><div class=\"wp-block-embed__wrapper\">\nhttps:\/\/open.spotify.com\/episode\/1BRMSO2p10ryw8crFPU8kj?si=f6dded03c74444d6\n<\/div><\/figure>\n\n\n\n<figure class=\"wp-block-embed is-type-rich is-provider-spotify wp-block-embed-spotify wp-embed-aspect-21-9 wp-has-aspect-ratio\"><div class=\"wp-block-embed__wrapper\">\nhttps:\/\/open.spotify.com\/episode\/3NHjSslY8OOhJ8W0FN534s?si=6-Wj9ZtmTVKX3iinnxruqQ\n<\/div><\/figure>\n\n\n\n<figure class=\"wp-block-embed is-type-rich is-provider-spotify wp-block-embed-spotify wp-embed-aspect-21-9 wp-has-aspect-ratio\"><div class=\"wp-block-embed__wrapper\">\nhttps:\/\/open.spotify.com\/episode\/5DNpGpGEGRvQyubpImPKUn?si=_L-Fr1wgSGu45qqPwKo6gg&#038;dl_branch=1\n<\/div><\/figure>\n","protected":false},"excerpt":{"rendered":"<p>No m\u00eas da poupan\u00e7a, deixamos dicas de como economizar e rechear o mealheiro. Por dia, por semana, por m\u00eas e por ano\u2026&nbsp;Que tipo de poupado vai querer ser?<\/p>\n","protected":false},"author":29,"featured_media":503,"parent":440,"menu_order":11,"comment_status":"closed","ping_status":"closed","template":"page_for-podcast.php","meta":{"footnotes":""},"class_list":["post-497","page","type-page","status-publish","has-post-thumbnail","hentry"],"_links":{"self":[{"href":"https:\/\/bs.xl.pt\/espaco-m365\/wp-json\/wp\/v2\/pages\/497","targetHints":{"allow":["GET"]}}],"collection":[{"href":"https:\/\/bs.xl.pt\/espaco-m365\/wp-json\/wp\/v2\/pages"}],"about":[{"href":"https:\/\/bs.xl.pt\/espaco-m365\/wp-json\/wp\/v2\/types\/page"}],"author":[{"embeddable":true,"href":"https:\/\/bs.xl.pt\/espaco-m365\/wp-json\/wp\/v2\/users\/29"}],"replies":[{"embeddable":true,"href":"https:\/\/bs.xl.pt\/espaco-m365\/wp-json\/wp\/v2\/comments?post=497"}],"version-history":[{"count":6,"href":"https:\/\/bs.xl.pt\/espaco-m365\/wp-json\/wp\/v2\/pages\/497\/revisions"}],"predecessor-version":[{"id":566,"href":"https:\/\/bs.xl.pt\/espaco-m365\/wp-json\/wp\/v2\/pages\/497\/revisions\/566"}],"up":[{"embeddable":true,"href":"https:\/\/bs.xl.pt\/espaco-m365\/wp-json\/wp\/v2\/pages\/440"}],"wp:featuredmedia":[{"embeddable":true,"href":"https:\/\/bs.xl.pt\/espaco-m365\/wp-json\/wp\/v2\/media\/503"}],"wp:attachment":[{"href":"https:\/\/bs.xl.pt\/espaco-m365\/wp-json\/wp\/v2\/media?parent=497"}],"curies":[{"name":"wp","href":"https:\/\/api.w.org\/{rel}","templated":true}]}}