{"id":383,"date":"2022-04-08T17:41:36","date_gmt":"2022-04-08T17:41:36","guid":{"rendered":"https:\/\/bs.xl.pt\/investir-em-saude\/?page_id=383"},"modified":"2022-04-11T16:47:21","modified_gmt":"2022-04-11T16:47:21","slug":"3a-edicao","status":"publish","type":"page","link":"https:\/\/bs.xl.pt\/investir-em-saude\/vencedores\/3a-edicao\/","title":{"rendered":"3\u00aa Edi\u00e7\u00e3o"},"content":{"rendered":"\n<div class=\"wp-block-group\"><div class=\"wp-block-group__inner-container is-layout-flow wp-block-group-is-layout-flow\">\n<h2 class=\"wp-block-heading\">Value-based Healthcare<\/h2>\n\n\n<div class=\"uk-margin-medium\"><iframe width=\"1280\" height=\"720\" src=\"\/\/www.youtube.com\/embed\/ZKiBtOxoVuw?showinfo=0\" frameborder=\"0\" allowfullscreen data-uk-responsive loading=\"lazy\" referrerpolicy=\"no-referrer-when-downgrade\" title=\"\"><\/iframe><\/div>\n\n\n\n<h3 class=\"wp-block-heading\">Vencedor<\/h3>\n\n\n\n<p>Centro Hospitalar Universit\u00e1rio de S\u00e3o Jo\u00e3o, EPE<\/p>\n<\/div><\/div>\n\n\n\n<div class=\"wp-block-group\"><div class=\"wp-block-group__inner-container is-layout-flow wp-block-group-is-layout-flow\">\n<h2 class=\"wp-block-heading\">Recupera\u00e7\u00e3o da Pandemia<\/h2>\n\n\n<div class=\"uk-margin-medium\"><iframe width=\"1280\" height=\"720\" src=\"\/\/www.youtube.com\/embed\/oO7LZN1_zj8?showinfo=0\" frameborder=\"0\" allowfullscreen data-uk-responsive loading=\"lazy\" referrerpolicy=\"no-referrer-when-downgrade\" title=\"\"><\/iframe><\/div>\n\n\n\n<h3 class=\"wp-block-heading\">Vencedor<\/h3>\n\n\n\n<p>Unidade Local de Sa\u00fade do Baixo Alentejo<\/p>\n<\/div><\/div>\n\n\n\n<div class=\"wp-block-group\"><div class=\"wp-block-group__inner-container is-layout-flow wp-block-group-is-layout-flow\">\n<h2 class=\"wp-block-heading\">Ado\u00e7\u00e3o \u00e0 Tecnologia<\/h2>\n\n\n<div class=\"uk-margin-medium\"><iframe width=\"1280\" height=\"720\" src=\"\/\/www.youtube.com\/embed\/AA9rvQG0mnQ?showinfo=0\" frameborder=\"0\" allowfullscreen data-uk-responsive loading=\"lazy\" referrerpolicy=\"no-referrer-when-downgrade\" title=\"\"><\/iframe><\/div>\n\n\n\n<h3 class=\"wp-block-heading\">Vencedor<\/h3>\n\n\n\n<p>Centro Hospitalar Universit\u00e1rio do Porto<\/p>\n<\/div><\/div>\n\n\n\n<div class=\"wp-block-group\"><div class=\"wp-block-group__inner-container is-layout-flow wp-block-group-is-layout-flow\">\n<h2 class=\"wp-block-heading\">Confer\u00eancia Investir em Sa\u00fade<\/h2>\n\n\n\n<p>Ter\u00e1 a covid-19 mudado o futuro da sa\u00fade? De que forma? Descubra a opini\u00e3o dos especialistas na primeira parte da confer\u00eancia Investir em Sa\u00fade. <\/p>\n\n\n<div class=\"uk-margin-medium\"><iframe width=\"1280\" height=\"720\" src=\"\/\/www.youtube.com\/embed\/LO2Qz-CttoA?showinfo=0\" frameborder=\"0\" allowfullscreen data-uk-responsive loading=\"lazy\" referrerpolicy=\"no-referrer-when-downgrade\" title=\"\"><\/iframe><\/div>\n<\/div><\/div>\n\n\n\n<div class=\"wp-block-group\"><div class=\"wp-block-group__inner-container is-layout-flow wp-block-group-is-layout-flow\">\n<h2 class=\"wp-block-heading\">Pr\u00e9mios Investir em Sa\u00fade<\/h2>\n\n\n\n<p>Na segunda parte da confer\u00eancia, desvendamos os vencedores dos Pr\u00e9mios Investir em Sa\u00fade. <\/p>\n\n\n<div class=\"uk-margin-medium\"><iframe width=\"1280\" height=\"720\" src=\"\/\/www.youtube.com\/embed\/VkUMufLBHX0?showinfo=0\" frameborder=\"0\" allowfullscreen data-uk-responsive loading=\"lazy\" referrerpolicy=\"no-referrer-when-downgrade\" title=\"\"><\/iframe><\/div>\n<\/div><\/div>\n","protected":false},"excerpt":{"rendered":"<p>Value-based Healthcare Vencedor Centro Hospitalar Universit\u00e1rio de S\u00e3o Jo\u00e3o, EPE Recupera\u00e7\u00e3o da Pandemia Vencedor Unidade Local de Sa\u00fade do Baixo Alentejo Ado\u00e7\u00e3o \u00e0 Tecnologia Vencedor Centro Hospitalar Universit\u00e1rio do Porto Confer\u00eancia Investir em Sa\u00fade Ter\u00e1 a covid-19 mudado o futuro da sa\u00fade? De que forma? Descubra a opini\u00e3o dos especialistas na primeira parte da confer\u00eancia [&hellip;]<\/p>\n","protected":false},"author":5,"featured_media":0,"parent":377,"menu_order":0,"comment_status":"closed","ping_status":"closed","template":"page_for-vencedores.php","meta":{"footnotes":""},"class_list":["post-383","page","type-page","status-publish","hentry"],"_links":{"self":[{"href":"https:\/\/bs.xl.pt\/investir-em-saude\/wp-json\/wp\/v2\/pages\/383","targetHints":{"allow":["GET"]}}],"collection":[{"href":"https:\/\/bs.xl.pt\/investir-em-saude\/wp-json\/wp\/v2\/pages"}],"about":[{"href":"https:\/\/bs.xl.pt\/investir-em-saude\/wp-json\/wp\/v2\/types\/page"}],"author":[{"embeddable":true,"href":"https:\/\/bs.xl.pt\/investir-em-saude\/wp-json\/wp\/v2\/users\/5"}],"replies":[{"embeddable":true,"href":"https:\/\/bs.xl.pt\/investir-em-saude\/wp-json\/wp\/v2\/comments?post=383"}],"version-history":[{"count":11,"href":"https:\/\/bs.xl.pt\/investir-em-saude\/wp-json\/wp\/v2\/pages\/383\/revisions"}],"predecessor-version":[{"id":620,"href":"https:\/\/bs.xl.pt\/investir-em-saude\/wp-json\/wp\/v2\/pages\/383\/revisions\/620"}],"up":[{"embeddable":true,"href":"https:\/\/bs.xl.pt\/investir-em-saude\/wp-json\/wp\/v2\/pages\/377"}],"wp:attachment":[{"href":"https:\/\/bs.xl.pt\/investir-em-saude\/wp-json\/wp\/v2\/media?parent=383"}],"curies":[{"name":"wp","href":"https:\/\/api.w.org\/{rel}","templated":true}]}}