{"id":203,"date":"2024-02-07T20:21:18","date_gmt":"2024-02-07T20:21:18","guid":{"rendered":"https:\/\/bs.xl.pt\/jogo-da-bolsa\/?post_type=attendants&#038;p=203"},"modified":"2024-10-17T16:34:30","modified_gmt":"2024-10-17T16:34:30","slug":"helder-rosalino","status":"publish","type":"attendants","link":"https:\/\/bs.xl.pt\/jogo-da-bolsa\/attendants\/helder-rosalino\/","title":{"rendered":"H\u00e9lder Rosalino"},"content":{"rendered":"\n<p>Administrador do Banco de Portugal desde setembro de 2014.<\/p>\n\n\n\n<p>\u00c9 Licenciado e Mestre em Gest\u00e3o pelo ISCTE e P\u00f3s-Graduado em Fiscalidade pelo ISG. Possui um Master of Business Administration (MBA) pelo ISCTE e realizou o Programa Avan\u00e7ado de Gest\u00e3o para Executivos (PAGE) da Universidade Cat\u00f3lica Portuguesa.<\/p>\n\n\n\n<p>Exerceu fun\u00e7\u00f5es de Secret\u00e1rio de Estado da Administra\u00e7\u00e3o P\u00fablica do XIX Governo Constitucional (junho de 2011 a dezembro de 2013). Nesse per\u00edodo, integrou, em representa\u00e7\u00e3o do Minist\u00e9rio das Finan\u00e7as, a Comiss\u00e3o Permanente de Concerta\u00e7\u00e3o Social.<\/p>\n\n\n\n<p>\u00c9 quadro do Banco de Portugal desde 1994. Foi diretor do Departamento de Emiss\u00e3o e Tesouraria entre 2003 e 2009 e em 2014, assumindo em simult\u00e2neo a gest\u00e3o da Filial do Banco de Portugal (Porto) e da Rede Regional. Foi diretor do Departamento de Gest\u00e3o de Recursos Humanos do Banco de Portugal entre 2010 e 2011. Presidiu \u00e0 Comiss\u00e3o de Acompanhamento dos Planos de Pens\u00f5es e \u00e0 Comiss\u00e3o de Gest\u00e3o do Fundo Social dos Empregados do Banco de Portugal. Representou o Banco de Portugal em v\u00e1rios comit\u00e9s e grupos de trabalho no \u00e2mbito do Banco Central Europeu e da Comiss\u00e3o Europeia, nas \u00e1reas da emiss\u00e3o monet\u00e1ria, do planeamento e organiza\u00e7\u00e3o e da gest\u00e3o de recursos humanos.<\/p>\n\n\n\n<p>Foi auditor financeiro na BDO Portugal (1991-1992) e controller financeiro na Marconi (1992-1994). \u00c9 autor e co-autor de livros, monografias e de diversos artigos t\u00e9cnicos e cient\u00edficos nas suas \u00e1reas de trabalho, designadamente sobre reforma do Estado, administra\u00e7\u00e3o p\u00fablica, sistemas de prote\u00e7\u00e3o social, emiss\u00e3o monet\u00e1ria, fiscalidade, planeamento estrat\u00e9gico, gest\u00e3o de recursos humanos e sistemas de informa\u00e7\u00e3o. Orador em v\u00e1rias confer\u00eancias e semin\u00e1rios nacionais e internacionais.<\/p>\n\n\n\n<p>\u00c9 docente convidado do ISCTE.<\/p>\n\n\n\n<p>Foi docente convidado do Instituto Superior de Gest\u00e3o (ISG) entre 1998 e 2003, no \u00e2mbito da Licenciatura em Gest\u00e3o de Empresas e das P\u00f3s-Gradua\u00e7\u00f5es em Fiscalidade e Assessoria de Empresa.<\/p>\n","protected":false},"featured_media":170,"template":"","meta":[],"categories":[],"tags":[16],"attendant_categories":[],"class_list":["post-203","attendants","type-attendants","status-publish","has-post-thumbnail","hentry","tag-edicao-2023"],"_links":{"self":[{"href":"https:\/\/bs.xl.pt\/jogo-da-bolsa\/wp-json\/wp\/v2\/attendants\/203","targetHints":{"allow":["GET"]}}],"collection":[{"href":"https:\/\/bs.xl.pt\/jogo-da-bolsa\/wp-json\/wp\/v2\/attendants"}],"about":[{"href":"https:\/\/bs.xl.pt\/jogo-da-bolsa\/wp-json\/wp\/v2\/types\/attendants"}],"wp:featuredmedia":[{"embeddable":true,"href":"https:\/\/bs.xl.pt\/jogo-da-bolsa\/wp-json\/wp\/v2\/media\/170"}],"wp:attachment":[{"href":"https:\/\/bs.xl.pt\/jogo-da-bolsa\/wp-json\/wp\/v2\/media?parent=203"}],"wp:term":[{"taxonomy":"category","embeddable":true,"href":"https:\/\/bs.xl.pt\/jogo-da-bolsa\/wp-json\/wp\/v2\/categories?post=203"},{"taxonomy":"post_tag","embeddable":true,"href":"https:\/\/bs.xl.pt\/jogo-da-bolsa\/wp-json\/wp\/v2\/tags?post=203"},{"taxonomy":"attendant_categories","embeddable":true,"href":"https:\/\/bs.xl.pt\/jogo-da-bolsa\/wp-json\/wp\/v2\/attendant_categories?post=203"}],"curies":[{"name":"wp","href":"https:\/\/api.w.org\/{rel}","templated":true}]}}

Hélder Rosalino

<p>Administrador do Banco de Portugal desde setembro de 2014.</p>



<p>É Licenciado e Mestre em Gestão pelo ISCTE e Pós-Graduado em Fiscalidade pelo ISG. Possui um Master of Business Administration (MBA) pelo ISCTE e realizou o Programa Avançado de Gestão para Executivos (PAGE) da Universidade Católica Portuguesa.</p>



<p>Exerceu funções de Secretário de Estado da Administração Pública do XIX Governo Constitucional (junho de 2011 a dezembro de 2013). Nesse período, integrou, em representação do Ministério das Finanças, a Comissão Permanente de Concertação Social.</p>



<p>É quadro do Banco de Portugal desde 1994. Foi diretor do Departamento de Emissão e Tesouraria entre 2003 e 2009 e em 2014, assumindo em simultâneo a gestão da Filial do Banco de Portugal (Porto) e da Rede Regional. Foi diretor do Departamento de Gestão de Recursos Humanos do Banco de Portugal entre 2010 e 2011. Presidiu à Comissão de Acompanhamento dos Planos de Pensões e à Comissão de Gestão do Fundo Social dos Empregados do Banco de Portugal. Representou o Banco de Portugal em vários comités e grupos de trabalho no âmbito do Banco Central Europeu e da Comissão Europeia, nas áreas da emissão monetária, do planeamento e organização e da gestão de recursos humanos.</p>



<p>Foi auditor financeiro na BDO Portugal (1991-1992) e controller financeiro na Marconi (1992-1994). É autor e co-autor de livros, monografias e de diversos artigos técnicos e científicos nas suas áreas de trabalho, designadamente sobre reforma do Estado, administração pública, sistemas de proteção social, emissão monetária, fiscalidade, planeamento estratégico, gestão de recursos humanos e sistemas de informação. Orador em várias conferências e seminários nacionais e internacionais.</p>



<p>É docente convidado do ISCTE.</p>



<p>Foi docente convidado do Instituto Superior de Gestão (ISG) entre 1998 e 2003, no âmbito da Licenciatura em Gestão de Empresas e das Pós-Graduações em Fiscalidade e Assessoria de Empresa.</p>
