{"id":94,"date":"2023-04-18T18:43:21","date_gmt":"2023-04-18T17:43:21","guid":{"rendered":"https:\/\/bs.xl.pt\/mais-idade-mais\/?page_id=94"},"modified":"2023-04-20T10:24:16","modified_gmt":"2023-04-20T09:24:16","slug":"dar-palco-ao-envelhecimento-ativo","status":"publish","type":"page","link":"https:\/\/bs.xl.pt\/mais-idade-mais\/dar-palco-ao-envelhecimento-ativo\/","title":{"rendered":"Dar palco ao envelhecimento ativo"},"content":{"rendered":"\n<p>Consciente da realidade do envelhecimento da popula\u00e7\u00e3o no nosso pa\u00eds, o Grupo Ageas Portugal lan\u00e7ou o conceito MaisIdadeMais, focado nas necessidades, nas preocupa\u00e7\u00f5es, e em novas solu\u00e7\u00f5es para o envelhecimento. Por ser uma tem\u00e1tica relevante, criou-se um projeto in\u00e9dito que vai levar ao Teatro Armando Cortez, na Casa do Artista caras conhecidas, especialistas e associa\u00e7\u00f5es, que v\u00e3o partilhar as suas experi\u00eancias. Uma iniciativa intergeracional em que as emo\u00e7\u00f5es far\u00e3o parte do elenco.<\/p>\n\n\n\n<p>Neste palco que \u00e9 a vida, o Grupo Ageas Portugal coloca os holofotes sob os mais velhos. F\u00e1-lo com o objetivo de promover o envelhecimento ativo. E escolheu a Casa do Artista, no Teatro Armando Cortez, para levar a cabo esta miss\u00e3o, realizando dois eventos que cruzam duas vertentes: a do apoio \u00e0 cultura atrav\u00e9s da recria\u00e7\u00e3o e entretenimento de uma pe\u00e7a de teatro e a informativa de com uma confer\u00eancia.<\/p>\n\n\n\n<p>No evento do dia 9 de maio, o primeiro ato vai abordar o tema MaisIdadeMais Sa\u00fade, no qual se vai falar da import\u00e2ncia do papel da preven\u00e7\u00e3o para uma boa sa\u00fade a longo prazo, da prepara\u00e7\u00e3o para diagn\u00f3sticos n\u00e3o previstos e ainda ser\u00e3o dadas a conhecer solu\u00e7\u00f5es de acesso a cuidados de sa\u00fade \u00e0 medida dos mais velhos.<\/p>\n\n\n\n<p>No segundo ato do evento, com o tema MaisIdadeMais Bem-estar ser\u00e3o discutidos temas como a import\u00e2ncia das atividades de lazer na sa\u00fade f\u00edsica e mental, rela\u00e7\u00f5es intergeracionais e como envelhecer de forma digna.<\/p>\n\n\n\n<p>Um evento com din\u00e2mica de espet\u00e1culo merece um host da \u00e1rea, por isso, <strong>Teresa Guilherme<\/strong> tem esse papel. Neste evento marcam igualmente presen\u00e7a a atriz <strong>Cust\u00f3dia Gallego<\/strong>, bem como <strong>Ruy de Carvalho<\/strong>, \u00edcone do teatro e da televis\u00e3o, acompanhado pelo filho <strong>Jo\u00e3o de Carvalho<\/strong> e pelo neto <strong>Henrique Carvalho<\/strong>.<\/p>\n\n\n\n<p>No dia 18 de maio, o primeiro ato ser\u00e1 dedicado \u00e0 tem\u00e1tica MaisIdadeMais Rendimento, promovendo literacia no tema da poupan\u00e7a para a reforma, solu\u00e7\u00f5es complementares \u00e0 reforma e ainda os benef\u00edcios de manter uma atividade profissional depois da idade ativa.<\/p>\n\n\n\n<p>No segundo ato, o tema ser\u00e1 MaisIdadeMais Prote\u00e7\u00e3o, em que se explora a realidade da perda de autonomia e os impactos na fam\u00edlia e cuidadores. Al\u00e9m disto, ser\u00e3o partilhadas solu\u00e7\u00f5es que apoiam os portugueses em situa\u00e7\u00f5es de imprevistos atrav\u00e9s de suporte financeiro e de conhecimento de especialistas.<\/p>\n\n\n\n<p>Teresa Guilherme volta a subir ao palco como host do evento, que desta vez conta com as convidadas <strong>Ana Bustorff<\/strong> e <strong>Liliana Campos<\/strong> para falar das duas tem\u00e1ticas.<\/p>\n\n\n\n<p>Al\u00e9m das caras conhecidas dos portugueses que partilham com a Teresa Guilherme a sua experi\u00eancia de vida, pisam tamb\u00e9m o palco especialistas do Grupo Ageas Portugal para aprofundar cada tem\u00e1tica, bem como associa\u00e7\u00f5es apoiadas pela Funda\u00e7\u00e3o Ageas, para apresentar o trabalho que desenvolvem no apoio aos mais velhos.<\/p>\n\n\n\n<h3 class=\"wp-block-heading\">Parceiros nas boas a\u00e7\u00f5es<\/h3>\n\n\n\n<p>Focado no posicionamento do Grupo Ageas Portugal no apoio \u00e0 cultura e mais especificamente ao teatro atrav\u00e9s da parceria com o Teatro Nacional D. Maria II, esta iniciativa n\u00e3o poderia ficar cingida a uma sala de espet\u00e1culo. Por isso, os Eventos MaisIdadeMais ser\u00e3o tamb\u00e9m divulgados em rubricas na CMTV e haver\u00e1 p\u00e1ginas publicadas no Correio da Manh\u00e3. Ambos os eventos ser\u00e3o transmitidos via streaming neste site e no Facebook do Correio da Manh\u00e3.<\/p>\n\n\n\n<p>Por ser um tema que toca a todos, ser\u00e1 ainda publicado no Correio da Manh\u00e3 o \u201cGuia para um Envelhecimento Ativo\u201d com conte\u00fados de interesse p\u00fablico.<\/p>\n","protected":false},"excerpt":{"rendered":"<p>O \u201cMaisIdadeMais\u201d \u00e9 o conjunto de solu\u00e7\u00f5es pensadas pelo Grupo Ageas Portugal para apoiar o envelhecimento. Por ser uma tem\u00e1tica relevante, criou-se um projeto in\u00e9dito que vai levar ao Teatro Armando Cortez na Casa do Artista caras conhecidas, representantes da marca e associa\u00e7\u00f5es, que v\u00e3o partilhar as suas experi\u00eancias. Uma iniciativa que vai dar muito que falar.<\/p>\n","protected":false},"author":29,"featured_media":154,"parent":0,"menu_order":0,"comment_status":"closed","ping_status":"closed","template":"","meta":{"footnotes":""},"class_list":["post-94","page","type-page","status-publish","has-post-thumbnail","hentry"],"_links":{"self":[{"href":"https:\/\/bs.xl.pt\/mais-idade-mais\/wp-json\/wp\/v2\/pages\/94","targetHints":{"allow":["GET"]}}],"collection":[{"href":"https:\/\/bs.xl.pt\/mais-idade-mais\/wp-json\/wp\/v2\/pages"}],"about":[{"href":"https:\/\/bs.xl.pt\/mais-idade-mais\/wp-json\/wp\/v2\/types\/page"}],"author":[{"embeddable":true,"href":"https:\/\/bs.xl.pt\/mais-idade-mais\/wp-json\/wp\/v2\/users\/29"}],"replies":[{"embeddable":true,"href":"https:\/\/bs.xl.pt\/mais-idade-mais\/wp-json\/wp\/v2\/comments?post=94"}],"version-history":[{"count":1,"href":"https:\/\/bs.xl.pt\/mais-idade-mais\/wp-json\/wp\/v2\/pages\/94\/revisions"}],"predecessor-version":[{"id":97,"href":"https:\/\/bs.xl.pt\/mais-idade-mais\/wp-json\/wp\/v2\/pages\/94\/revisions\/97"}],"wp:featuredmedia":[{"embeddable":true,"href":"https:\/\/bs.xl.pt\/mais-idade-mais\/wp-json\/wp\/v2\/media\/154"}],"wp:attachment":[{"href":"https:\/\/bs.xl.pt\/mais-idade-mais\/wp-json\/wp\/v2\/media?parent=94"}],"curies":[{"name":"wp","href":"https:\/\/api.w.org\/{rel}","templated":true}]}}

<p>Consciente da realidade do envelhecimento da população no nosso país, o Grupo Ageas Portugal lançou o conceito MaisIdadeMais, focado nas necessidades, nas preocupações, e em novas soluções para o envelhecimento. Por ser uma temática relevante, criou-se um projeto inédito que vai levar ao Teatro Armando Cortez, na Casa do Artista caras conhecidas, especialistas e associações, que vão partilhar as suas experiências. Uma iniciativa intergeracional em que as emoções farão parte do elenco.</p>



<p>Neste palco que é a vida, o Grupo Ageas Portugal coloca os holofotes sob os mais velhos. Fá-lo com o objetivo de promover o envelhecimento ativo. E escolheu a Casa do Artista, no Teatro Armando Cortez, para levar a cabo esta missão, realizando dois eventos que cruzam duas vertentes: a do apoio à cultura através da recriação e entretenimento de uma peça de teatro e a informativa de com uma conferência.</p>



<p>No evento do dia 9 de maio, o primeiro ato vai abordar o tema MaisIdadeMais Saúde, no qual se vai falar da importância do papel da prevenção para uma boa saúde a longo prazo, da preparação para diagnósticos não previstos e ainda serão dadas a conhecer soluções de acesso a cuidados de saúde à medida dos mais velhos.</p>



<p>No segundo ato do evento, com o tema MaisIdadeMais Bem-estar serão discutidos temas como a importância das atividades de lazer na saúde física e mental, relações intergeracionais e como envelhecer de forma digna.</p>



<p>Um evento com dinâmica de espetáculo merece um host da área, por isso, <strong>Teresa Guilherme</strong> tem esse papel. Neste evento marcam igualmente presença a atriz <strong>Custódia Gallego</strong>, bem como <strong>Ruy de Carvalho</strong>, ícone do teatro e da televisão, acompanhado pelo filho <strong>João de Carvalho</strong> e pelo neto <strong>Henrique Carvalho</strong>.</p>



<p>No dia 18 de maio, o primeiro ato será dedicado à temática MaisIdadeMais Rendimento, promovendo literacia no tema da poupança para a reforma, soluções complementares à reforma e ainda os benefícios de manter uma atividade profissional depois da idade ativa.</p>



<p>No segundo ato, o tema será MaisIdadeMais Proteção, em que se explora a realidade da perda de autonomia e os impactos na família e cuidadores. Além disto, serão partilhadas soluções que apoiam os portugueses em situações de imprevistos através de suporte financeiro e de conhecimento de especialistas.</p>



<p>Teresa Guilherme volta a subir ao palco como host do evento, que desta vez conta com as convidadas <strong>Ana Bustorff</strong> e <strong>Liliana Campos</strong> para falar das duas temáticas.</p>



<p>Além das caras conhecidas dos portugueses que partilham com a Teresa Guilherme a sua experiência de vida, pisam também o palco especialistas do Grupo Ageas Portugal para aprofundar cada temática, bem como associações apoiadas pela Fundação Ageas, para apresentar o trabalho que desenvolvem no apoio aos mais velhos.</p>



<h3 class="wp-block-heading">Parceiros nas boas ações</h3>



<p>Focado no posicionamento do Grupo Ageas Portugal no apoio à cultura e mais especificamente ao teatro através da parceria com o Teatro Nacional D. Maria II, esta iniciativa não poderia ficar cingida a uma sala de espetáculo. Por isso, os Eventos MaisIdadeMais serão também divulgados em rubricas na CMTV e haverá páginas publicadas no Correio da Manhã. Ambos os eventos serão transmitidos via streaming neste site e no Facebook do Correio da Manhã.</p>



<p>Por ser um tema que toca a todos, será ainda publicado no Correio da Manhã o “Guia para um Envelhecimento Ativo” com conteúdos de interesse público.</p>

<p>O “MaisIdadeMais” é o conjunto de soluções pensadas pelo Grupo Ageas Portugal para apoiar o envelhecimento. Por ser uma temática relevante, criou-se um projeto inédito que vai levar ao Teatro Armando Cortez na Casa do Artista caras conhecidas, representantes da marca e associações, que vão partilhar as suas experiências. Uma iniciativa que vai dar muito que falar.</p>
