{"id":433,"date":"2022-10-24T15:52:00","date_gmt":"2022-10-24T14:52:00","guid":{"rendered":"https:\/\/bs.xl.pt\/mar-sustentavel\/?page_id=433"},"modified":"2022-10-25T11:57:49","modified_gmt":"2022-10-25T10:57:49","slug":"webinar-2","status":"publish","type":"page","link":"https:\/\/bs.xl.pt\/mar-sustentavel\/webinars\/webinar-2\/","title":{"rendered":"Webinar 2"},"content":{"rendered":"\n<div class=\"wp-block-group\"><div class=\"wp-block-group__inner-container is-layout-flow wp-block-group-is-layout-flow\">\n<h1 class=\"wp-block-heading\">Transforma\u00e7\u00e3o energ\u00e9tica: O papel estrat\u00e9gico da economia azul<\/h1>\n\n\n\n<p>O <strong>Jornal de Neg\u00f3cios<\/strong> e a <strong>F\u00f3rum Oceano<\/strong>, com o patroc\u00ednio da <strong>C\u00e2mara Municipal de Oeiras<\/strong> e com o apoio institucional do <strong>Gabinete do Secret\u00e1rio do Estado Mar<\/strong>, associam-se para lan\u00e7ar a iniciativa <strong>Mar Sustent\u00e1vel<\/strong>, que tem por objetivo promover e <strong>dar visibilidade \u00e0 Economia do Mar.<\/strong><\/p>\n\n\n\n<p>No dia <strong>26 de outubro<\/strong>, realizamos um webinar sobre a <strong>Transi\u00e7\u00e3o Energ\u00e9tica: o Papel Estrat\u00e9gico da Economia Azul<\/strong>, que conta com o patroc\u00ednio da <strong>EDP<\/strong>, onde ser\u00e3o abordados: a produ\u00e7\u00e3o de energia no mar, os desafios energ\u00e9ticos dos portos e a digitaliza\u00e7\u00e3o e efici\u00eancia no shipping.<\/p>\n<\/div><\/div>\n\n\n\n<div class=\"wp-block-group\"><div class=\"wp-block-group__inner-container is-layout-flow wp-block-group-is-layout-flow\">\n<h2 class=\"wp-block-heading\">26 de outubro | 14h00<\/h2>\n\n\n\n<h5 class=\"wp-block-heading\">14h00 | Boas-Vindas<\/h5>\n\n\n\n<p><strong>Diana Ramos<\/strong>, Diretora, Jornal de Neg\u00f3cios<br><strong>Jos\u00e9 Maria Costa<\/strong>, Secret\u00e1rio de Estado do Mar<\/p>\n\n\n\n<h5 class=\"wp-block-heading\">14h15 | Abertura Institucional<\/h5>\n\n\n\n<p><strong>Francisco Rocha Gon\u00e7alves<\/strong>, Vice-Presidente da C\u00e2mara Municipal Oeiras<\/p>\n\n\n\n<h5 class=\"wp-block-heading\">14h30 | Painel \u00a0de Debate<\/h5>\n\n\n\n<p><strong>Andreia Ventura<\/strong>, Administradora do Grupo ETE<br><strong>Rui Marcelino<\/strong>, CEO, Alma Design<br><br>Modera\u00e7\u00e3o: <strong>B\u00e1rbara Silva<\/strong>, Jornalista, Jornal de Neg\u00f3cios<\/p>\n\n\n\n<h5 class=\"wp-block-heading\">15h15 | Encerramento<\/h5>\n\n\n\n<p><strong>Ruben Eiras<\/strong>, Secret\u00e1rio-Geral, F\u00f3rum Oceano<\/p>\n<\/div><\/div>\n","protected":false},"excerpt":{"rendered":"<p>Transforma\u00e7\u00e3o energ\u00e9tica: O papel estrat\u00e9gico da economia azul O Jornal de Neg\u00f3cios e a F\u00f3rum Oceano, com o patroc\u00ednio da C\u00e2mara Municipal de Oeiras e com o apoio institucional do Gabinete do Secret\u00e1rio do Estado Mar, associam-se para lan\u00e7ar a iniciativa Mar Sustent\u00e1vel, que tem por objetivo promover e dar visibilidade \u00e0 Economia do Mar. [&hellip;]<\/p>\n","protected":false},"author":5,"featured_media":0,"parent":14,"menu_order":0,"comment_status":"closed","ping_status":"closed","template":"page_for-webinar.php","meta":{"footnotes":""},"class_list":["post-433","page","type-page","status-publish","hentry"],"_links":{"self":[{"href":"https:\/\/bs.xl.pt\/mar-sustentavel\/wp-json\/wp\/v2\/pages\/433","targetHints":{"allow":["GET"]}}],"collection":[{"href":"https:\/\/bs.xl.pt\/mar-sustentavel\/wp-json\/wp\/v2\/pages"}],"about":[{"href":"https:\/\/bs.xl.pt\/mar-sustentavel\/wp-json\/wp\/v2\/types\/page"}],"author":[{"embeddable":true,"href":"https:\/\/bs.xl.pt\/mar-sustentavel\/wp-json\/wp\/v2\/users\/5"}],"replies":[{"embeddable":true,"href":"https:\/\/bs.xl.pt\/mar-sustentavel\/wp-json\/wp\/v2\/comments?post=433"}],"version-history":[{"count":3,"href":"https:\/\/bs.xl.pt\/mar-sustentavel\/wp-json\/wp\/v2\/pages\/433\/revisions"}],"predecessor-version":[{"id":466,"href":"https:\/\/bs.xl.pt\/mar-sustentavel\/wp-json\/wp\/v2\/pages\/433\/revisions\/466"}],"up":[{"embeddable":true,"href":"https:\/\/bs.xl.pt\/mar-sustentavel\/wp-json\/wp\/v2\/pages\/14"}],"wp:attachment":[{"href":"https:\/\/bs.xl.pt\/mar-sustentavel\/wp-json\/wp\/v2\/media?parent=433"}],"curies":[{"name":"wp","href":"https:\/\/api.w.org\/{rel}","templated":true}]}}