{"id":493,"date":"2022-11-15T17:53:08","date_gmt":"2022-11-15T17:53:08","guid":{"rendered":"https:\/\/bs.xl.pt\/mar-sustentavel\/?page_id=493"},"modified":"2022-12-06T17:28:11","modified_gmt":"2022-12-06T17:28:11","slug":"webinar-3","status":"publish","type":"page","link":"https:\/\/bs.xl.pt\/mar-sustentavel\/webinars\/webinar-3\/","title":{"rendered":"Webinar 3"},"content":{"rendered":"\n<div class=\"wp-block-group\"><div class=\"wp-block-group__inner-container is-layout-flow wp-block-group-is-layout-flow\">\n<h1 class=\"wp-block-heading\">Energia e\u00f3lica offshore: o potencial de Portugal e da Europa<\/h1>\n\n\n\n<p>No pr\u00f3ximo dia <strong>24 de novembro<\/strong>, no \u00e2mbito da iniciativa Mar Sustent\u00e1vel, falamos sobre <strong>Energia e\u00f3lica offshore: o potencial de Portugal e da Europa<\/strong>.<\/p>\n\n\n\n<p>N\u00e3o perca este Webinar, onde profissionais da \u00e1rea abordar\u00e3o temas de relevo que permitem reflectir sobre as possibilidades reais quer do Pa\u00eds, quer da Europa quando falamos deste tipo de energia e da sua import\u00e2ncia para o futuro. <strong>Assista dia 24 de novembro, pelas 14h00, no site e facebook do Jornal de Neg\u00f3cios.<\/strong><\/p>\n<\/div><\/div>\n\n\n\n<div class=\"wp-block-group\"><div class=\"wp-block-group__inner-container is-layout-flow wp-block-group-is-layout-flow\">\n<h2 class=\"wp-block-heading\">24 de novembro<\/h2>\n\n\n\n<div class=\"wp-block-group\"><div class=\"wp-block-group__inner-container is-layout-flow wp-block-group-is-layout-flow\">\n<p><strong>14h00 \u2013 Boas-Vindas<\/strong><br><strong>Diana Ramos<\/strong>, Diretora, Jornal de Neg\u00f3cios<\/p>\n\n\n\n<p><strong>14h05 \u2013 Boas-Vindas<\/strong><br><strong>Francisco Rocha Gon\u00e7alves<\/strong>, Vice-Presidente da C\u00e2mara Municipal Oeiras <\/p>\n<\/div><\/div>\n\n\n\n<div class=\"wp-block-group\"><div class=\"wp-block-group__inner-container is-layout-flow wp-block-group-is-layout-flow\">\n<p><strong>14h15 \u2013 Keynote Speaker<\/strong><br><strong>Paul Malte<\/strong>, Senior Project Manager, Mainstream Renewable Power \/ Aker Offshore Wind<\/p>\n<\/div><\/div>\n\n\n\n<div class=\"wp-block-group\"><div class=\"wp-block-group__inner-container is-layout-flow wp-block-group-is-layout-flow\">\n<p><strong>14h30 &#8211; Painel &nbsp;de Debate | Energia e\u00f3lica offshore: o potencial de Portugal e da Europa<\/strong><br><strong>Ant\u00f3nio Sarmento, <\/strong>CEO, Wavec<br><strong>Clara de Moura Santos<\/strong>, Vice President Operations &amp; Maintenance,&nbsp; Principle Power<br><br><strong>Modera\u00e7\u00e3o: B\u00e1rbara Silva<\/strong>, Jornalista, Jornal de Neg\u00f3cios<\/p>\n<\/div><\/div>\n\n\n\n<div class=\"wp-block-group\"><div class=\"wp-block-group__inner-container is-layout-flow wp-block-group-is-layout-flow\">\n<p><strong>15h15 \u2013 Encerramento<\/strong><br><strong>Ruben Eiras<\/strong>, Secret\u00e1rio-Geral, F\u00f3rum Oceano<\/p>\n<\/div><\/div>\n<\/div><\/div>\n","protected":false},"excerpt":{"rendered":"<p>Energia e\u00f3lica offshore: o potencial de Portugal e da Europa No pr\u00f3ximo dia 24 de novembro, no \u00e2mbito da iniciativa Mar Sustent\u00e1vel, falamos sobre Energia e\u00f3lica offshore: o potencial de Portugal e da Europa. N\u00e3o perca este Webinar, onde profissionais da \u00e1rea abordar\u00e3o temas de relevo que permitem reflectir sobre as possibilidades reais quer do [&hellip;]<\/p>\n","protected":false},"author":5,"featured_media":0,"parent":14,"menu_order":0,"comment_status":"closed","ping_status":"closed","template":"page_for-webinar.php","meta":{"footnotes":""},"class_list":["post-493","page","type-page","status-publish","hentry"],"_links":{"self":[{"href":"https:\/\/bs.xl.pt\/mar-sustentavel\/wp-json\/wp\/v2\/pages\/493","targetHints":{"allow":["GET"]}}],"collection":[{"href":"https:\/\/bs.xl.pt\/mar-sustentavel\/wp-json\/wp\/v2\/pages"}],"about":[{"href":"https:\/\/bs.xl.pt\/mar-sustentavel\/wp-json\/wp\/v2\/types\/page"}],"author":[{"embeddable":true,"href":"https:\/\/bs.xl.pt\/mar-sustentavel\/wp-json\/wp\/v2\/users\/5"}],"replies":[{"embeddable":true,"href":"https:\/\/bs.xl.pt\/mar-sustentavel\/wp-json\/wp\/v2\/comments?post=493"}],"version-history":[{"count":5,"href":"https:\/\/bs.xl.pt\/mar-sustentavel\/wp-json\/wp\/v2\/pages\/493\/revisions"}],"predecessor-version":[{"id":535,"href":"https:\/\/bs.xl.pt\/mar-sustentavel\/wp-json\/wp\/v2\/pages\/493\/revisions\/535"}],"up":[{"embeddable":true,"href":"https:\/\/bs.xl.pt\/mar-sustentavel\/wp-json\/wp\/v2\/pages\/14"}],"wp:attachment":[{"href":"https:\/\/bs.xl.pt\/mar-sustentavel\/wp-json\/wp\/v2\/media?parent=493"}],"curies":[{"name":"wp","href":"https:\/\/api.w.org\/{rel}","templated":true}]}}