{"id":38,"date":"2021-02-23T22:36:13","date_gmt":"2021-02-23T22:36:13","guid":{"rendered":"https:\/\/bs.xl.pt\/?page_id=38"},"modified":"2021-02-23T22:36:13","modified_gmt":"2021-02-23T22:36:13","slug":"solucoes","status":"publish","type":"page","link":"https:\/\/bs.xl.pt\/medialivre-boost-solutions\/solucoes\/","title":{"rendered":"Solu\u00e7\u00f5es"},"content":{"rendered":"\n<p>Ajudamos a sua marca a comunicar apenas num contexto &#8211; s\u00f3 em ativa\u00e7\u00f5es, digital, cria\u00e7\u00e3o de conte\u00fados, publicidade &#8211; ou em todos os meios, de forma integrada e multiplataforma. Como fazemos parte de um grande grupo de media, com forte presen\u00e7a na televis\u00e3o, imprensa e digital, n\u00e3o temos zonas escuras nas nossas vis\u00f5es e estrat\u00e9gias a 360\u00ba.<\/p>\n","protected":false},"excerpt":{"rendered":"<p>Ajudamos a sua marca a comunicar apenas num contexto &#8211; s\u00f3 em ativa\u00e7\u00f5es, digital, cria\u00e7\u00e3o de conte\u00fados, publicidade &#8211; ou em todos os meios, de forma integrada e multiplataforma. Como fazemos parte de um grande grupo de media, com forte presen\u00e7a na televis\u00e3o, imprensa e digital, n\u00e3o temos zonas escuras nas nossas vis\u00f5es e estrat\u00e9gias [&hellip;]<\/p>\n","protected":false},"author":5,"featured_media":2828,"parent":0,"menu_order":0,"comment_status":"closed","ping_status":"closed","template":"","meta":{"footnotes":""},"class_list":["post-38","page","type-page","status-publish","has-post-thumbnail","hentry"],"_links":{"self":[{"href":"https:\/\/bs.xl.pt\/medialivre-boost-solutions\/wp-json\/wp\/v2\/pages\/38","targetHints":{"allow":["GET"]}}],"collection":[{"href":"https:\/\/bs.xl.pt\/medialivre-boost-solutions\/wp-json\/wp\/v2\/pages"}],"about":[{"href":"https:\/\/bs.xl.pt\/medialivre-boost-solutions\/wp-json\/wp\/v2\/types\/page"}],"author":[{"embeddable":true,"href":"https:\/\/bs.xl.pt\/medialivre-boost-solutions\/wp-json\/wp\/v2\/users\/5"}],"replies":[{"embeddable":true,"href":"https:\/\/bs.xl.pt\/medialivre-boost-solutions\/wp-json\/wp\/v2\/comments?post=38"}],"version-history":[{"count":0,"href":"https:\/\/bs.xl.pt\/medialivre-boost-solutions\/wp-json\/wp\/v2\/pages\/38\/revisions"}],"wp:featuredmedia":[{"embeddable":true,"href":"https:\/\/bs.xl.pt\/medialivre-boost-solutions\/wp-json\/"}],"wp:attachment":[{"href":"https:\/\/bs.xl.pt\/medialivre-boost-solutions\/wp-json\/wp\/v2\/media?parent=38"}],"curies":[{"name":"wp","href":"https:\/\/api.w.org\/{rel}","templated":true}]}}