{"id":13934,"date":"2024-03-13T14:44:32","date_gmt":"2024-03-13T14:44:32","guid":{"rendered":"https:\/\/bs.xl.pt\/medialivre-boost-solutions\/?post_type=projects&#038;p=13934"},"modified":"2024-03-13T14:44:33","modified_gmt":"2024-03-13T14:44:33","slug":"premio-nacional-de-inovacao","status":"publish","type":"projects","link":"https:\/\/bs.xl.pt\/medialivre-boost-solutions\/projects\/premio-nacional-de-inovacao\/","title":{"rendered":"Pr\u00e9mio Nacional\u00a0de Inova\u00e7\u00e3o"},"content":{"rendered":"\n<p>O Pr\u00e9mio Nacional de Inova\u00e7\u00e3o foi lan\u00e7ado em 2023 pelo Neg\u00f3cios, BPI e Claranet, a Nova SBE na qualidade de <em>knowledge partner<\/em> e a Cotec como parceiro Institucional.<\/p>\n\n\n\n<p>Na edi\u00e7\u00e3o de 2024, a ANI \u2013 Ag\u00eancia Nacional de Inova\u00e7\u00e3o associou-se tamb\u00e9m ao PNI. Depois do \u00eaxito da primeira edi\u00e7\u00e3o, que contou com mais de 100 candidaturas, a segunda edi\u00e7\u00e3o do Pr\u00e9mio Nacional de Inova\u00e7\u00e3o arrancou com v\u00e1rias novidades, entre as quais novas categorias do pr\u00e9mio e um <em>podcast<\/em> dedicado \u00e0 inova\u00e7\u00e3o.<\/p>\n\n\n\r\n<div data-uk-grid data-uk-lightbox class=\"uk-grid-medium\">  \r\n    <div class=\"uk-width-1-1\">\r\n    <div id=\"photo-13937\" class=\"photo\">\r\n  <div class=\"uk-cover-container\">\r\n    <a class=\"uk-inline\" href=\"https:\/\/cdn.xl.pt\/bs\/uploads\/sites\/167\/2024\/03\/PNI_imprensa_negocios-2048x968.jpg\" data-alt=\"Imagem ilustrativa 1 do projeto\" data-caption=\"\">\r\n      <canvas width=\"2048\" height=\"968\"><\/canvas>\r\n      <img decoding=\"async\" src=\"https:\/\/cdn.xl.pt\/bs\/uploads\/sites\/167\/2024\/03\/PNI_imprensa_negocios-2048x968.jpg\" alt=\"Imagem ilustrativa 1 do projeto\" data-uk-cover \/>\r\n    <\/a>\r\n  <\/div>\r\n<\/div>  <\/div>\r\n  <\/div>\r\n","protected":false},"excerpt":{"rendered":"<p>Uma iniciativa que pretende impulsionar a cultura de inova\u00e7\u00e3o e premiar os melhores talentos e projetos empreendedores que contribuem para a inova\u00e7\u00e3o e transforma\u00e7\u00e3o digital em Portugal.<\/p>\n","protected":false},"featured_media":13940,"template":"","meta":[],"tags":[],"areas":[11],"class_list":["post-13934","projects","type-projects","status-publish","has-post-thumbnail","hentry","areas-boost-eventos"],"_links":{"self":[{"href":"https:\/\/bs.xl.pt\/medialivre-boost-solutions\/wp-json\/wp\/v2\/projects\/13934","targetHints":{"allow":["GET"]}}],"collection":[{"href":"https:\/\/bs.xl.pt\/medialivre-boost-solutions\/wp-json\/wp\/v2\/projects"}],"about":[{"href":"https:\/\/bs.xl.pt\/medialivre-boost-solutions\/wp-json\/wp\/v2\/types\/projects"}],"wp:featuredmedia":[{"embeddable":true,"href":"https:\/\/bs.xl.pt\/medialivre-boost-solutions\/wp-json\/wp\/v2\/media\/13940"}],"wp:attachment":[{"href":"https:\/\/bs.xl.pt\/medialivre-boost-solutions\/wp-json\/wp\/v2\/media?parent=13934"}],"wp:term":[{"taxonomy":"post_tag","embeddable":true,"href":"https:\/\/bs.xl.pt\/medialivre-boost-solutions\/wp-json\/wp\/v2\/tags?post=13934"},{"taxonomy":"areas","embeddable":true,"href":"https:\/\/bs.xl.pt\/medialivre-boost-solutions\/wp-json\/wp\/v2\/areas?post=13934"}],"curies":[{"name":"wp","href":"https:\/\/api.w.org\/{rel}","templated":true}]}}

Prémio Nacional de Inovação

<p>O Prémio Nacional de Inovação foi lançado em 2023 pelo Negócios, BPI e Claranet, a Nova SBE na qualidade de <em>knowledge partner</em> e a Cotec como parceiro Institucional.</p>



<p>Na edição de 2024, a ANI – Agência Nacional de Inovação associou-se também ao PNI. Depois do êxito da primeira edição, que contou com mais de 100 candidaturas, a segunda edição do Prémio Nacional de Inovação arrancou com várias novidades, entre as quais novas categorias do prémio e um <em>podcast</em> dedicado à inovação.</p>



<div data-uk-grid data-uk-lightbox class="uk-grid-medium">  
    <div class="uk-width-1-1">
    <div id="photo-13937" class="photo">
  <div class="uk-cover-container">
    <a class="uk-inline" href="https://cdn.xl.pt/bs/uploads/sites/167/2024/03/PNI_imprensa_negocios-2048x968.jpg" data-alt="Imagem ilustrativa 1 do projeto" data-caption="">
      <canvas width="2048" height="968"></canvas>
      <img decoding="async" src="https://cdn.xl.pt/bs/uploads/sites/167/2024/03/PNI_imprensa_negocios-2048x968.jpg" alt="Imagem ilustrativa 1 do projeto" data-uk-cover />
    </a>
  </div>
</div>  </div>
  </div>

<p>Uma iniciativa que pretende impulsionar a cultura de inovação e premiar os melhores talentos e projetos empreendedores que contribuem para a inovação e transformação digital em Portugal.</p>
