{"id":14000,"date":"2024-03-13T15:15:15","date_gmt":"2024-03-13T15:15:15","guid":{"rendered":"https:\/\/bs.xl.pt\/medialivre-boost-solutions\/?post_type=projects&#038;p=14000"},"modified":"2024-03-13T15:15:15","modified_gmt":"2024-03-13T15:15:15","slug":"3o-grande-premio-cmtv","status":"publish","type":"projects","link":"https:\/\/bs.xl.pt\/medialivre-boost-solutions\/projects\/3o-grande-premio-cmtv\/","title":{"rendered":"3\u00ba Grande Pr\u00e9mio CMTV"},"content":{"rendered":"\n<p>Em 2023, foram celebradas as 30 edi\u00e7\u00f5es do VOLTA A PORTUGAL DO FUTURO.<\/p>\n\n\n\n<p>Criada em 1993, como prova amadora, tem no seu historial portugueses como a maioria dos seus ganhadores.<\/p>\n\n\n\n<p>A 1.\u00aa edi\u00e7\u00e3o foi ganha por Joaquim Gomes, atual diretor t\u00e9cnico da prova. Em 2014, a prova entra na categoria profissional, fazendo assim parte do UCI Europe Tour, dentro da categoria 2.2, \u00faltima categoria do profissionalismo, limitada a corredores sub-23.<\/p>\n\n\n\r\n<div data-uk-grid data-uk-lightbox class=\"uk-grid-medium\">  \r\n    <div class=\"uk-width-1-1\">\r\n    <div id=\"photo-14006\" class=\"photo\">\r\n  <div class=\"uk-cover-container\">\r\n    <a class=\"uk-inline\" href=\"https:\/\/cdn.xl.pt\/bs\/uploads\/sites\/167\/2024\/03\/30-VOLTA-A-PORTUGAL-DO-FUTURO_website_online-2048x968.jpg\" data-alt=\"Imagem ilustrativa 1 do projeto\" data-caption=\"\">\r\n      <canvas width=\"2048\" height=\"968\"><\/canvas>\r\n      <img decoding=\"async\" src=\"https:\/\/cdn.xl.pt\/bs\/uploads\/sites\/167\/2024\/03\/30-VOLTA-A-PORTUGAL-DO-FUTURO_website_online-2048x968.jpg\" alt=\"Imagem ilustrativa 1 do projeto\" data-uk-cover \/>\r\n    <\/a>\r\n  <\/div>\r\n<\/div>  <\/div>\r\n  <\/div>\r\n","protected":false},"excerpt":{"rendered":"<p>Sustentabilidade Sobre Rodas \u00e9 o mote da principal competi\u00e7\u00e3o portuguesa de ciclismo sub-23.<\/p>\n","protected":false},"featured_media":14003,"template":"","meta":[],"tags":[],"areas":[11],"class_list":["post-14000","projects","type-projects","status-publish","has-post-thumbnail","hentry","areas-boost-eventos"],"_links":{"self":[{"href":"https:\/\/bs.xl.pt\/medialivre-boost-solutions\/wp-json\/wp\/v2\/projects\/14000","targetHints":{"allow":["GET"]}}],"collection":[{"href":"https:\/\/bs.xl.pt\/medialivre-boost-solutions\/wp-json\/wp\/v2\/projects"}],"about":[{"href":"https:\/\/bs.xl.pt\/medialivre-boost-solutions\/wp-json\/wp\/v2\/types\/projects"}],"wp:featuredmedia":[{"embeddable":true,"href":"https:\/\/bs.xl.pt\/medialivre-boost-solutions\/wp-json\/wp\/v2\/media\/14003"}],"wp:attachment":[{"href":"https:\/\/bs.xl.pt\/medialivre-boost-solutions\/wp-json\/wp\/v2\/media?parent=14000"}],"wp:term":[{"taxonomy":"post_tag","embeddable":true,"href":"https:\/\/bs.xl.pt\/medialivre-boost-solutions\/wp-json\/wp\/v2\/tags?post=14000"},{"taxonomy":"areas","embeddable":true,"href":"https:\/\/bs.xl.pt\/medialivre-boost-solutions\/wp-json\/wp\/v2\/areas?post=14000"}],"curies":[{"name":"wp","href":"https:\/\/api.w.org\/{rel}","templated":true}]}}

3º Grande Prémio CMTV

<p>Em 2023, foram celebradas as 30 edições do VOLTA A PORTUGAL DO FUTURO.</p>



<p>Criada em 1993, como prova amadora, tem no seu historial portugueses como a maioria dos seus ganhadores.</p>



<p>A 1.ª edição foi ganha por Joaquim Gomes, atual diretor técnico da prova. Em 2014, a prova entra na categoria profissional, fazendo assim parte do UCI Europe Tour, dentro da categoria 2.2, última categoria do profissionalismo, limitada a corredores sub-23.</p>



<div data-uk-grid data-uk-lightbox class="uk-grid-medium">  
    <div class="uk-width-1-1">
    <div id="photo-14006" class="photo">
  <div class="uk-cover-container">
    <a class="uk-inline" href="https://cdn.xl.pt/bs/uploads/sites/167/2024/03/30-VOLTA-A-PORTUGAL-DO-FUTURO_website_online-2048x968.jpg" data-alt="Imagem ilustrativa 1 do projeto" data-caption="">
      <canvas width="2048" height="968"></canvas>
      <img decoding="async" src="https://cdn.xl.pt/bs/uploads/sites/167/2024/03/30-VOLTA-A-PORTUGAL-DO-FUTURO_website_online-2048x968.jpg" alt="Imagem ilustrativa 1 do projeto" data-uk-cover />
    </a>
  </div>
</div>  </div>
  </div>

<p>Sustentabilidade Sobre Rodas é o mote da principal competição portuguesa de ciclismo sub-23.</p>
