{"id":14678,"date":"2024-07-12T16:42:55","date_gmt":"2024-07-12T16:42:55","guid":{"rendered":"https:\/\/bs.xl.pt\/medialivre-boost-solutions\/?post_type=projects&#038;p=14678"},"modified":"2024-07-12T16:42:55","modified_gmt":"2024-07-12T16:42:55","slug":"respeito","status":"publish","type":"projects","link":"https:\/\/bs.xl.pt\/medialivre-boost-solutions\/projects\/respeito\/","title":{"rendered":"Respeito"},"content":{"rendered":"\n<p>A Medialivre, em parceria com a Mercedes-Benz, lan\u00e7ou o projeto <em>Respeito<\/em>, uma s\u00e9rie documental inspiradora que sensibiliza para a preserva\u00e7\u00e3o da \u00e1gua e do oceano, um recurso vital que sustenta a vida na Terra.<\/p>\n\n\n\n<p><em>Respeito<\/em> \u00e9 um projeto de <em>branded content<\/em> inovador que combina a narrativa envolvente e inspiradora com a responsabilidade ambiental. Esta s\u00e9rie de quatro epis\u00f3dios explora a rela\u00e7\u00e3o que todos temos com o oceano e a \u00e1gua, destacando o impacto deste recurso em diversas \u00e1reas da nossa vida e sociedade. Cada epis\u00f3dio aborda uma tem\u00e1tica crucial \u2013 Respeito pela \u00c1gua e Por Todos, Biodiversidade, Novas Gera\u00e7\u00f5es e Cultura.<\/p>\n\n\n\n<p>Este projeto salienta o impacto positivo da Mercedes-Benz nas pessoas e nas comunidades, refor\u00e7ando o papel ativo da marca na promo\u00e7\u00e3o de uma sociedade mais consciente e respons\u00e1vel.<\/p>\n\n\n\r\n<div data-uk-grid data-uk-lightbox class=\"uk-grid-medium\">  \r\n    <div class=\"uk-width-1-1\">\r\n    <div id=\"photo-14684\" class=\"photo\">\r\n  <div class=\"uk-cover-container\">\r\n    <a class=\"uk-inline\" href=\"https:\/\/cdn.xl.pt\/bs\/uploads\/sites\/167\/2024\/07\/Mercedes-respect_imprensa-2048x968.png\" data-alt=\"Imagem ilustrativa 1 do projeto\" data-caption=\"\">\r\n      <canvas width=\"2048\" height=\"968\"><\/canvas>\r\n      <img decoding=\"async\" src=\"https:\/\/cdn.xl.pt\/bs\/uploads\/sites\/167\/2024\/07\/Mercedes-respect_imprensa-2048x968.png\" alt=\"Imagem ilustrativa 1 do projeto\" data-uk-cover \/>\r\n    <\/a>\r\n  <\/div>\r\n<\/div>  <\/div>\r\n    <div class=\"uk-width-1-1\">\r\n    <div id=\"photo-14687\" class=\"photo\">\r\n  <div class=\"uk-cover-container\">\r\n    <a class=\"uk-inline\" href=\"https:\/\/cdn.xl.pt\/bs\/uploads\/sites\/167\/2024\/07\/Mercedes-respect_dupla_Sabado-2048x968.png\" data-alt=\"Imagem ilustrativa 2 do projeto\" data-caption=\"\">\r\n      <canvas width=\"2048\" height=\"968\"><\/canvas>\r\n      <img decoding=\"async\" src=\"https:\/\/cdn.xl.pt\/bs\/uploads\/sites\/167\/2024\/07\/Mercedes-respect_dupla_Sabado-2048x968.png\" alt=\"Imagem ilustrativa 2 do projeto\" data-uk-cover \/>\r\n    <\/a>\r\n  <\/div>\r\n<\/div>  <\/div>\r\n  <\/div>\r\n","protected":false},"excerpt":{"rendered":"<p>Respeito, a s\u00e9rie que vem para defender os oceanos<\/p>\n","protected":false},"featured_media":14681,"template":"","meta":[],"tags":[],"areas":[5],"class_list":["post-14678","projects","type-projects","status-publish","has-post-thumbnail","hentry","areas-boost-content"],"_links":{"self":[{"href":"https:\/\/bs.xl.pt\/medialivre-boost-solutions\/wp-json\/wp\/v2\/projects\/14678","targetHints":{"allow":["GET"]}}],"collection":[{"href":"https:\/\/bs.xl.pt\/medialivre-boost-solutions\/wp-json\/wp\/v2\/projects"}],"about":[{"href":"https:\/\/bs.xl.pt\/medialivre-boost-solutions\/wp-json\/wp\/v2\/types\/projects"}],"wp:featuredmedia":[{"embeddable":true,"href":"https:\/\/bs.xl.pt\/medialivre-boost-solutions\/wp-json\/wp\/v2\/media\/14681"}],"wp:attachment":[{"href":"https:\/\/bs.xl.pt\/medialivre-boost-solutions\/wp-json\/wp\/v2\/media?parent=14678"}],"wp:term":[{"taxonomy":"post_tag","embeddable":true,"href":"https:\/\/bs.xl.pt\/medialivre-boost-solutions\/wp-json\/wp\/v2\/tags?post=14678"},{"taxonomy":"areas","embeddable":true,"href":"https:\/\/bs.xl.pt\/medialivre-boost-solutions\/wp-json\/wp\/v2\/areas?post=14678"}],"curies":[{"name":"wp","href":"https:\/\/api.w.org\/{rel}","templated":true}]}}

<p>A Medialivre, em parceria com a Mercedes-Benz, lançou o projeto <em>Respeito</em>, uma série documental inspiradora que sensibiliza para a preservação da água e do oceano, um recurso vital que sustenta a vida na Terra.</p>



<p><em>Respeito</em> é um projeto de <em>branded content</em> inovador que combina a narrativa envolvente e inspiradora com a responsabilidade ambiental. Esta série de quatro episódios explora a relação que todos temos com o oceano e a água, destacando o impacto deste recurso em diversas áreas da nossa vida e sociedade. Cada episódio aborda uma temática crucial – Respeito pela Água e Por Todos, Biodiversidade, Novas Gerações e Cultura.</p>



<p>Este projeto salienta o impacto positivo da Mercedes-Benz nas pessoas e nas comunidades, reforçando o papel ativo da marca na promoção de uma sociedade mais consciente e responsável.</p>



<div data-uk-grid data-uk-lightbox class="uk-grid-medium">  
    <div class="uk-width-1-1">
    <div id="photo-14684" class="photo">
  <div class="uk-cover-container">
    <a class="uk-inline" href="https://cdn.xl.pt/bs/uploads/sites/167/2024/07/Mercedes-respect_imprensa-2048x968.png" data-alt="Imagem ilustrativa 1 do projeto" data-caption="">
      <canvas width="2048" height="968"></canvas>
      <img decoding="async" src="https://cdn.xl.pt/bs/uploads/sites/167/2024/07/Mercedes-respect_imprensa-2048x968.png" alt="Imagem ilustrativa 1 do projeto" data-uk-cover />
    </a>
  </div>
</div>  </div>
    <div class="uk-width-1-1">
    <div id="photo-14687" class="photo">
  <div class="uk-cover-container">
    <a class="uk-inline" href="https://cdn.xl.pt/bs/uploads/sites/167/2024/07/Mercedes-respect_dupla_Sabado-2048x968.png" data-alt="Imagem ilustrativa 2 do projeto" data-caption="">
      <canvas width="2048" height="968"></canvas>
      <img decoding="async" src="https://cdn.xl.pt/bs/uploads/sites/167/2024/07/Mercedes-respect_dupla_Sabado-2048x968.png" alt="Imagem ilustrativa 2 do projeto" data-uk-cover />
    </a>
  </div>
</div>  </div>
  </div>

<p>Respeito, a série que vem para defender os oceanos</p>
