{"id":1711,"date":"2022-06-29T10:19:26","date_gmt":"2022-06-29T09:19:26","guid":{"rendered":"https:\/\/bs.xl.pt\/negocios-em-portugal\/?post_type=attendants&#038;p=1711"},"modified":"2022-06-29T10:19:26","modified_gmt":"2022-06-29T09:19:26","slug":"ricardo-barbosa","status":"publish","type":"attendants","link":"https:\/\/bs.xl.pt\/negocios-em-portugal\/attendants\/ricardo-barbosa\/","title":{"rendered":"Ricardo Barbosa"},"content":{"rendered":"\n<p>Colaborador do INEGI desde 1999 tem participado e gerido diversos projetos de Inova\u00e7\u00e3o, Transfer\u00eancia de Tecnologia e Consultoria Avan\u00e7ada em diferentes dom\u00ednios cient\u00edficos tais como: Desenvolvimento de Solu\u00e7\u00f5es Energ\u00e9ticas, Energias Renov\u00e1veis, Sustentabilidade dos Processos Produtivos, Energia e Ambiente Edificado, Economia Circular, Descarboniza\u00e7\u00e3o e Economia do Hidrog\u00e9nio.<\/p>\n\n\n\n<p>Atualmente \u00e9 T\u00e9cnico Superior Coordenador da Unidade de Energia do INEGI e respons\u00e1vel pelo desenvolvimento de neg\u00f3cio.<\/p>\n\n\n\n<p>Entre 2004 e 2006 foi Professor Assistente do Departamento de Engenharia Mec\u00e2nica e Gest\u00e3o Industrial da Escola Superior de Tecnologia de Viseu.<\/p>\n\n\n\n<p>Licenciado em Engenharia Qu\u00edmica e Mestre em Fundamentos e Aplica\u00e7\u00f5es da Mec\u00e2nica dos Flu\u00eddos pela Faculdade de Engenharia da Universidade do Porto.<\/p>\n","protected":false},"featured_media":1714,"template":"","meta":[],"categories":[556],"tags":[],"attendant_categories":[],"class_list":["post-1711","attendants","type-attendants","status-publish","has-post-thumbnail","hentry","category-conferencia-de-encerramento"],"_links":{"self":[{"href":"https:\/\/bs.xl.pt\/negocios-em-portugal\/wp-json\/wp\/v2\/attendants\/1711","targetHints":{"allow":["GET"]}}],"collection":[{"href":"https:\/\/bs.xl.pt\/negocios-em-portugal\/wp-json\/wp\/v2\/attendants"}],"about":[{"href":"https:\/\/bs.xl.pt\/negocios-em-portugal\/wp-json\/wp\/v2\/types\/attendants"}],"wp:featuredmedia":[{"embeddable":true,"href":"https:\/\/bs.xl.pt\/negocios-em-portugal\/wp-json\/wp\/v2\/media\/1714"}],"wp:attachment":[{"href":"https:\/\/bs.xl.pt\/negocios-em-portugal\/wp-json\/wp\/v2\/media?parent=1711"}],"wp:term":[{"taxonomy":"category","embeddable":true,"href":"https:\/\/bs.xl.pt\/negocios-em-portugal\/wp-json\/wp\/v2\/categories?post=1711"},{"taxonomy":"post_tag","embeddable":true,"href":"https:\/\/bs.xl.pt\/negocios-em-portugal\/wp-json\/wp\/v2\/tags?post=1711"},{"taxonomy":"attendant_categories","embeddable":true,"href":"https:\/\/bs.xl.pt\/negocios-em-portugal\/wp-json\/wp\/v2\/attendant_categories?post=1711"}],"curies":[{"name":"wp","href":"https:\/\/api.w.org\/{rel}","templated":true}]}}

<p>Colaborador do INEGI desde 1999 tem participado e gerido diversos projetos de Inovação, Transferência de Tecnologia e Consultoria Avançada em diferentes domínios científicos tais como: Desenvolvimento de Soluções Energéticas, Energias Renováveis, Sustentabilidade dos Processos Produtivos, Energia e Ambiente Edificado, Economia Circular, Descarbonização e Economia do Hidrogénio.</p>



<p>Atualmente é Técnico Superior Coordenador da Unidade de Energia do INEGI e responsável pelo desenvolvimento de negócio.</p>



<p>Entre 2004 e 2006 foi Professor Assistente do Departamento de Engenharia Mecânica e Gestão Industrial da Escola Superior de Tecnologia de Viseu.</p>



<p>Licenciado em Engenharia Química e Mestre em Fundamentos e Aplicações da Mecânica dos Fluídos pela Faculdade de Engenharia da Universidade do Porto.</p>
