{"id":23,"date":"2021-11-16T18:50:18","date_gmt":"2021-11-16T18:50:18","guid":{"rendered":"http:\/\/bs.xl.pt\/palco-cm\/?page_id=23"},"modified":"2021-11-26T15:15:48","modified_gmt":"2021-11-26T15:15:48","slug":"claudia-pascoal","status":"publish","type":"page","link":"https:\/\/bs.xl.pt\/palco-cm\/artistas\/claudia-pascoal\/","title":{"rendered":"Cl\u00e1udia Pascoal"},"content":{"rendered":"\n<p>Tem 27 anos e \u00e9 natural de Gondomar, se formos mais espec\u00edficos, de S\u00e3o Pedro da Cova. Concorreu aos <em>\u00cddolos<\/em>, ao <em>Factor X<\/em> e <em>The Voice<\/em>, onde foi semifinalista, e participou no programa <em>CC All Stars<\/em>. Ficou especialmente conhecida do grande p\u00fablico quando representou Portugal no Festival da Eurovis\u00e3o, em 2018, com o tema <em>O Jardim<\/em>, ao lado de Isaura. Em mar\u00e7o de 2020, v\u00e9spera de pandemia, lan\u00e7ou o \u00e1lbum de estreia, <em><strong>!<\/strong><\/em>, com o qual conquistou o pr\u00e9mio de Melhor Artista Revela\u00e7\u00e3o nos Play \u2013 Pr\u00e9mios da M\u00fasica Portuguesa. Os interesses e as vontades nunca se ficaram por uma coisa s\u00f3. Desde cedo, Cl\u00e1udia Pascoal sentiu o impulso de experimentar as v\u00e1rias facetas da cria\u00e7\u00e3o art\u00edstica. N\u00e3o \u00e9 de admirar, portanto, que tenha realizado alguns dos v\u00eddeos oficiais. Quis ser pintora, experimentou ao de leve <em>stand-up comedy<\/em>, j\u00e1 fez algumas tatuagens, licenciou-se em Artes Pl\u00e1sticas e tirou um mestrado em Produ\u00e7\u00e3o e Realiza\u00e7\u00e3o Audiovisual. O que nunca se perdeu neste caminho foi a m\u00fasica. O primeiro disco, livre e descomplicado, vinca a personalidade da artista e mostra-se sob um pop atrevido, arrojado, confiante. Em outubro deste ano revelou <em><strong>Fado Chiclete<\/strong><\/em>, o primeiro <em>single<\/em> do segundo \u00e1lbum. Seguem-se muitas linhas por escrever.<\/p>\n","protected":false},"excerpt":{"rendered":"<p>Tem 27 anos e \u00e9 natural de Gondomar, se formos mais espec\u00edficos, de S\u00e3o Pedro da Cova. Concorreu aos \u00cddolos, ao Factor X e The Voice, onde foi semifinalista, e participou no programa CC All Stars. Ficou especialmente conhecida do grande p\u00fablico quando representou Portugal no Festival da Eurovis\u00e3o, em 2018, com o tema O [&hellip;]<\/p>\n","protected":false},"author":5,"featured_media":26,"parent":5,"menu_order":0,"comment_status":"closed","ping_status":"closed","template":"","meta":{"footnotes":""},"class_list":["post-23","page","type-page","status-publish","has-post-thumbnail","hentry"],"_links":{"self":[{"href":"https:\/\/bs.xl.pt\/palco-cm\/wp-json\/wp\/v2\/pages\/23","targetHints":{"allow":["GET"]}}],"collection":[{"href":"https:\/\/bs.xl.pt\/palco-cm\/wp-json\/wp\/v2\/pages"}],"about":[{"href":"https:\/\/bs.xl.pt\/palco-cm\/wp-json\/wp\/v2\/types\/page"}],"author":[{"embeddable":true,"href":"https:\/\/bs.xl.pt\/palco-cm\/wp-json\/wp\/v2\/users\/5"}],"replies":[{"embeddable":true,"href":"https:\/\/bs.xl.pt\/palco-cm\/wp-json\/wp\/v2\/comments?post=23"}],"version-history":[{"count":2,"href":"https:\/\/bs.xl.pt\/palco-cm\/wp-json\/wp\/v2\/pages\/23\/revisions"}],"predecessor-version":[{"id":65,"href":"https:\/\/bs.xl.pt\/palco-cm\/wp-json\/wp\/v2\/pages\/23\/revisions\/65"}],"up":[{"embeddable":true,"href":"https:\/\/bs.xl.pt\/palco-cm\/wp-json\/wp\/v2\/pages\/5"}],"wp:featuredmedia":[{"embeddable":true,"href":"https:\/\/bs.xl.pt\/palco-cm\/wp-json\/wp\/v2\/media\/26"}],"wp:attachment":[{"href":"https:\/\/bs.xl.pt\/palco-cm\/wp-json\/wp\/v2\/media?parent=23"}],"curies":[{"name":"wp","href":"https:\/\/api.w.org\/{rel}","templated":true}]}}