{"id":68,"date":"2021-11-16T19:05:10","date_gmt":"2021-11-16T19:05:10","guid":{"rendered":"http:\/\/bs.xl.pt\/palco-cm\/?page_id=68"},"modified":"2021-11-24T11:08:03","modified_gmt":"2021-11-24T11:08:03","slug":"samuel-uria","status":"publish","type":"page","link":"https:\/\/bs.xl.pt\/palco-cm\/artistas\/samuel-uria\/","title":{"rendered":"Samuel \u00daria"},"content":{"rendered":"\n<p>Meio homem, meio gospel, m\u00e3o de fado e p\u00e9s de roque enrole. Um cheirinho de <em>pop<\/em>, de <em>blues<\/em>, at\u00e9 de <em>folk<\/em>. Nascido no decote da na\u00e7\u00e3o, entre o Caramulo e a Estrela, Samuel \u00daria \u00e9 nada mais nada menos do que um dos mais interessantes cantautores do s\u00e9culo XXI, uma maravilha na m\u00fasica alternativa em portugu\u00eas. Com uma proveni\u00eancia marcada pelo <em>punk<\/em>, pelo <em>rock\u2019n\u2019roll<\/em> e pela est\u00e9tica <em>low-fi<\/em>, o m\u00fasico tem ganho notoriedade deste 2008 \u2013 olhos postos no EP Em Bruto e no \u00e1lbum Nem Lhe Tocava, objetos de consagra\u00e7\u00e3o do artista como um dos mais importantes escritores de can\u00e7\u00f5es da atualidade. Participou em colabora\u00e7\u00f5es de projetos como <em>Velhas Gl\u00f3rias<\/em>, <em>Ninivistas<\/em> ou <em>Maria Clementina<\/em> e \u00e9 a singularidade no uso da l\u00edngua materna, a riqueza mel\u00f3dica e a variedade vocal incomum que o destacam entre pares. Entre os 10 \u00e1lbuns do repert\u00f3rio em nome pr\u00f3prio, \u201coficial\u201d, est\u00e3o os dois mais recentes: o LP <em>Canc\u00f5es do P\u00f3s-Guerra<\/em>, lan\u00e7ado em 2020, e o EP desse mesmo \u00e1lbum, reeditado j\u00e1 no decorrer deste ano, em registo solit\u00e1rio. Com seis can\u00e7\u00f5es a solo, esta edi\u00e7\u00e3o especial \u00e9 o resultado de uma entrega \u00e0 solid\u00e3o. Uma s\u00f3 voz, um s\u00f3 instrumento nas m\u00e3os, mas com a perspetiva de muitos ouvidos. Neste formato, vemos a interpreta\u00e7\u00e3o \u00fanica, in\u00e9dita, de m\u00fasicas criadas para outras vozes ou compostas por pares que admira.<\/p>\n","protected":false},"excerpt":{"rendered":"<p>Meio homem, meio gospel, m\u00e3o de fado e p\u00e9s de roque enrole. Um cheirinho de pop, de blues, at\u00e9 de folk. Nascido no decote da na\u00e7\u00e3o, entre o Caramulo e a Estrela, Samuel \u00daria \u00e9 nada mais nada menos do que um dos mais interessantes cantautores do s\u00e9culo XXI, uma maravilha na m\u00fasica alternativa em [&hellip;]<\/p>\n","protected":false},"author":5,"featured_media":71,"parent":5,"menu_order":0,"comment_status":"closed","ping_status":"closed","template":"","meta":{"footnotes":""},"class_list":["post-68","page","type-page","status-publish","has-post-thumbnail","hentry"],"_links":{"self":[{"href":"https:\/\/bs.xl.pt\/palco-cm\/wp-json\/wp\/v2\/pages\/68","targetHints":{"allow":["GET"]}}],"collection":[{"href":"https:\/\/bs.xl.pt\/palco-cm\/wp-json\/wp\/v2\/pages"}],"about":[{"href":"https:\/\/bs.xl.pt\/palco-cm\/wp-json\/wp\/v2\/types\/page"}],"author":[{"embeddable":true,"href":"https:\/\/bs.xl.pt\/palco-cm\/wp-json\/wp\/v2\/users\/5"}],"replies":[{"embeddable":true,"href":"https:\/\/bs.xl.pt\/palco-cm\/wp-json\/wp\/v2\/comments?post=68"}],"version-history":[{"count":2,"href":"https:\/\/bs.xl.pt\/palco-cm\/wp-json\/wp\/v2\/pages\/68\/revisions"}],"predecessor-version":[{"id":77,"href":"https:\/\/bs.xl.pt\/palco-cm\/wp-json\/wp\/v2\/pages\/68\/revisions\/77"}],"up":[{"embeddable":true,"href":"https:\/\/bs.xl.pt\/palco-cm\/wp-json\/wp\/v2\/pages\/5"}],"wp:featuredmedia":[{"embeddable":true,"href":"https:\/\/bs.xl.pt\/palco-cm\/wp-json\/wp\/v2\/media\/71"}],"wp:attachment":[{"href":"https:\/\/bs.xl.pt\/palco-cm\/wp-json\/wp\/v2\/media?parent=68"}],"curies":[{"name":"wp","href":"https:\/\/api.w.org\/{rel}","templated":true}]}}

Samuel Úria

<p>Meio homem, meio gospel, mão de fado e pés de roque enrole. Um cheirinho de <em>pop</em>, de <em>blues</em>, até de <em>folk</em>. Nascido no decote da nação, entre o Caramulo e a Estrela, Samuel Úria é nada mais nada menos do que um dos mais interessantes cantautores do século XXI, uma maravilha na música alternativa em português. Com uma proveniência marcada pelo <em>punk</em>, pelo <em>rock’n’roll</em> e pela estética <em>low-fi</em>, o músico tem ganho notoriedade deste 2008 – olhos postos no EP Em Bruto e no álbum Nem Lhe Tocava, objetos de consagração do artista como um dos mais importantes escritores de canções da atualidade. Participou em colaborações de projetos como <em>Velhas Glórias</em>, <em>Ninivistas</em> ou <em>Maria Clementina</em> e é a singularidade no uso da língua materna, a riqueza melódica e a variedade vocal incomum que o destacam entre pares. Entre os 10 álbuns do repertório em nome próprio, “oficial”, estão os dois mais recentes: o LP <em>Cancões do Pós-Guerra</em>, lançado em 2020, e o EP desse mesmo álbum, reeditado já no decorrer deste ano, em registo solitário. Com seis canções a solo, esta edição especial é o resultado de uma entrega à solidão. Uma só voz, um só instrumento nas mãos, mas com a perspetiva de muitos ouvidos. Neste formato, vemos a interpretação única, inédita, de músicas criadas para outras vozes ou compostas por pares que admira.</p>

<p>Meio homem, meio gospel, mão de fado e pés de roque enrole. Um cheirinho de pop, de blues, até de folk. Nascido no decote da nação, entre o Caramulo e a Estrela, Samuel Úria é nada mais nada menos do que um dos mais interessantes cantautores do século XXI, uma maravilha na música alternativa em [&hellip;]</p>
