{"id":841,"date":"2022-03-30T07:15:16","date_gmt":"2022-03-30T07:15:16","guid":{"rendered":"https:\/\/bs.xl.pt\/pensar-o-futuro\/?post_type=videocasts&#038;p=841"},"modified":"2025-01-21T15:26:23","modified_gmt":"2025-01-21T15:26:23","slug":"nao-ha-alternativa-senao-aumentar-os-precos","status":"publish","type":"videocasts","link":"https:\/\/bs.xl.pt\/pensar-o-futuro\/videocasts\/nao-ha-alternativa-senao-aumentar-os-precos\/","title":{"rendered":"\u201cN\u00e3o h\u00e1 alternativa sen\u00e3o aumentar os pre\u00e7os\u201d"},"content":{"rendered":"","protected":false},"excerpt":{"rendered":"<p>A guerra na Ucr\u00e2nia est\u00e1 a provocar a desestabiliza\u00e7\u00e3o das economias. O pre\u00e7o da energia e das mat\u00e9rias-primas sente-se nas ruas atrav\u00e9s da infla\u00e7\u00e3o, mas tamb\u00e9m nas f\u00e1bricas, impossibilitadas de encontrar mat\u00e9rias-primas dispon\u00edveis ou, em alternativa, tendo de pagar valores incomport\u00e1veis. Rafael Campos Pereira \u00e9 vice-presidente da CIP e da AIMMAP, conhece a economia real e os problemas concretos. Avan\u00e7a, tamb\u00e9m, poss\u00edveis solu\u00e7\u00f5es.<\/p>\n","protected":false},"featured_media":251,"template":"","meta":[],"categories":[5],"tags":[310],"class_list":["post-841","videocasts","type-videocasts","status-publish","has-post-thumbnail","hentry","category-empresas","tag-310"],"_links":{"self":[{"href":"https:\/\/bs.xl.pt\/pensar-o-futuro\/wp-json\/wp\/v2\/videocasts\/841","targetHints":{"allow":["GET"]}}],"collection":[{"href":"https:\/\/bs.xl.pt\/pensar-o-futuro\/wp-json\/wp\/v2\/videocasts"}],"about":[{"href":"https:\/\/bs.xl.pt\/pensar-o-futuro\/wp-json\/wp\/v2\/types\/videocasts"}],"wp:featuredmedia":[{"embeddable":true,"href":"https:\/\/bs.xl.pt\/pensar-o-futuro\/wp-json\/wp\/v2\/media\/251"}],"wp:attachment":[{"href":"https:\/\/bs.xl.pt\/pensar-o-futuro\/wp-json\/wp\/v2\/media?parent=841"}],"wp:term":[{"taxonomy":"category","embeddable":true,"href":"https:\/\/bs.xl.pt\/pensar-o-futuro\/wp-json\/wp\/v2\/categories?post=841"},{"taxonomy":"post_tag","embeddable":true,"href":"https:\/\/bs.xl.pt\/pensar-o-futuro\/wp-json\/wp\/v2\/tags?post=841"}],"curies":[{"name":"wp","href":"https:\/\/api.w.org\/{rel}","templated":true}]}}

“Não há alternativa senão aumentar os preços”

<p>A guerra na Ucrânia está a provocar a desestabilização das economias. O preço da energia e das matérias-primas sente-se nas ruas através da inflação, mas também nas fábricas, impossibilitadas de encontrar matérias-primas disponíveis ou, em alternativa, tendo de pagar valores incomportáveis. Rafael Campos Pereira é vice-presidente da CIP e da AIMMAP, conhece a economia real e os problemas concretos. Avança, também, possíveis soluções.</p>
