{"id":862,"date":"2022-07-07T11:15:16","date_gmt":"2022-07-07T11:15:16","guid":{"rendered":"https:\/\/bs.xl.pt\/pensar-o-futuro\/?post_type=videocasts&#038;p=862"},"modified":"2025-01-21T15:26:22","modified_gmt":"2025-01-21T15:26:22","slug":"sera-importante-passar-a-fazer-um-uso-mais-intenso-das-mascaras-em-determinados-periodos","status":"publish","type":"videocasts","link":"https:\/\/bs.xl.pt\/pensar-o-futuro\/videocasts\/sera-importante-passar-a-fazer-um-uso-mais-intenso-das-mascaras-em-determinados-periodos\/","title":{"rendered":"\u201cSer\u00e1 importante passar a fazer um uso mais intenso das m\u00e1scaras em determinados per\u00edodos\u201d"},"content":{"rendered":"","protected":false},"excerpt":{"rendered":"<p>Bernardo Mateiro Gomes, m\u00e9dico especialista em sa\u00fade p\u00fablica e membro do grupo de aconselhamento do Governo para a gest\u00e3o da pandemia. Nesta entrevista faz um ponto da situa\u00e7\u00e3o da pandemia, avalia se a gest\u00e3o que se fez foi a adequada, e explica como podemos perspetivar o que a\u00ed vem.<\/p>\n","protected":false},"featured_media":721,"template":"","meta":[],"categories":[11],"tags":[310],"class_list":["post-862","videocasts","type-videocasts","status-publish","has-post-thumbnail","hentry","category-saude","tag-310"],"_links":{"self":[{"href":"https:\/\/bs.xl.pt\/pensar-o-futuro\/wp-json\/wp\/v2\/videocasts\/862","targetHints":{"allow":["GET"]}}],"collection":[{"href":"https:\/\/bs.xl.pt\/pensar-o-futuro\/wp-json\/wp\/v2\/videocasts"}],"about":[{"href":"https:\/\/bs.xl.pt\/pensar-o-futuro\/wp-json\/wp\/v2\/types\/videocasts"}],"wp:featuredmedia":[{"embeddable":true,"href":"https:\/\/bs.xl.pt\/pensar-o-futuro\/wp-json\/wp\/v2\/media\/721"}],"wp:attachment":[{"href":"https:\/\/bs.xl.pt\/pensar-o-futuro\/wp-json\/wp\/v2\/media?parent=862"}],"wp:term":[{"taxonomy":"category","embeddable":true,"href":"https:\/\/bs.xl.pt\/pensar-o-futuro\/wp-json\/wp\/v2\/categories?post=862"},{"taxonomy":"post_tag","embeddable":true,"href":"https:\/\/bs.xl.pt\/pensar-o-futuro\/wp-json\/wp\/v2\/tags?post=862"}],"curies":[{"name":"wp","href":"https:\/\/api.w.org\/{rel}","templated":true}]}}

“Será importante passar a fazer um uso mais intenso das máscaras em determinados períodos”

<p>Bernardo Mateiro Gomes, médico especialista em saúde pública e membro do grupo de aconselhamento do Governo para a gestão da pandemia. Nesta entrevista faz um ponto da situação da pandemia, avalia se a gestão que se fez foi a adequada, e explica como podemos perspetivar o que aí vem.</p>
