{"id":925,"date":"2022-10-10T09:21:47","date_gmt":"2022-10-10T09:21:47","guid":{"rendered":"https:\/\/bs.xl.pt\/pensar-o-futuro\/?post_type=videocasts&#038;p=925"},"modified":"2025-01-21T15:26:22","modified_gmt":"2025-01-21T15:26:22","slug":"as-familias-numerosas-sao-transversais-a-sociedade-e-a-todos-os-meios-socioeconomicos","status":"publish","type":"videocasts","link":"https:\/\/bs.xl.pt\/pensar-o-futuro\/videocasts\/as-familias-numerosas-sao-transversais-a-sociedade-e-a-todos-os-meios-socioeconomicos\/","title":{"rendered":"\u201cAs fam\u00edlias numerosas s\u00e3o transversais \u00e0 sociedade e a todos os meios socioecon\u00f3micos\u201d"},"content":{"rendered":"","protected":false},"excerpt":{"rendered":"<p>As fam\u00edlias numerosas s\u00e3o essenciais para a renova\u00e7\u00e3o geracional, mas n\u00e3o s\u00e3o consideradas como tal no IRS, nota Rita Mendes Correia. Nesta entrevista, a Presidente da Associa\u00e7\u00e3o Portuguesa de Fam\u00edlias Numerosas considera importante que as fam\u00edlias estejam mais presentes na cabe\u00e7a dos que t\u00eam de pensar no futuro do Pa\u00eds.<\/p>\n","protected":false},"featured_media":922,"template":"","meta":[],"categories":[8],"tags":[310],"class_list":["post-925","videocasts","type-videocasts","status-publish","has-post-thumbnail","hentry","category-familia","tag-310"],"_links":{"self":[{"href":"https:\/\/bs.xl.pt\/pensar-o-futuro\/wp-json\/wp\/v2\/videocasts\/925","targetHints":{"allow":["GET"]}}],"collection":[{"href":"https:\/\/bs.xl.pt\/pensar-o-futuro\/wp-json\/wp\/v2\/videocasts"}],"about":[{"href":"https:\/\/bs.xl.pt\/pensar-o-futuro\/wp-json\/wp\/v2\/types\/videocasts"}],"wp:featuredmedia":[{"embeddable":true,"href":"https:\/\/bs.xl.pt\/pensar-o-futuro\/wp-json\/wp\/v2\/media\/922"}],"wp:attachment":[{"href":"https:\/\/bs.xl.pt\/pensar-o-futuro\/wp-json\/wp\/v2\/media?parent=925"}],"wp:term":[{"taxonomy":"category","embeddable":true,"href":"https:\/\/bs.xl.pt\/pensar-o-futuro\/wp-json\/wp\/v2\/categories?post=925"},{"taxonomy":"post_tag","embeddable":true,"href":"https:\/\/bs.xl.pt\/pensar-o-futuro\/wp-json\/wp\/v2\/tags?post=925"}],"curies":[{"name":"wp","href":"https:\/\/api.w.org\/{rel}","templated":true}]}}

“As famílias numerosas são transversais à sociedade e a todos os meios socioeconómicos”

<p>As famílias numerosas são essenciais para a renovação geracional, mas não são consideradas como tal no IRS, nota Rita Mendes Correia. Nesta entrevista, a Presidente da Associação Portuguesa de Famílias Numerosas considera importante que as famílias estejam mais presentes na cabeça dos que têm de pensar no futuro do País.</p>
