{"id":145,"date":"2023-03-22T20:00:44","date_gmt":"2023-03-22T20:00:44","guid":{"rendered":"https:\/\/bs.xl.pt\/pme-lider\/?post_type=seminars&#038;p=145"},"modified":"2023-05-30T09:43:41","modified_gmt":"2023-05-30T08:43:41","slug":"as-pme-lider-como-motor-da-economia","status":"publish","type":"seminars","link":"https:\/\/bs.xl.pt\/pme-lider\/seminars\/as-pme-lider-como-motor-da-economia\/","title":{"rendered":"As PME L\u00edder como motor da economia"},"content":{"rendered":"\n<div class=\"wp-block-group\"><div class=\"wp-block-group__inner-container is-layout-constrained wp-block-group-is-layout-constrained\">\n<p>As PME L\u00edder s\u00e3o um dos motores da economia, porque investem, inovam, criam emprego e criam riqueza: s\u00e3o fundamentais para o crescimento da produtividade e da competitividade nacional.<\/p>\n\n\n\n<p>A din\u00e2mica dos mercados obriga as empresas a uma constante reflex\u00e3o e adapta\u00e7\u00e3o estrat\u00e9gica dos seus modelos de neg\u00f3cio.<\/p>\n\n\n\n<p>Nesse sentido, o <strong>novobanco <\/strong>e o <strong>Jornal de Neg\u00f3cios<\/strong> promovem uma confer\u00eancia onde v\u00e1rios oradores interdisciplinares, decisores de pol\u00edtica empresarial e empres\u00e1rios debater\u00e3o sobre os caminhos de crescimento sustent\u00e1vel para o tecido empresarial.<\/p>\n\n\n\n<p>A Confer\u00eancia PME L\u00edder novobanco ter\u00e1 lugar no dia 11 de Abril \u00e0s 15h00, no Convento de S. Francisco, em Coimbra.<\/p>\n<\/div><\/div>\n\n\n\n<div class=\"wp-block-group\"><div class=\"wp-block-group__inner-container is-layout-constrained wp-block-group-is-layout-constrained\">\n<h4 class=\"wp-block-heading\">14h30 \u2013 Rece\u00e7\u00e3o de Convidados<\/h4>\n\n\n\n<h4 class=\"wp-block-heading\">15h00 \u2013 Abertura<\/h4>\n\n\n\n<h4 class=\"wp-block-heading\">15h05 &#8211; Boas Vindas<\/h4>\n\n\n\n<p><strong>Diana Ramos<\/strong> &#8211; Diretora, Jornal de Neg\u00f3cios<br><strong>Lu\u00eds Ribeiro<\/strong> &#8211; Administrador, novobanco<\/p>\n\n\n\n<h4 class=\"wp-block-heading\">15h15 &#8211; Keynote Speaker<\/h4>\n\n\n\n<p><strong>Paulo Portas<\/strong>, Vice-Presidente, C\u00e2mara de Com\u00e9rcio e Ind\u00fastria Portuguesa<\/p>\n\n\n\n<h4 class=\"wp-block-heading\">15h55 &#8211; 1\u00aa Mesa Redonda \u2013 A import\u00e2ncia das PME L\u00edder<\/h4>\n\n\n\n<p>Moderador: <strong>Diana Ramos<\/strong> &#8211; Diretora, Jornal de Neg\u00f3cios<\/p>\n\n\n\n<p><strong>Lu\u00eds Guerreiro<\/strong> &#8211; Presidente, IAPMEI<br><strong>Lu\u00eds Ara\u00fajo<\/strong> &#8211; Presidente, Turismo de Portugal<br><strong>Lu\u00eds Ribeiro<\/strong> &#8211; Administrador, novobanco<br><strong>Jo\u00e3o Duque<\/strong> &#8211; Economista e Professor no ISEG<\/p>\n\n\n\n<h4 class=\"wp-block-heading\">16h30 \u2013 Coffee Break<\/h4>\n\n\n\n<h4 class=\"wp-block-heading\">16h50 &#8211; 2\u00aa Mesa Redonda \u2013 Caminhos para o crescimento<\/h4>\n\n\n\n<p>Moderador: <strong>Diana Ramos<\/strong> &#8211; Diretora, Jornal de Neg\u00f3cios<\/p>\n\n\n\n<p><strong>Fernando Daniel Nunes<\/strong> &#8211; Administrador, Visabeira<br><strong>Daniel Redondo<\/strong> &#8211; CEO, Licor Beir\u00e3o<br><strong>C\u00e9lia Carmo <\/strong>&#8211; CFO, Grupo GRUPEL<br><strong>Rosinda Castanhas<\/strong> &#8211; CEO, VHumana<\/p>\n\n\n\n<h4 class=\"wp-block-heading\">&nbsp;17h35&nbsp; &#8211; Encerramento Institucional<\/h4>\n\n\n\n<p><strong>Pedro Cil\u00ednio<\/strong> &#8211; Secret\u00e1rio de Estado da Economia<\/p>\n<\/div><\/div>\n","protected":false},"excerpt":{"rendered":"<p>As PME L\u00edder s\u00e3o um dos motores da economia, porque investem, inovam, criam emprego e criam riqueza: s\u00e3o fundamentais para o crescimento da produtividade e da competitividade nacional. A din\u00e2mica dos mercados obriga as empresas a uma constante reflex\u00e3o e adapta\u00e7\u00e3o estrat\u00e9gica dos seus modelos de neg\u00f3cio. Nesse sentido, o novobanco e o Jornal de [&hellip;]<\/p>\n","protected":false},"featured_media":0,"template":"","meta":[],"categories":[7],"tags":[],"class_list":["post-145","seminars","type-seminars","status-publish","hentry","category-grande-conferencia"],"_links":{"self":[{"href":"https:\/\/bs.xl.pt\/pme-lider\/wp-json\/wp\/v2\/seminars\/145","targetHints":{"allow":["GET"]}}],"collection":[{"href":"https:\/\/bs.xl.pt\/pme-lider\/wp-json\/wp\/v2\/seminars"}],"about":[{"href":"https:\/\/bs.xl.pt\/pme-lider\/wp-json\/wp\/v2\/types\/seminars"}],"wp:attachment":[{"href":"https:\/\/bs.xl.pt\/pme-lider\/wp-json\/wp\/v2\/media?parent=145"}],"wp:term":[{"taxonomy":"category","embeddable":true,"href":"https:\/\/bs.xl.pt\/pme-lider\/wp-json\/wp\/v2\/categories?post=145"},{"taxonomy":"post_tag","embeddable":true,"href":"https:\/\/bs.xl.pt\/pme-lider\/wp-json\/wp\/v2\/tags?post=145"}],"curies":[{"name":"wp","href":"https:\/\/api.w.org\/{rel}","templated":true}]}}

As PME Líder como motor da economia

<div class="wp-block-group"><div class="wp-block-group__inner-container is-layout-constrained wp-block-group-is-layout-constrained">
<p>As PME Líder são um dos motores da economia, porque investem, inovam, criam emprego e criam riqueza: são fundamentais para o crescimento da produtividade e da competitividade nacional.</p>



<p>A dinâmica dos mercados obriga as empresas a uma constante reflexão e adaptação estratégica dos seus modelos de negócio.</p>



<p>Nesse sentido, o <strong>novobanco </strong>e o <strong>Jornal de Negócios</strong> promovem uma conferência onde vários oradores interdisciplinares, decisores de política empresarial e empresários debaterão sobre os caminhos de crescimento sustentável para o tecido empresarial.</p>



<p>A Conferência PME Líder novobanco terá lugar no dia 11 de Abril às 15h00, no Convento de S. Francisco, em Coimbra.</p>
</div></div>



<div class="wp-block-group"><div class="wp-block-group__inner-container is-layout-constrained wp-block-group-is-layout-constrained">
<h4 class="wp-block-heading">14h30 – Receção de Convidados</h4>



<h4 class="wp-block-heading">15h00 – Abertura</h4>



<h4 class="wp-block-heading">15h05 &#8211; Boas Vindas</h4>



<p><strong>Diana Ramos</strong> &#8211; Diretora, Jornal de Negócios<br><strong>Luís Ribeiro</strong> &#8211; Administrador, novobanco</p>



<h4 class="wp-block-heading">15h15 &#8211; Keynote Speaker</h4>



<p><strong>Paulo Portas</strong>, Vice-Presidente, Câmara de Comércio e Indústria Portuguesa</p>



<h4 class="wp-block-heading">15h55 &#8211; 1ª Mesa Redonda – A importância das PME Líder</h4>



<p>Moderador: <strong>Diana Ramos</strong> &#8211; Diretora, Jornal de Negócios</p>



<p><strong>Luís Guerreiro</strong> &#8211; Presidente, IAPMEI<br><strong>Luís Araújo</strong> &#8211; Presidente, Turismo de Portugal<br><strong>Luís Ribeiro</strong> &#8211; Administrador, novobanco<br><strong>João Duque</strong> &#8211; Economista e Professor no ISEG</p>



<h4 class="wp-block-heading">16h30 – Coffee Break</h4>



<h4 class="wp-block-heading">16h50 &#8211; 2ª Mesa Redonda – Caminhos para o crescimento</h4>



<p>Moderador: <strong>Diana Ramos</strong> &#8211; Diretora, Jornal de Negócios</p>



<p><strong>Fernando Daniel Nunes</strong> &#8211; Administrador, Visabeira<br><strong>Daniel Redondo</strong> &#8211; CEO, Licor Beirão<br><strong>Célia Carmo </strong>&#8211; CFO, Grupo GRUPEL<br><strong>Rosinda Castanhas</strong> &#8211; CEO, VHumana</p>



<h4 class="wp-block-heading">&nbsp;17h35&nbsp; &#8211; Encerramento Institucional</h4>



<p><strong>Pedro Cilínio</strong> &#8211; Secretário de Estado da Economia</p>
</div></div>

<p>As PME Líder são um dos motores da economia, porque investem, inovam, criam emprego e criam riqueza: são fundamentais para o crescimento da produtividade e da competitividade nacional. A dinâmica dos mercados obriga as empresas a uma constante reflexão e adaptação estratégica dos seus modelos de negócio. Nesse sentido, o novobanco e o Jornal de [&hellip;]</p>
