{"id":1174,"date":"2025-03-05T11:24:49","date_gmt":"2025-03-05T11:24:49","guid":{"rendered":"https:\/\/bs.xl.pt\/portugal-health-summit\/?post_type=attendants&#038;p=1174"},"modified":"2025-03-05T11:24:51","modified_gmt":"2025-03-05T11:24:51","slug":"carlos-cortes","status":"publish","type":"attendants","link":"https:\/\/bs.xl.pt\/portugal-health-summit\/attendants\/carlos-cortes\/","title":{"rendered":"Carlos Cortes"},"content":{"rendered":"\n<p>Carlos Cortes \u00e9 o atual Baston\u00e1rio da Ordem dos M\u00e9dicos. Formado em Medicina pela Faculdade de Medicina da Universidade de Coimbra, tem especializa\u00e7\u00e3o em Patologia Cl\u00ednica e subespecialidade em Microbiologia M\u00e9dica e uma p\u00f3s-gradua\u00e7\u00e3o em gest\u00e3o e dire\u00e7\u00e3o em Sa\u00fade e de \u00c9tica em Sa\u00fade.<\/p>\n\n\n\n<p>Com vasta atividade profissional no Servi\u00e7o Nacional de Sa\u00fade, \u00e9 Diretor do Servi\u00e7o de Patologia Cl\u00ednica do Centro Hospitalar do M\u00e9dio Tejo, EPE, desde 2011 e M\u00e9dico Assistente Graduado S\u00e9nior de Patologia Cl\u00ednica. Foi presidente do Conselho Nacional de P\u00f3s-Gradua\u00e7\u00e3o da Ordem dos M\u00e9dicos, presidente da sec\u00e7\u00e3o regional do Centro da Ordem dos M\u00e9dicos e \u00e9 membro do Conselho Cient\u00edfico da revista cient\u00edfica da Ordem dos M\u00e9dicos, a Ata M\u00e9dica Portuguesa.<\/p>\n","protected":false},"featured_media":1177,"template":"","meta":[],"categories":[13],"tags":[],"attendant_categories":[],"class_list":["post-1174","attendants","type-attendants","status-publish","has-post-thumbnail","hentry","category-grande-conferencia"],"_links":{"self":[{"href":"https:\/\/bs.xl.pt\/portugal-health-summit\/wp-json\/wp\/v2\/attendants\/1174","targetHints":{"allow":["GET"]}}],"collection":[{"href":"https:\/\/bs.xl.pt\/portugal-health-summit\/wp-json\/wp\/v2\/attendants"}],"about":[{"href":"https:\/\/bs.xl.pt\/portugal-health-summit\/wp-json\/wp\/v2\/types\/attendants"}],"wp:featuredmedia":[{"embeddable":true,"href":"https:\/\/bs.xl.pt\/portugal-health-summit\/wp-json\/wp\/v2\/media\/1177"}],"wp:attachment":[{"href":"https:\/\/bs.xl.pt\/portugal-health-summit\/wp-json\/wp\/v2\/media?parent=1174"}],"wp:term":[{"taxonomy":"category","embeddable":true,"href":"https:\/\/bs.xl.pt\/portugal-health-summit\/wp-json\/wp\/v2\/categories?post=1174"},{"taxonomy":"post_tag","embeddable":true,"href":"https:\/\/bs.xl.pt\/portugal-health-summit\/wp-json\/wp\/v2\/tags?post=1174"},{"taxonomy":"attendant_categories","embeddable":true,"href":"https:\/\/bs.xl.pt\/portugal-health-summit\/wp-json\/wp\/v2\/attendant_categories?post=1174"}],"curies":[{"name":"wp","href":"https:\/\/api.w.org\/{rel}","templated":true}]}}

<p>Carlos Cortes é o atual Bastonário da Ordem dos Médicos. Formado em Medicina pela Faculdade de Medicina da Universidade de Coimbra, tem especialização em Patologia Clínica e subespecialidade em Microbiologia Médica e uma pós-graduação em gestão e direção em Saúde e de Ética em Saúde.</p>



<p>Com vasta atividade profissional no Serviço Nacional de Saúde, é Diretor do Serviço de Patologia Clínica do Centro Hospitalar do Médio Tejo, EPE, desde 2011 e Médico Assistente Graduado Sénior de Patologia Clínica. Foi presidente do Conselho Nacional de Pós-Graduação da Ordem dos Médicos, presidente da secção regional do Centro da Ordem dos Médicos e é membro do Conselho Científico da revista científica da Ordem dos Médicos, a Ata Médica Portuguesa.</p>
