{"id":2272,"date":"2024-08-26T09:44:29","date_gmt":"2024-08-26T08:44:29","guid":{"rendered":"https:\/\/bs.xl.pt\/portugal-inspirador\/?post_type=attendants&#038;p=2272"},"modified":"2024-08-26T09:44:30","modified_gmt":"2024-08-26T08:44:30","slug":"rafael-sanchez-gavilan","status":"publish","type":"attendants","link":"https:\/\/bs.xl.pt\/portugal-inspirador\/attendants\/rafael-sanchez-gavilan\/","title":{"rendered":"Rafael S\u00e1nchez Gavil\u00e1n"},"content":{"rendered":"\n<p>2018 &#8211; o momento \u00b7 6 anos 8 meses &#8211; De 2018 at\u00e9 o momento \u00b7 \u00c9vora, Portugal<\/p>\n\n\n\n<p>Engenheiro Agr\u00f3nomo com atividade no ramo agr\u00edcola desde o ano 2000. \u00a0Atividade Consultoria e explora\u00e7\u00e3o de herdades agr\u00edcolas de amendoal, olival e citrinos.<\/p>\n\n\n\n<p>Na atualidade presta consultoria em mais de 2.000 hectares em diferentes herdades entre Espanha e Portugal, tais como:<\/p>\n\n\n\n<p>&#8211; Manueledmundo, \u00c9vora, Portugal: 600 hectares de am\u00eandoas de casca mole em sistema intensivo.<br>&#8211; Processadora Agromaned, \u00c9vora, Portugal: Gest\u00e3o de projeto de implementa\u00e7\u00e3o da f\u00e1brica de descasque de am\u00eandoas de casca mole.<br>&#8211; Funda\u00e7\u00e3o Eug\u00e9nio de Almeida, \u00c9vora, Portugal: 150 hectares de amendoal em superintensivo; 300 hectares de olival intensivo e 160 hectares de olival em superintensivo.<br>&#8211; Edma World, Hornachuelos, C\u00f3rdoba, Espanha: 200 hectares de am\u00eandoas e citrinos.<br>&#8211; Grupo Ortig\u00e3o Costa, Herdade da Branca, Veiros, Portugal: 170 hectares de amendoal em sistema intensivo.<br>&#8211; Treemond, grupo produtor de am\u00eandoas e pistachos em Portugal e Espanha.<br>&#8211; Grupo Jos\u00e9 Pedro Barreira, Avis, Portugal: 120 hectares de amendoal em sistema intensivo.<\/p>\n","protected":false},"featured_media":2269,"template":"","meta":[],"categories":[29],"tags":[47],"attendant_categories":[],"class_list":["post-2272","attendants","type-attendants","status-publish","has-post-thumbnail","hentry","category-agricultura","tag-2a-edicao"],"_links":{"self":[{"href":"https:\/\/bs.xl.pt\/portugal-inspirador\/wp-json\/wp\/v2\/attendants\/2272","targetHints":{"allow":["GET"]}}],"collection":[{"href":"https:\/\/bs.xl.pt\/portugal-inspirador\/wp-json\/wp\/v2\/attendants"}],"about":[{"href":"https:\/\/bs.xl.pt\/portugal-inspirador\/wp-json\/wp\/v2\/types\/attendants"}],"wp:featuredmedia":[{"embeddable":true,"href":"https:\/\/bs.xl.pt\/portugal-inspirador\/wp-json\/wp\/v2\/media\/2269"}],"wp:attachment":[{"href":"https:\/\/bs.xl.pt\/portugal-inspirador\/wp-json\/wp\/v2\/media?parent=2272"}],"wp:term":[{"taxonomy":"category","embeddable":true,"href":"https:\/\/bs.xl.pt\/portugal-inspirador\/wp-json\/wp\/v2\/categories?post=2272"},{"taxonomy":"post_tag","embeddable":true,"href":"https:\/\/bs.xl.pt\/portugal-inspirador\/wp-json\/wp\/v2\/tags?post=2272"},{"taxonomy":"attendant_categories","embeddable":true,"href":"https:\/\/bs.xl.pt\/portugal-inspirador\/wp-json\/wp\/v2\/attendant_categories?post=2272"}],"curies":[{"name":"wp","href":"https:\/\/api.w.org\/{rel}","templated":true}]}}

Rafael Sánchez Gavilán

<p>2018 &#8211; o momento · 6 anos 8 meses &#8211; De 2018 até o momento · Évora, Portugal</p>



<p>Engenheiro Agrónomo com atividade no ramo agrícola desde o ano 2000.  Atividade Consultoria e exploração de herdades agrícolas de amendoal, olival e citrinos.</p>



<p>Na atualidade presta consultoria em mais de 2.000 hectares em diferentes herdades entre Espanha e Portugal, tais como:</p>



<p>&#8211; Manueledmundo, Évora, Portugal: 600 hectares de amêndoas de casca mole em sistema intensivo.<br>&#8211; Processadora Agromaned, Évora, Portugal: Gestão de projeto de implementação da fábrica de descasque de amêndoas de casca mole.<br>&#8211; Fundação Eugénio de Almeida, Évora, Portugal: 150 hectares de amendoal em superintensivo; 300 hectares de olival intensivo e 160 hectares de olival em superintensivo.<br>&#8211; Edma World, Hornachuelos, Córdoba, Espanha: 200 hectares de amêndoas e citrinos.<br>&#8211; Grupo Ortigão Costa, Herdade da Branca, Veiros, Portugal: 170 hectares de amendoal em sistema intensivo.<br>&#8211; Treemond, grupo produtor de amêndoas e pistachos em Portugal e Espanha.<br>&#8211; Grupo José Pedro Barreira, Avis, Portugal: 120 hectares de amendoal em sistema intensivo.</p>
