{"id":2302,"date":"2024-09-03T16:02:58","date_gmt":"2024-09-03T15:02:58","guid":{"rendered":"https:\/\/bs.xl.pt\/portugal-inspirador\/?post_type=attendants&#038;p=2302"},"modified":"2024-09-05T09:36:20","modified_gmt":"2024-09-05T08:36:20","slug":"luis-lima-gomes","status":"publish","type":"attendants","link":"https:\/\/bs.xl.pt\/portugal-inspirador\/attendants\/luis-lima-gomes\/","title":{"rendered":"Lu\u00eds Lima Gomes"},"content":{"rendered":"\n<p>Forma\u00e7\u00e3o acad\u00e9mica: P\u00f3s-gradua\u00e7\u00e3o em Gest\u00e3o de Marketing pela Porto Business School, P\u00f3s-gradua\u00e7\u00e3o em Lideran\u00e7a e Pessoas pela Cat\u00f3lica Lisbon School of Business and Economics, e Licenciatura em Gest\u00e3o pela Universidade Fernando Pessoa. <\/p>\n\n\n\n<p>Experi\u00eancia: Executivo s\u00e9nior com mais de 25 anos de experi\u00eancia no sector da banca comercial, dos quais se destaca a sua passagem como Diretor Comercial na Regi\u00e3o Norte, onde desempenhou um papel fundamental na fus\u00e3o do BANIF e do Popular. Em 2019 assumiu a fun\u00e7\u00e3o de Diretor Regional de Retalho da Regi\u00e3o Norte e ocupa, desde 2023, o cargo de Diretor Regional de Retalho da Regi\u00e3o Sul, incluindo as ilhas dos A\u00e7ores e da Madeira. Antes de ingressar no Santander, o seu percurso profissional teve in\u00edcio no Banco Totta &amp; A\u00e7ores e no BBVA, enriquecendo a sua experi\u00eancia com diversas experi\u00eancias culturais e operacionais.<\/p>\n","protected":false},"featured_media":2305,"template":"","meta":[],"categories":[29],"tags":[47],"attendant_categories":[],"class_list":["post-2302","attendants","type-attendants","status-publish","has-post-thumbnail","hentry","category-agricultura","tag-2a-edicao"],"_links":{"self":[{"href":"https:\/\/bs.xl.pt\/portugal-inspirador\/wp-json\/wp\/v2\/attendants\/2302","targetHints":{"allow":["GET"]}}],"collection":[{"href":"https:\/\/bs.xl.pt\/portugal-inspirador\/wp-json\/wp\/v2\/attendants"}],"about":[{"href":"https:\/\/bs.xl.pt\/portugal-inspirador\/wp-json\/wp\/v2\/types\/attendants"}],"wp:featuredmedia":[{"embeddable":true,"href":"https:\/\/bs.xl.pt\/portugal-inspirador\/wp-json\/wp\/v2\/media\/2305"}],"wp:attachment":[{"href":"https:\/\/bs.xl.pt\/portugal-inspirador\/wp-json\/wp\/v2\/media?parent=2302"}],"wp:term":[{"taxonomy":"category","embeddable":true,"href":"https:\/\/bs.xl.pt\/portugal-inspirador\/wp-json\/wp\/v2\/categories?post=2302"},{"taxonomy":"post_tag","embeddable":true,"href":"https:\/\/bs.xl.pt\/portugal-inspirador\/wp-json\/wp\/v2\/tags?post=2302"},{"taxonomy":"attendant_categories","embeddable":true,"href":"https:\/\/bs.xl.pt\/portugal-inspirador\/wp-json\/wp\/v2\/attendant_categories?post=2302"}],"curies":[{"name":"wp","href":"https:\/\/api.w.org\/{rel}","templated":true}]}}

Luís Lima Gomes

<p>Formação académica: Pós-graduação em Gestão de Marketing pela Porto Business School, Pós-graduação em Liderança e Pessoas pela Católica Lisbon School of Business and Economics, e Licenciatura em Gestão pela Universidade Fernando Pessoa. </p>



<p>Experiência: Executivo sénior com mais de 25 anos de experiência no sector da banca comercial, dos quais se destaca a sua passagem como Diretor Comercial na Região Norte, onde desempenhou um papel fundamental na fusão do BANIF e do Popular. Em 2019 assumiu a função de Diretor Regional de Retalho da Região Norte e ocupa, desde 2023, o cargo de Diretor Regional de Retalho da Região Sul, incluindo as ilhas dos Açores e da Madeira. Antes de ingressar no Santander, o seu percurso profissional teve início no Banco Totta &amp; Açores e no BBVA, enriquecendo a sua experiência com diversas experiências culturais e operacionais.</p>
